{"id":15763,"date":"2016-03-02T09:45:06","date_gmt":"2016-03-02T08:45:06","guid":{"rendered":"http:\/\/www.freimarianne.ch\/?page_id=15763"},"modified":"2016-03-07T08:26:27","modified_gmt":"2016-03-07T07:26:27","slug":"zeneggen-burchen-vs-1-3-2016","status":"publish","type":"page","link":"http:\/\/www.freimarianne.ch\/?page_id=15763","title":{"rendered":"Zeneggen &#8211; B\u00fcrchen  VS 1.3.2016"},"content":{"rendered":"<p><strong>Schneeschuhtour von Zeneggen nach B\u00fcrchen<\/strong><\/p>\n<p><img loading=\"lazy\" class=\"size-full wp-image-15762\" src=\"http:\/\/www.freimarianne.ch\/wp-content\/uploads\/2016\/03\/IMG_5683._bu\u0308rch_500.jpg\" alt=\"Ob. Hellela 1607m\" width=\"500\" height=\"375\" srcset=\"http:\/\/www.freimarianne.ch\/wp-content\/uploads\/2016\/03\/IMG_5683._bu\u0308rch_500.jpg 500w, http:\/\/www.freimarianne.ch\/wp-content\/uploads\/2016\/03\/IMG_5683._bu\u0308rch_500-300x225.jpg 300w, http:\/\/www.freimarianne.ch\/wp-content\/uploads\/2016\/03\/IMG_5683._bu\u0308rch_500-400x300.jpg 400w\" sizes=\"(max-width: 500px) 100vw, 500px\" \/><br \/>\nWegen Nebel und zuviel Schnee und mangels  Ausschilderung kann ich die geplante Schneeschuhroute von Zeneggen zum Stand nicht machen. Ich muss von der Lichtung Diepja wieder umkehren ( sie w\u00e4re  auch zu lange gewesen im tiefen Schnee)<\/p>\n<p>Also bleibt nichts anderes \u00fcbrig als gegen B\u00fcrchen zu wandern. So beginne ich die neue Wanderung  im Unner dem Biel, wo sich der Weg nach Diepja und eben nach B\u00fcrchen verzweigt.<br \/>\nDer Weg f\u00fchrt lange durch den Wald bis ich zur Lichtung  d\u2019wiltu Matte 1470m komme.<br \/>\nAllm\u00e4hlich wird das Wetter besser und die Sonne scheint durch die Wolkenschwaden.<br \/>\nWeiter geht es sanft hinauf und bald gehe ich auf der Strasse bis zum Wegweiser Unt. Hellela, bezeichnet mit H\u00f6henweg. Ich nehme den Weg zur Oberen Hellela, einer wundersch\u00f6n gelegenen Lichtung  auf 1600m H\u00f6he. Zuerst folge ich der Strasse und komme bis zur Postautohaltestelle (Sommer).  Ich folge eine Weile der Strasse  gegen Norden und kann dann  rechts   auf einer breitgewalzten Piste  zum Gebiet der ob. Hellela zur\u00fcckkehren, wo ich vor einem Stadel einen sch\u00f6nen Rastplatz finde. Hier  kann ich  mich das erste Mal etwas ausruhen  und die Sch\u00f6nheit der  frischverschneiten Gegend geniessen. Inzwischen ist der Himmel blau geworden und es ist wundersch\u00f6n, hier zu weilen.<br \/>\nHinter der H\u00fctte finde ich dann den Panoramaweg, dem ich  folge.So gelange ich hinunter \u00fcber die Pisten zur Hauptstrasse.  Ich gehe bis zur Postautohaltestelle Ronalp, wo ich im gleichnamigen Restaurant auf der Terrasse den Sonnenschein geniesse bis zur Abfahrt des Postautos um 15.12 h.<br \/>\n1. Route:  Zeneggen &#8211; Diepja  im tiefen Schnee hin und zur\u00fcck: 2.6km; +\/- 276m<br \/>\n2. Route : Zeneggen &#8211; Ob. Hellela &#8211; B\u00fcrchen:<br \/>\nDistanz: 6.22km; Aufstieg: 250m; Abstieg: 129m; Marschzeit: 1 h 42 h (Sommer)<br \/>\nTotal:<br \/>\nAufstieg: 526m; Abstieg: 205m<br \/>\nIch war von 9.35 h bis  14.15 h unterwegs mit langer Pause auf Ob.Hellela.<\/p>\n<p><!-- index.php -->\n<div\n\tclass=\"ngg-galleryoverview ngg-ajax-pagination-none\"\n\tid=\"ngg-gallery-15796-1\">\n\n    \t<div class=\"slideshowlink\">\n        <a href='http:\/\/www.freimarianne.ch\/index.php\/nggallery\/slideshow?page_id=15763'>[Show as slideshow]<\/a>\n\t\t\n\t<\/div>\n\t\t\t<!-- Thumbnails -->\n\t\t\t\t<div id=\"ngg-image-0\" class=\"ngg-gallery-thumbnail-box\" >\n\t\t\t\t        <div class=\"ngg-gallery-thumbnail\">\n            <a href=\"http:\/\/www.freimarianne.ch\/wp-content\/gallery\/zeneggen-1-3-2016\/IMG_5672.jpg\"\n               title=\"die Lichtung gegen Hellela\"\n               data-src=\"http:\/\/www.freimarianne.ch\/wp-content\/gallery\/zeneggen-1-3-2016\/IMG_5672.jpg\"\n               data-thumbnail=\"http:\/\/www.freimarianne.ch\/wp-content\/gallery\/zeneggen-1-3-2016\/thumbs\/thumbs_IMG_5672.jpg\"\n               data-image-id=\"12544\"\n               data-title=\"die Lichtung gegen Hellela\"\n               data-description=\"die Lichtung gegen Hellela\"\n               data-image-slug=\"img_5672-1\"\n               class=\"shutterset_15796\">\n                <img\n                    title=\"die Lichtung gegen Hellela\"\n                    alt=\"die Lichtung gegen Hellela\"\n                    src=\"http:\/\/www.freimarianne.ch\/wp-content\/gallery\/zeneggen-1-3-2016\/thumbs\/thumbs_IMG_5672.jpg\"\n                    width=\"100\"\n                    height=\"75\"\n                    style=\"max-width:100%;\"\n                \/>\n            <\/a>\n        <\/div>\n\t\t\t\t\t\t\t<\/div> \n\t\t\t\n        \n\t\t\t\t<div id=\"ngg-image-1\" class=\"ngg-gallery-thumbnail-box\" >\n\t\t\t\t        <div class=\"ngg-gallery-thumbnail\">\n            <a href=\"http:\/\/www.freimarianne.ch\/wp-content\/gallery\/zeneggen-1-3-2016\/IMG_5678.jpg\"\n               title=\"Ob. Hellela 1607m\"\n               data-src=\"http:\/\/www.freimarianne.ch\/wp-content\/gallery\/zeneggen-1-3-2016\/IMG_5678.jpg\"\n               data-thumbnail=\"http:\/\/www.freimarianne.ch\/wp-content\/gallery\/zeneggen-1-3-2016\/thumbs\/thumbs_IMG_5678.jpg\"\n               data-image-id=\"12545\"\n               data-title=\"Ob. Hellela 1607m\"\n               data-description=\"Ob. Hellela 1607m\"\n               data-image-slug=\"img_5678-1\"\n               class=\"shutterset_15796\">\n                <img\n                    title=\"Ob. Hellela 1607m\"\n                    alt=\"Ob. Hellela 1607m\"\n                    src=\"http:\/\/www.freimarianne.ch\/wp-content\/gallery\/zeneggen-1-3-2016\/thumbs\/thumbs_IMG_5678.jpg\"\n                    width=\"100\"\n                    height=\"75\"\n                    style=\"max-width:100%;\"\n                \/>\n            <\/a>\n        <\/div>\n\t\t\t\t\t\t\t<\/div> \n\t\t\t\n        \n\t\t\t\t<div id=\"ngg-image-2\" class=\"ngg-gallery-thumbnail-box\" >\n\t\t\t\t        <div class=\"ngg-gallery-thumbnail\">\n            <a href=\"http:\/\/www.freimarianne.ch\/wp-content\/gallery\/zeneggen-1-3-2016\/IMG_5684.jpg\"\n               title=\"Ob. Hellela 1607m\"\n               data-src=\"http:\/\/www.freimarianne.ch\/wp-content\/gallery\/zeneggen-1-3-2016\/IMG_5684.jpg\"\n               data-thumbnail=\"http:\/\/www.freimarianne.ch\/wp-content\/gallery\/zeneggen-1-3-2016\/thumbs\/thumbs_IMG_5684.jpg\"\n               data-image-id=\"12546\"\n               data-title=\"Ob. Hellela 1607m\"\n               data-description=\"Ob. Hellela 1607m\"\n               data-image-slug=\"img_5684-1\"\n               class=\"shutterset_15796\">\n                <img\n                    title=\"Ob. Hellela 1607m\"\n                    alt=\"Ob. Hellela 1607m\"\n                    src=\"http:\/\/www.freimarianne.ch\/wp-content\/gallery\/zeneggen-1-3-2016\/thumbs\/thumbs_IMG_5684.jpg\"\n                    width=\"100\"\n                    height=\"75\"\n                    style=\"max-width:100%;\"\n                \/>\n            <\/a>\n        <\/div>\n\t\t\t\t\t\t\t<\/div> \n\t\t\t\n        \n\t\t\t\t<div id=\"ngg-image-3\" class=\"ngg-gallery-thumbnail-box\" >\n\t\t\t\t        <div class=\"ngg-gallery-thumbnail\">\n            <a href=\"http:\/\/www.freimarianne.ch\/wp-content\/gallery\/zeneggen-1-3-2016\/IMG_5689.jpg\"\n               title=\"Ob. Hellela 1607m; mein Rastplatz\"\n               data-src=\"http:\/\/www.freimarianne.ch\/wp-content\/gallery\/zeneggen-1-3-2016\/IMG_5689.jpg\"\n               data-thumbnail=\"http:\/\/www.freimarianne.ch\/wp-content\/gallery\/zeneggen-1-3-2016\/thumbs\/thumbs_IMG_5689.jpg\"\n               data-image-id=\"12547\"\n               data-title=\"Ob. Hellela 1607m; mien Rastplatz\"\n               data-description=\"Ob. Hellela 1607m; mein Rastplatz\"\n               data-image-slug=\"img_5689-1\"\n               class=\"shutterset_15796\">\n                <img\n                    title=\"Ob. Hellela 1607m; mien Rastplatz\"\n                    alt=\"Ob. Hellela 1607m; mien Rastplatz\"\n                    src=\"http:\/\/www.freimarianne.ch\/wp-content\/gallery\/zeneggen-1-3-2016\/thumbs\/thumbs_IMG_5689.jpg\"\n                    width=\"100\"\n                    height=\"75\"\n                    style=\"max-width:100%;\"\n                \/>\n            <\/a>\n        <\/div>\n\t\t\t\t\t\t\t<\/div> \n\t\t\t\n        \n\t\t\t\t<div id=\"ngg-image-4\" class=\"ngg-gallery-thumbnail-box\" >\n\t\t\t\t        <div class=\"ngg-gallery-thumbnail\">\n            <a href=\"http:\/\/www.freimarianne.ch\/wp-content\/gallery\/zeneggen-1-3-2016\/IMG_5690.jpg\"\n               title=\"Walliser Stadel\"\n               data-src=\"http:\/\/www.freimarianne.ch\/wp-content\/gallery\/zeneggen-1-3-2016\/IMG_5690.jpg\"\n               data-thumbnail=\"http:\/\/www.freimarianne.ch\/wp-content\/gallery\/zeneggen-1-3-2016\/thumbs\/thumbs_IMG_5690.jpg\"\n               data-image-id=\"12548\"\n               data-title=\"Walliser Stadel\"\n               data-description=\"Walliser Stadel\"\n               data-image-slug=\"img_5690-1\"\n               class=\"shutterset_15796\">\n                <img\n                    title=\"Walliser Stadel\"\n                    alt=\"Walliser Stadel\"\n                    src=\"http:\/\/www.freimarianne.ch\/wp-content\/gallery\/zeneggen-1-3-2016\/thumbs\/thumbs_IMG_5690.jpg\"\n                    width=\"100\"\n                    height=\"75\"\n                    style=\"max-width:100%;\"\n                \/>\n            <\/a>\n        <\/div>\n\t\t\t\t\t\t\t<\/div> \n\t\t\t\n        \n\t\t\t\t<div id=\"ngg-image-5\" class=\"ngg-gallery-thumbnail-box\" >\n\t\t\t\t        <div class=\"ngg-gallery-thumbnail\">\n            <a href=\"http:\/\/www.freimarianne.ch\/wp-content\/gallery\/zeneggen-1-3-2016\/IMG_5691.jpg\"\n               title=\"Ob. Hellela 1607m mit Augstbordhorn\"\n               data-src=\"http:\/\/www.freimarianne.ch\/wp-content\/gallery\/zeneggen-1-3-2016\/IMG_5691.jpg\"\n               data-thumbnail=\"http:\/\/www.freimarianne.ch\/wp-content\/gallery\/zeneggen-1-3-2016\/thumbs\/thumbs_IMG_5691.jpg\"\n               data-image-id=\"12549\"\n               data-title=\"Ob. Hellela 1607m mit Augstbordhorn\"\n               data-description=\"Ob. Hellela 1607m mit Augstbordhorn\"\n               data-image-slug=\"img_5691-2\"\n               class=\"shutterset_15796\">\n                <img\n                    title=\"Ob. Hellela 1607m mit Augstbordhorn\"\n                    alt=\"Ob. Hellela 1607m mit Augstbordhorn\"\n                    src=\"http:\/\/www.freimarianne.ch\/wp-content\/gallery\/zeneggen-1-3-2016\/thumbs\/thumbs_IMG_5691.jpg\"\n                    width=\"100\"\n                    height=\"75\"\n                    style=\"max-width:100%;\"\n                \/>\n            <\/a>\n        <\/div>\n\t\t\t\t\t\t\t<\/div> \n\t\t\t\n        \n\t\t\t\t<div id=\"ngg-image-6\" class=\"ngg-gallery-thumbnail-box\" >\n\t\t\t\t        <div class=\"ngg-gallery-thumbnail\">\n            <a href=\"http:\/\/www.freimarianne.ch\/wp-content\/gallery\/zeneggen-1-3-2016\/IMG_5692.jpg\"\n               title=\"Ob. Hellela 1607m\"\n               data-src=\"http:\/\/www.freimarianne.ch\/wp-content\/gallery\/zeneggen-1-3-2016\/IMG_5692.jpg\"\n               data-thumbnail=\"http:\/\/www.freimarianne.ch\/wp-content\/gallery\/zeneggen-1-3-2016\/thumbs\/thumbs_IMG_5692.jpg\"\n               data-image-id=\"12550\"\n               data-title=\"Ob. Hellela 1607m\"\n               data-description=\"Ob. Hellela 1607m\"\n               data-image-slug=\"img_5692-1\"\n               class=\"shutterset_15796\">\n                <img\n                    title=\"Ob. Hellela 1607m\"\n                    alt=\"Ob. Hellela 1607m\"\n                    src=\"http:\/\/www.freimarianne.ch\/wp-content\/gallery\/zeneggen-1-3-2016\/thumbs\/thumbs_IMG_5692.jpg\"\n                    width=\"100\"\n                    height=\"75\"\n                    style=\"max-width:100%;\"\n                \/>\n            <\/a>\n        <\/div>\n\t\t\t\t\t\t\t<\/div> \n\t\t\t\n        \n\t\t\t\t<div id=\"ngg-image-7\" class=\"ngg-gallery-thumbnail-box\" >\n\t\t\t\t        <div class=\"ngg-gallery-thumbnail\">\n            <a href=\"http:\/\/www.freimarianne.ch\/wp-content\/gallery\/zeneggen-1-3-2016\/IMG_5695.jpg\"\n               title=\"Marianne auf der  Ob. Hellela 1607m\"\n               data-src=\"http:\/\/www.freimarianne.ch\/wp-content\/gallery\/zeneggen-1-3-2016\/IMG_5695.jpg\"\n               data-thumbnail=\"http:\/\/www.freimarianne.ch\/wp-content\/gallery\/zeneggen-1-3-2016\/thumbs\/thumbs_IMG_5695.jpg\"\n               data-image-id=\"12551\"\n               data-title=\"Marianne auf der  Ob. Hellela 1607m\"\n               data-description=\"Marianne auf der  Ob. Hellela 1607m\"\n               data-image-slug=\"img_5695-1\"\n               class=\"shutterset_15796\">\n                <img\n                    title=\"Marianne auf der  Ob. Hellela 1607m\"\n                    alt=\"Marianne auf der  Ob. Hellela 1607m\"\n                    src=\"http:\/\/www.freimarianne.ch\/wp-content\/gallery\/zeneggen-1-3-2016\/thumbs\/thumbs_IMG_5695.jpg\"\n                    width=\"100\"\n                    height=\"75\"\n                    style=\"max-width:100%;\"\n                \/>\n            <\/a>\n        <\/div>\n\t\t\t\t\t\t\t<\/div> \n\t\t\t\n        \n\t\t\t\t<div id=\"ngg-image-8\" class=\"ngg-gallery-thumbnail-box\" >\n\t\t\t\t        <div class=\"ngg-gallery-thumbnail\">\n            <a href=\"http:\/\/www.freimarianne.ch\/wp-content\/gallery\/zeneggen-1-3-2016\/IMG_5700.jpg\"\n               title=\"Ob. Hellela\"\n               data-src=\"http:\/\/www.freimarianne.ch\/wp-content\/gallery\/zeneggen-1-3-2016\/IMG_5700.jpg\"\n               data-thumbnail=\"http:\/\/www.freimarianne.ch\/wp-content\/gallery\/zeneggen-1-3-2016\/thumbs\/thumbs_IMG_5700.jpg\"\n               data-image-id=\"12552\"\n               data-title=\"Ob. Hellela\"\n               data-description=\"Ob. Hellela\"\n               data-image-slug=\"img_5700\"\n               class=\"shutterset_15796\">\n                <img\n                    title=\"Ob. Hellela\"\n                    alt=\"Ob. Hellela\"\n                    src=\"http:\/\/www.freimarianne.ch\/wp-content\/gallery\/zeneggen-1-3-2016\/thumbs\/thumbs_IMG_5700.jpg\"\n                    width=\"100\"\n                    height=\"75\"\n                    style=\"max-width:100%;\"\n                \/>\n            <\/a>\n        <\/div>\n\t\t\t\t\t\t\t<\/div> \n\t\t\t\n        \n\t\t\t\t<div id=\"ngg-image-9\" class=\"ngg-gallery-thumbnail-box\" >\n\t\t\t\t        <div class=\"ngg-gallery-thumbnail\">\n            <a href=\"http:\/\/www.freimarianne.ch\/wp-content\/gallery\/zeneggen-1-3-2016\/IMG_5701.jpg\"\n               title=\"gegen  Zenh\u00e4usern\"\n               data-src=\"http:\/\/www.freimarianne.ch\/wp-content\/gallery\/zeneggen-1-3-2016\/IMG_5701.jpg\"\n               data-thumbnail=\"http:\/\/www.freimarianne.ch\/wp-content\/gallery\/zeneggen-1-3-2016\/thumbs\/thumbs_IMG_5701.jpg\"\n               data-image-id=\"12553\"\n               data-title=\"gegen  Zenh\u00c3\u00a4usern mit :\"\n               data-description=\"gegen  Zenh\u00e4usern\"\n               data-image-slug=\"img_5701-1\"\n               class=\"shutterset_15796\">\n                <img\n                    title=\"gegen  Zenh\u00c3\u00a4usern mit :\"\n                    alt=\"gegen  Zenh\u00c3\u00a4usern mit :\"\n                    src=\"http:\/\/www.freimarianne.ch\/wp-content\/gallery\/zeneggen-1-3-2016\/thumbs\/thumbs_IMG_5701.jpg\"\n                    width=\"100\"\n                    height=\"75\"\n                    style=\"max-width:100%;\"\n                \/>\n            <\/a>\n        <\/div>\n\t\t\t\t\t\t\t<\/div> \n\t\t\t\n        \n\t\t\t\t<div id=\"ngg-image-10\" class=\"ngg-gallery-thumbnail-box\" >\n\t\t\t\t        <div class=\"ngg-gallery-thumbnail\">\n            <a href=\"http:\/\/www.freimarianne.ch\/wp-content\/gallery\/zeneggen-1-3-2016\/IMG_5703.jpg\"\n               title=\"auf dem Panoramaweg bei Pkt. 1560m\"\n               data-src=\"http:\/\/www.freimarianne.ch\/wp-content\/gallery\/zeneggen-1-3-2016\/IMG_5703.jpg\"\n               data-thumbnail=\"http:\/\/www.freimarianne.ch\/wp-content\/gallery\/zeneggen-1-3-2016\/thumbs\/thumbs_IMG_5703.jpg\"\n               data-image-id=\"12554\"\n               data-title=\"auf dem Panoramaweg bei Pkt. 1560m\"\n               data-description=\"auf dem Panoramaweg bei Pkt. 1560m\"\n               data-image-slug=\"img_5703-3\"\n               class=\"shutterset_15796\">\n                <img\n                    title=\"auf dem Panoramaweg bei Pkt. 1560m\"\n                    alt=\"auf dem Panoramaweg bei Pkt. 1560m\"\n                    src=\"http:\/\/www.freimarianne.ch\/wp-content\/gallery\/zeneggen-1-3-2016\/thumbs\/thumbs_IMG_5703.jpg\"\n                    width=\"100\"\n                    height=\"75\"\n                    style=\"max-width:100%;\"\n                \/>\n            <\/a>\n        <\/div>\n\t\t\t\t\t\t\t<\/div> \n\t\t\t\n        \n\t\t\t\t<div id=\"ngg-image-11\" class=\"ngg-gallery-thumbnail-box\" >\n\t\t\t\t        <div class=\"ngg-gallery-thumbnail\">\n            <a href=\"http:\/\/www.freimarianne.ch\/wp-content\/gallery\/zeneggen-1-3-2016\/IMG_5705.jpg\"\n               title=\"auf dem Panoramaweg bei Pkt. 1560m\"\n               data-src=\"http:\/\/www.freimarianne.ch\/wp-content\/gallery\/zeneggen-1-3-2016\/IMG_5705.jpg\"\n               data-thumbnail=\"http:\/\/www.freimarianne.ch\/wp-content\/gallery\/zeneggen-1-3-2016\/thumbs\/thumbs_IMG_5705.jpg\"\n               data-image-id=\"12555\"\n               data-title=\"auf dem Panoramaweg bei Pkt. 1560m\"\n               data-description=\"auf dem Panoramaweg bei Pkt. 1560m\"\n               data-image-slug=\"img_5705-2\"\n               class=\"shutterset_15796\">\n                <img\n                    title=\"auf dem Panoramaweg bei Pkt. 1560m\"\n                    alt=\"auf dem Panoramaweg bei Pkt. 1560m\"\n                    src=\"http:\/\/www.freimarianne.ch\/wp-content\/gallery\/zeneggen-1-3-2016\/thumbs\/thumbs_IMG_5705.jpg\"\n                    width=\"100\"\n                    height=\"75\"\n                    style=\"max-width:100%;\"\n                \/>\n            <\/a>\n        <\/div>\n\t\t\t\t\t\t\t<\/div> \n\t\t\t\n        \n\t\t\t\t<div id=\"ngg-image-12\" class=\"ngg-gallery-thumbnail-box\" >\n\t\t\t\t        <div class=\"ngg-gallery-thumbnail\">\n            <a href=\"http:\/\/www.freimarianne.ch\/wp-content\/gallery\/zeneggen-1-3-2016\/IMG_5706.jpg\"\n               title=\"Birken in B\u00fcrchen\"\n               data-src=\"http:\/\/www.freimarianne.ch\/wp-content\/gallery\/zeneggen-1-3-2016\/IMG_5706.jpg\"\n               data-thumbnail=\"http:\/\/www.freimarianne.ch\/wp-content\/gallery\/zeneggen-1-3-2016\/thumbs\/thumbs_IMG_5706.jpg\"\n               data-image-id=\"12556\"\n               data-title=\"Birken in B\u00c3\u00bcrchen\"\n               data-description=\"Birken in B\u00fcrchen\"\n               data-image-slug=\"img_5706\"\n               class=\"shutterset_15796\">\n                <img\n                    title=\"Birken in B\u00c3\u00bcrchen\"\n                    alt=\"Birken in B\u00c3\u00bcrchen\"\n                    src=\"http:\/\/www.freimarianne.ch\/wp-content\/gallery\/zeneggen-1-3-2016\/thumbs\/thumbs_IMG_5706.jpg\"\n                    width=\"100\"\n                    height=\"75\"\n                    style=\"max-width:100%;\"\n                \/>\n            <\/a>\n        <\/div>\n\t\t\t\t\t\t\t<\/div> \n\t\t\t\n        \n\t\t\t\t<div id=\"ngg-image-13\" class=\"ngg-gallery-thumbnail-box\" >\n\t\t\t\t        <div class=\"ngg-gallery-thumbnail\">\n            <a href=\"http:\/\/www.freimarianne.ch\/wp-content\/gallery\/zeneggen-1-3-2016\/IMG_5709.jpg\"\n               title=\"auf den Panoramaweg; ein Blick nach oben\"\n               data-src=\"http:\/\/www.freimarianne.ch\/wp-content\/gallery\/zeneggen-1-3-2016\/IMG_5709.jpg\"\n               data-thumbnail=\"http:\/\/www.freimarianne.ch\/wp-content\/gallery\/zeneggen-1-3-2016\/thumbs\/thumbs_IMG_5709.jpg\"\n               data-image-id=\"12557\"\n               data-title=\"auf den Panoramaweg; ein Blick nach oben\"\n               data-description=\"auf den Panoramaweg; ein Blick nach oben\"\n               data-image-slug=\"img_5709-3\"\n               class=\"shutterset_15796\">\n                <img\n                    title=\"auf den Panoramaweg; ein Blick nach oben\"\n                    alt=\"auf den Panoramaweg; ein Blick nach oben\"\n                    src=\"http:\/\/www.freimarianne.ch\/wp-content\/gallery\/zeneggen-1-3-2016\/thumbs\/thumbs_IMG_5709.jpg\"\n                    width=\"100\"\n                    height=\"75\"\n                    style=\"max-width:100%;\"\n                \/>\n            <\/a>\n        <\/div>\n\t\t\t\t\t\t\t<\/div> \n\t\t\t\n        \n\t\t\n\t\t<!-- Pagination -->\n\t<div class='ngg-clear'><\/div>\t<\/div>\n<\/p>\n","protected":false},"excerpt":{"rendered":"<p>Schneeschuhtour von Zeneggen nach B\u00fcrchen Wegen Nebel und zuviel Schnee und mangels Ausschilderung kann ich die geplante Schneeschuhroute von Zeneggen zum Stand nicht machen. Ich muss von der Lichtung Diepja wieder umkehren ( sie w\u00e4re auch zu lange gewesen im tiefen Schnee) Also bleibt nichts anderes \u00fcbrig als gegen B\u00fcrchen zu wandern. So beginne ich [&hellip;]<\/p>\n","protected":false},"author":1,"featured_media":0,"parent":14834,"menu_order":24,"comment_status":"closed","ping_status":"closed","template":"","meta":{"ngg_post_thumbnail":0},"_links":{"self":[{"href":"http:\/\/www.freimarianne.ch\/index.php?rest_route=\/wp\/v2\/pages\/15763"}],"collection":[{"href":"http:\/\/www.freimarianne.ch\/index.php?rest_route=\/wp\/v2\/pages"}],"about":[{"href":"http:\/\/www.freimarianne.ch\/index.php?rest_route=\/wp\/v2\/types\/page"}],"author":[{"embeddable":true,"href":"http:\/\/www.freimarianne.ch\/index.php?rest_route=\/wp\/v2\/users\/1"}],"replies":[{"embeddable":true,"href":"http:\/\/www.freimarianne.ch\/index.php?rest_route=%2Fwp%2Fv2%2Fcomments&post=15763"}],"version-history":[{"count":8,"href":"http:\/\/www.freimarianne.ch\/index.php?rest_route=\/wp\/v2\/pages\/15763\/revisions"}],"predecessor-version":[{"id":15803,"href":"http:\/\/www.freimarianne.ch\/index.php?rest_route=\/wp\/v2\/pages\/15763\/revisions\/15803"}],"up":[{"embeddable":true,"href":"http:\/\/www.freimarianne.ch\/index.php?rest_route=\/wp\/v2\/pages\/14834"}],"wp:attachment":[{"href":"http:\/\/www.freimarianne.ch\/index.php?rest_route=%2Fwp%2Fv2%2Fmedia&parent=15763"}],"curies":[{"name":"wp","href":"https:\/\/api.w.org\/{rel}","templated":true}]}}