{"id":15825,"date":"2016-03-07T08:34:56","date_gmt":"2016-03-07T07:34:56","guid":{"rendered":"http:\/\/www.freimarianne.ch\/?page_id=15825"},"modified":"2016-04-26T15:17:09","modified_gmt":"2016-04-26T14:17:09","slug":"burchen-torbel-vs-4-3-2016","status":"publish","type":"page","link":"http:\/\/www.freimarianne.ch\/?page_id=15825","title":{"rendered":"B\u00fcrchen &#8211; T\u00f6rbel  VS   4.3.2016"},"content":{"rendered":"<p><strong>Winterwanderung auf dem Panoramaweg von B\u00fcrchen nach T\u00f6rbel<\/strong><\/p>\n<p><img loading=\"lazy\" class=\"size-full wp-image-15830\" src=\"http:\/\/www.freimarianne.ch\/wp-content\/uploads\/2016\/03\/IMG_5719_Bu\u0308rch_500.jpg\" alt=\"Chalets auf Ob. Hellela mit Bietschhorn\" width=\"500\" height=\"271\" srcset=\"http:\/\/www.freimarianne.ch\/wp-content\/uploads\/2016\/03\/IMG_5719_Bu\u0308rch_500.jpg 500w, http:\/\/www.freimarianne.ch\/wp-content\/uploads\/2016\/03\/IMG_5719_Bu\u0308rch_500-300x163.jpg 300w\" sizes=\"(max-width: 500px) 100vw, 500px\" \/> Chalets auf Ob. Hellela mit Bietschhorn<br \/>\nHeute soll das Wetter nicht allzu schlecht sein ! Also gerade recht f\u00fcr eine Winterwanderung, die zu einem grossen Teil im Wald verl\u00e4uft.<br \/>\nWir beginnen unsere Wanderung beim Wasserreservoir etwas oberhalb des Hotels B\u00fcrchnerhof, 1530m.<br \/>\nDiese Piste (\u00fcber den Hang von Blatt) bin ich vor zwei Tagen hinuntergekommen und sie war gut zu gehen. Heute ist sie teilweise stark verweht und wir sinken manchmal bis zu den Knien im tiefen Schnee ein. Heute habe ich Sicht auf das Bietschorn, das sich etwas gegen den weissen Himmel abhebt.<br \/>\nDie Wegbedingungen werden dann besser als wir gegen die Ob. Hellela 1607m aufsteigen. Wir finden dann den Einstieg in den Panoramaweg nach T\u00f6rbel, der breit und gewalzt ist. Da der Schnee etwas weich und locker ist, empfinden wir das Gehen doch etwas m\u00fchsam, denn wir rutschen immer etwas zur\u00fcck.<br \/>\nWir kommen dann bei der Abzweigung hinunter nach Diepja und hinauf zur Eischmatte vorbei, wo ich am 1.3. gehen wollte.<br \/>\nWir warten immer auf eine Bank, auf der wir unsere Mittagspause halten k\u00f6nnen. Die B\u00e4nke kommen erst sp\u00e4ter, nachdem wir unsere Pause am Boden abgehalten hatten.<br \/>\nDer Weg durch den Wald ist sehr sch\u00f6n, es herrscht hier tiefster Winter.<br \/>\nAllm\u00e4hlich senkt sich der Pfad etwas und wir kommen am Weiler von Hofstettu 1600m vorbei. Hier gibt es eine Info Tafel. Hier soll eines der \u00e4ltesten H\u00e4user von T\u00f6rbel stehen.Und hier soll auch eine wilde Tulpe ( Tulipa australis) wachsen, die Chritzmeijo genannt wird. Bald kommen wir zu den H\u00e4usern von Bina und wandern nun auf der Strasee hinunter durch einige Dorfg\u00e4sslein zur Haltestelle Furen, wo wir im Restaurant Weisshorn einkehren. Um 15.00 h f\u00e4hrt das Postauto, das uns \u00fcber eine sehr kurvenreiche Strasse hinunter nach Stalden bringt.<\/p>\n<p>Laut Schweizmobil:<br \/>\nDistanz: 8.35km; Aufstieg: 233m; Abstieg: 207 m<br \/>\nMarschzeit: 2 h 10 min<br \/>\nWir hatten 3 h beim Gehen im leicht weichen Schnee.<\/p>\n<p>&nbsp;<\/p>\n<p><!-- index.php -->\n<div\n\tclass=\"ngg-galleryoverview ngg-ajax-pagination-none\"\n\tid=\"ngg-gallery-15854-1\">\n\n    \t<div class=\"slideshowlink\">\n        <a href='http:\/\/www.freimarianne.ch\/index.php\/nggallery\/slideshow?page_id=15825'>[Show as slideshow]<\/a>\n\t\t\n\t<\/div>\n\t\t\t<!-- Thumbnails -->\n\t\t\t\t<div id=\"ngg-image-0\" class=\"ngg-gallery-thumbnail-box\" >\n\t\t\t\t        <div class=\"ngg-gallery-thumbnail\">\n            <a href=\"http:\/\/www.freimarianne.ch\/wp-content\/gallery\/burchen-torbel-4-3-16\/IMG_5712_bearbeitet-1.jpg\"\n               title=\"B\u00fcrchen mit den vielen Birken\"\n               data-src=\"http:\/\/www.freimarianne.ch\/wp-content\/gallery\/burchen-torbel-4-3-16\/IMG_5712_bearbeitet-1.jpg\"\n               data-thumbnail=\"http:\/\/www.freimarianne.ch\/wp-content\/gallery\/burchen-torbel-4-3-16\/thumbs\/thumbs_IMG_5712_bearbeitet-1.jpg\"\n               data-image-id=\"12558\"\n               data-title=\"B\u00c3\u00bcrchen mit den vielen Birken\"\n               data-description=\"B\u00fcrchen mit den vielen Birken\"\n               data-image-slug=\"img_5712_bearbeitet-1\"\n               class=\"shutterset_15854\">\n                <img\n                    title=\"B\u00c3\u00bcrchen mit den vielen Birken\"\n                    alt=\"B\u00c3\u00bcrchen mit den vielen Birken\"\n                    src=\"http:\/\/www.freimarianne.ch\/wp-content\/gallery\/burchen-torbel-4-3-16\/thumbs\/thumbs_IMG_5712_bearbeitet-1.jpg\"\n                    width=\"100\"\n                    height=\"75\"\n                    style=\"max-width:100%;\"\n                \/>\n            <\/a>\n        <\/div>\n\t\t\t\t\t\t\t<\/div> \n\t\t\t\n        \n\t\t\t\t<div id=\"ngg-image-1\" class=\"ngg-gallery-thumbnail-box\" >\n\t\t\t\t        <div class=\"ngg-gallery-thumbnail\">\n            <a href=\"http:\/\/www.freimarianne.ch\/wp-content\/gallery\/burchen-torbel-4-3-16\/IMG_5713_bearbeitet-1.jpg\"\n               title=\"Stadel mit Bietschhorn\"\n               data-src=\"http:\/\/www.freimarianne.ch\/wp-content\/gallery\/burchen-torbel-4-3-16\/IMG_5713_bearbeitet-1.jpg\"\n               data-thumbnail=\"http:\/\/www.freimarianne.ch\/wp-content\/gallery\/burchen-torbel-4-3-16\/thumbs\/thumbs_IMG_5713_bearbeitet-1.jpg\"\n               data-image-id=\"12559\"\n               data-title=\"Stadel mit Bietschhorn\"\n               data-description=\"Stadel mit Bietschhorn\"\n               data-image-slug=\"img_5713_bearbeitet-1\"\n               class=\"shutterset_15854\">\n                <img\n                    title=\"Stadel mit Bietschhorn\"\n                    alt=\"Stadel mit Bietschhorn\"\n                    src=\"http:\/\/www.freimarianne.ch\/wp-content\/gallery\/burchen-torbel-4-3-16\/thumbs\/thumbs_IMG_5713_bearbeitet-1.jpg\"\n                    width=\"100\"\n                    height=\"75\"\n                    style=\"max-width:100%;\"\n                \/>\n            <\/a>\n        <\/div>\n\t\t\t\t\t\t\t<\/div> \n\t\t\t\n        \n\t\t\t\t<div id=\"ngg-image-2\" class=\"ngg-gallery-thumbnail-box\" >\n\t\t\t\t        <div class=\"ngg-gallery-thumbnail\">\n            <a href=\"http:\/\/www.freimarianne.ch\/wp-content\/gallery\/burchen-torbel-4-3-16\/IMG_5714_bearbeitet-1.jpg\"\n               title=\"Ob. Hellela mit Augstbordhorn\"\n               data-src=\"http:\/\/www.freimarianne.ch\/wp-content\/gallery\/burchen-torbel-4-3-16\/IMG_5714_bearbeitet-1.jpg\"\n               data-thumbnail=\"http:\/\/www.freimarianne.ch\/wp-content\/gallery\/burchen-torbel-4-3-16\/thumbs\/thumbs_IMG_5714_bearbeitet-1.jpg\"\n               data-image-id=\"12560\"\n               data-title=\"Ob. Hellela mit Augstbordhorn\"\n               data-description=\"Ob. Hellela mit Augstbordhorn\"\n               data-image-slug=\"img_5714_bearbeitet-1\"\n               class=\"shutterset_15854\">\n                <img\n                    title=\"Ob. Hellela mit Augstbordhorn\"\n                    alt=\"Ob. Hellela mit Augstbordhorn\"\n                    src=\"http:\/\/www.freimarianne.ch\/wp-content\/gallery\/burchen-torbel-4-3-16\/thumbs\/thumbs_IMG_5714_bearbeitet-1.jpg\"\n                    width=\"100\"\n                    height=\"75\"\n                    style=\"max-width:100%;\"\n                \/>\n            <\/a>\n        <\/div>\n\t\t\t\t\t\t\t<\/div> \n\t\t\t\n        \n\t\t\t\t<div id=\"ngg-image-3\" class=\"ngg-gallery-thumbnail-box\" >\n\t\t\t\t        <div class=\"ngg-gallery-thumbnail\">\n            <a href=\"http:\/\/www.freimarianne.ch\/wp-content\/gallery\/burchen-torbel-4-3-16\/IMG_5717_bearbeitet-1.jpg\"\n               title=\"H\u00fctten au Ob. Hellela 1607m\"\n               data-src=\"http:\/\/www.freimarianne.ch\/wp-content\/gallery\/burchen-torbel-4-3-16\/IMG_5717_bearbeitet-1.jpg\"\n               data-thumbnail=\"http:\/\/www.freimarianne.ch\/wp-content\/gallery\/burchen-torbel-4-3-16\/thumbs\/thumbs_IMG_5717_bearbeitet-1.jpg\"\n               data-image-id=\"12561\"\n               data-title=\"H\u00c3\u00bctten au Ob. Hellela 1607m\"\n               data-description=\"H\u00fctten au Ob. Hellela 1607m\"\n               data-image-slug=\"img_5717_bearbeitet-1\"\n               class=\"shutterset_15854\">\n                <img\n                    title=\"H\u00c3\u00bctten au Ob. Hellela 1607m\"\n                    alt=\"H\u00c3\u00bctten au Ob. Hellela 1607m\"\n                    src=\"http:\/\/www.freimarianne.ch\/wp-content\/gallery\/burchen-torbel-4-3-16\/thumbs\/thumbs_IMG_5717_bearbeitet-1.jpg\"\n                    width=\"100\"\n                    height=\"75\"\n                    style=\"max-width:100%;\"\n                \/>\n            <\/a>\n        <\/div>\n\t\t\t\t\t\t\t<\/div> \n\t\t\t\n        \n\t\t\t\t<div id=\"ngg-image-4\" class=\"ngg-gallery-thumbnail-box\" >\n\t\t\t\t        <div class=\"ngg-gallery-thumbnail\">\n            <a href=\"http:\/\/www.freimarianne.ch\/wp-content\/gallery\/burchen-torbel-4-3-16\/IMG_5722.jpg\"\n               title=\"Chalets auf Ob. Hellela mit Bietschhorn\"\n               data-src=\"http:\/\/www.freimarianne.ch\/wp-content\/gallery\/burchen-torbel-4-3-16\/IMG_5722.jpg\"\n               data-thumbnail=\"http:\/\/www.freimarianne.ch\/wp-content\/gallery\/burchen-torbel-4-3-16\/thumbs\/thumbs_IMG_5722.jpg\"\n               data-image-id=\"12562\"\n               data-title=\"Chalets auf Ob. Hellela mit Bietschhorn\"\n               data-description=\"Chalets auf Ob. Hellela mit Bietschhorn\"\n               data-image-slug=\"img_5722-1\"\n               class=\"shutterset_15854\">\n                <img\n                    title=\"Chalets auf Ob. Hellela mit Bietschhorn\"\n                    alt=\"Chalets auf Ob. Hellela mit Bietschhorn\"\n                    src=\"http:\/\/www.freimarianne.ch\/wp-content\/gallery\/burchen-torbel-4-3-16\/thumbs\/thumbs_IMG_5722.jpg\"\n                    width=\"100\"\n                    height=\"75\"\n                    style=\"max-width:100%;\"\n                \/>\n            <\/a>\n        <\/div>\n\t\t\t\t\t\t\t<\/div> \n\t\t\t\n        \n\t\t\t\t<div id=\"ngg-image-5\" class=\"ngg-gallery-thumbnail-box\" >\n\t\t\t\t        <div class=\"ngg-gallery-thumbnail\">\n            <a href=\"http:\/\/www.freimarianne.ch\/wp-content\/gallery\/burchen-torbel-4-3-16\/IMG_5732_bearbeitet-1.jpg\"\n               title=\"Seelein bei Diepja\"\n               data-src=\"http:\/\/www.freimarianne.ch\/wp-content\/gallery\/burchen-torbel-4-3-16\/IMG_5732_bearbeitet-1.jpg\"\n               data-thumbnail=\"http:\/\/www.freimarianne.ch\/wp-content\/gallery\/burchen-torbel-4-3-16\/thumbs\/thumbs_IMG_5732_bearbeitet-1.jpg\"\n               data-image-id=\"12563\"\n               data-title=\"Seelein bei Diepja\"\n               data-description=\"Seelein bei Diepja\"\n               data-image-slug=\"img_5732_bearbeitet-1\"\n               class=\"shutterset_15854\">\n                <img\n                    title=\"Seelein bei Diepja\"\n                    alt=\"Seelein bei Diepja\"\n                    src=\"http:\/\/www.freimarianne.ch\/wp-content\/gallery\/burchen-torbel-4-3-16\/thumbs\/thumbs_IMG_5732_bearbeitet-1.jpg\"\n                    width=\"100\"\n                    height=\"75\"\n                    style=\"max-width:100%;\"\n                \/>\n            <\/a>\n        <\/div>\n\t\t\t\t\t\t\t<\/div> \n\t\t\t\n        \n\t\t\t\t<div id=\"ngg-image-6\" class=\"ngg-gallery-thumbnail-box\" >\n\t\t\t\t        <div class=\"ngg-gallery-thumbnail\">\n            <a href=\"http:\/\/www.freimarianne.ch\/wp-content\/gallery\/burchen-torbel-4-3-16\/IMG_5734_bearbeitet-1.jpg\"\n               title=\"pr\u00e4chtiger Winterwald\"\n               data-src=\"http:\/\/www.freimarianne.ch\/wp-content\/gallery\/burchen-torbel-4-3-16\/IMG_5734_bearbeitet-1.jpg\"\n               data-thumbnail=\"http:\/\/www.freimarianne.ch\/wp-content\/gallery\/burchen-torbel-4-3-16\/thumbs\/thumbs_IMG_5734_bearbeitet-1.jpg\"\n               data-image-id=\"12564\"\n               data-title=\"pr\u00c3\u00a4chtiger Winterwald\"\n               data-description=\"pr\u00e4chtiger Winterwald\"\n               data-image-slug=\"img_5734_bearbeitet-1\"\n               class=\"shutterset_15854\">\n                <img\n                    title=\"pr\u00c3\u00a4chtiger Winterwald\"\n                    alt=\"pr\u00c3\u00a4chtiger Winterwald\"\n                    src=\"http:\/\/www.freimarianne.ch\/wp-content\/gallery\/burchen-torbel-4-3-16\/thumbs\/thumbs_IMG_5734_bearbeitet-1.jpg\"\n                    width=\"100\"\n                    height=\"75\"\n                    style=\"max-width:100%;\"\n                \/>\n            <\/a>\n        <\/div>\n\t\t\t\t\t\t\t<\/div> \n\t\t\t\n        \n\t\t\t\t<div id=\"ngg-image-7\" class=\"ngg-gallery-thumbnail-box\" >\n\t\t\t\t        <div class=\"ngg-gallery-thumbnail\">\n            <a href=\"http:\/\/www.freimarianne.ch\/wp-content\/gallery\/burchen-torbel-4-3-16\/IMG_5743.jpg\"\n               title=\"der Weiler Burgen\"\n               data-src=\"http:\/\/www.freimarianne.ch\/wp-content\/gallery\/burchen-torbel-4-3-16\/IMG_5743.jpg\"\n               data-thumbnail=\"http:\/\/www.freimarianne.ch\/wp-content\/gallery\/burchen-torbel-4-3-16\/thumbs\/thumbs_IMG_5743.jpg\"\n               data-image-id=\"12565\"\n               data-title=\"der Weiler Burgen\"\n               data-description=\"der Weiler Burgen\"\n               data-image-slug=\"img_5743-1\"\n               class=\"shutterset_15854\">\n                <img\n                    title=\"der Weiler Burgen\"\n                    alt=\"der Weiler Burgen\"\n                    src=\"http:\/\/www.freimarianne.ch\/wp-content\/gallery\/burchen-torbel-4-3-16\/thumbs\/thumbs_IMG_5743.jpg\"\n                    width=\"100\"\n                    height=\"75\"\n                    style=\"max-width:100%;\"\n                \/>\n            <\/a>\n        <\/div>\n\t\t\t\t\t\t\t<\/div> \n\t\t\t\n        \n\t\t\t\t<div id=\"ngg-image-8\" class=\"ngg-gallery-thumbnail-box\" >\n\t\t\t\t        <div class=\"ngg-gallery-thumbnail\">\n            <a href=\"http:\/\/www.freimarianne.ch\/wp-content\/gallery\/burchen-torbel-4-3-16\/IMG_5749_bearbeitet-1.jpg\"\n               title=\"T\u00f6rbel Bina\"\n               data-src=\"http:\/\/www.freimarianne.ch\/wp-content\/gallery\/burchen-torbel-4-3-16\/IMG_5749_bearbeitet-1.jpg\"\n               data-thumbnail=\"http:\/\/www.freimarianne.ch\/wp-content\/gallery\/burchen-torbel-4-3-16\/thumbs\/thumbs_IMG_5749_bearbeitet-1.jpg\"\n               data-image-id=\"12566\"\n               data-title=\"T\u00c3\u00b6rbel Bina\"\n               data-description=\"T\u00f6rbel Bina\"\n               data-image-slug=\"img_5749_bearbeitet-1\"\n               class=\"shutterset_15854\">\n                <img\n                    title=\"T\u00c3\u00b6rbel Bina\"\n                    alt=\"T\u00c3\u00b6rbel Bina\"\n                    src=\"http:\/\/www.freimarianne.ch\/wp-content\/gallery\/burchen-torbel-4-3-16\/thumbs\/thumbs_IMG_5749_bearbeitet-1.jpg\"\n                    width=\"100\"\n                    height=\"75\"\n                    style=\"max-width:100%;\"\n                \/>\n            <\/a>\n        <\/div>\n\t\t\t\t\t\t\t<\/div> \n\t\t\t\n        \n\t\t\t\t<div id=\"ngg-image-9\" class=\"ngg-gallery-thumbnail-box\" >\n\t\t\t\t        <div class=\"ngg-gallery-thumbnail\">\n            <a href=\"http:\/\/www.freimarianne.ch\/wp-content\/gallery\/burchen-torbel-4-3-16\/IMG_5752_bearbeitet-1.jpg\"\n               title=\"in T\u00f6rbel\"\n               data-src=\"http:\/\/www.freimarianne.ch\/wp-content\/gallery\/burchen-torbel-4-3-16\/IMG_5752_bearbeitet-1.jpg\"\n               data-thumbnail=\"http:\/\/www.freimarianne.ch\/wp-content\/gallery\/burchen-torbel-4-3-16\/thumbs\/thumbs_IMG_5752_bearbeitet-1.jpg\"\n               data-image-id=\"12567\"\n               data-title=\"in T\u00c3\u00b6rbel\"\n               data-description=\"in T\u00f6rbel\"\n               data-image-slug=\"img_5752_bearbeitet-1\"\n               class=\"shutterset_15854\">\n                <img\n                    title=\"in T\u00c3\u00b6rbel\"\n                    alt=\"in T\u00c3\u00b6rbel\"\n                    src=\"http:\/\/www.freimarianne.ch\/wp-content\/gallery\/burchen-torbel-4-3-16\/thumbs\/thumbs_IMG_5752_bearbeitet-1.jpg\"\n                    width=\"100\"\n                    height=\"75\"\n                    style=\"max-width:100%;\"\n                \/>\n            <\/a>\n        <\/div>\n\t\t\t\t\t\t\t<\/div> \n\t\t\t\n        \n\t\t\n\t\t<!-- Pagination -->\n\t<div class='ngg-clear'><\/div>\t<\/div>\n<\/p>\n","protected":false},"excerpt":{"rendered":"<p>Winterwanderung auf dem Panoramaweg von B\u00fcrchen nach T\u00f6rbel Chalets auf Ob. Hellela mit Bietschhorn Heute soll das Wetter nicht allzu schlecht sein ! Also gerade recht f\u00fcr eine Winterwanderung, die zu einem grossen Teil im Wald verl\u00e4uft. Wir beginnen unsere Wanderung beim Wasserreservoir etwas oberhalb des Hotels B\u00fcrchnerhof, 1530m. Diese Piste (\u00fcber den Hang von [&hellip;]<\/p>\n","protected":false},"author":1,"featured_media":0,"parent":14834,"menu_order":25,"comment_status":"closed","ping_status":"closed","template":"","meta":{"ngg_post_thumbnail":0},"_links":{"self":[{"href":"http:\/\/www.freimarianne.ch\/index.php?rest_route=\/wp\/v2\/pages\/15825"}],"collection":[{"href":"http:\/\/www.freimarianne.ch\/index.php?rest_route=\/wp\/v2\/pages"}],"about":[{"href":"http:\/\/www.freimarianne.ch\/index.php?rest_route=\/wp\/v2\/types\/page"}],"author":[{"embeddable":true,"href":"http:\/\/www.freimarianne.ch\/index.php?rest_route=\/wp\/v2\/users\/1"}],"replies":[{"embeddable":true,"href":"http:\/\/www.freimarianne.ch\/index.php?rest_route=%2Fwp%2Fv2%2Fcomments&post=15825"}],"version-history":[{"count":8,"href":"http:\/\/www.freimarianne.ch\/index.php?rest_route=\/wp\/v2\/pages\/15825\/revisions"}],"predecessor-version":[{"id":16732,"href":"http:\/\/www.freimarianne.ch\/index.php?rest_route=\/wp\/v2\/pages\/15825\/revisions\/16732"}],"up":[{"embeddable":true,"href":"http:\/\/www.freimarianne.ch\/index.php?rest_route=\/wp\/v2\/pages\/14834"}],"wp:attachment":[{"href":"http:\/\/www.freimarianne.ch\/index.php?rest_route=%2Fwp%2Fv2%2Fmedia&parent=15825"}],"curies":[{"name":"wp","href":"https:\/\/api.w.org\/{rel}","templated":true}]}}