{"id":22333,"date":"2017-01-04T17:05:40","date_gmt":"2017-01-04T16:05:40","guid":{"rendered":"http:\/\/www.freimarianne.ch\/?page_id=22333"},"modified":"2017-01-05T10:38:31","modified_gmt":"2017-01-05T09:38:31","slug":"rigi-lu-30-12-2016","status":"publish","type":"page","link":"http:\/\/www.freimarianne.ch\/?page_id=22333","title":{"rendered":"Rigi   LU   30.12.2016"},"content":{"rendered":"<p><strong>Ausflug auf die Rigi<\/strong><\/p>\n<p><img loading=\"lazy\" class=\"alignleft size-full wp-image-22321\" src=\"http:\/\/www.freimarianne.ch\/wp-content\/uploads\/2017\/01\/IMG_3984_rigi_29.12_500.jpg\" alt=\"img_3984_rigi_29-12_500\" width=\"500\" height=\"375\" srcset=\"http:\/\/www.freimarianne.ch\/wp-content\/uploads\/2017\/01\/IMG_3984_rigi_29.12_500.jpg 500w, http:\/\/www.freimarianne.ch\/wp-content\/uploads\/2017\/01\/IMG_3984_rigi_29.12_500-300x225.jpg 300w, http:\/\/www.freimarianne.ch\/wp-content\/uploads\/2017\/01\/IMG_3984_rigi_29.12_500-400x300.jpg 400w\" sizes=\"(max-width: 500px) 100vw, 500px\" \/><\/p>\n<p>Heute soll einer der letzten sch\u00f6nen Tage sein, von denen wir viele hatten im Dezember.<br \/>\nAber heute liegt eine z\u00e4he Nelbeldecke \u00fcber weiten Teilen des Landes. Die Rigi ist nat\u00fcrlich frei und wir k\u00f6nnen einen Sonnentag geniessen. Nat\u00fcrlich hatten auch andere die Idee, diesen Tag auf der Rigi zu verbringen.<\/p>\n<p>Mit dem Schiff fahren wir unter der Hochnebeldecke nach Vitznau und sind dann gespannt, wo wir diese Decke durchstossen werden, was unterhalb von Rigi Kaltbad der Fall ist. Ein Raunen geht durch den vollbesetzten Zug!<br \/>\nEndlich an der Sonne und einen blauen, wolkenlosen Himmel \u00fcber uns!<br \/>\nVom Rigi Kulm bestaunen wir das Nebelmeer, aus welchen die h\u00f6heren Berge wie Insel hervorragen.<br \/>\nAuf dem Weg hinunter \u00fcber Rigi Stafel und das K\u00e4nzeli nehmen wir uns Zeit, denn wir wollen so lange wie m\u00f6glich an der Sonne bleiben.<br \/>\nWir haben noch etwas Zeit in Rigi Kaltbad aber dann geht es hinunter unter die dicke Wolkenschicht, wo die Welt wieder tr\u00fcbe ist. Aber wir nehmen die Sonne in unserer Errinnerung mit uns.<\/p>\n<p><!-- index.php -->\n<div\n\tclass=\"ngg-galleryoverview ngg-ajax-pagination-none\"\n\tid=\"ngg-gallery-22537-1\">\n\n    \t<div class=\"slideshowlink\">\n        <a href='http:\/\/www.freimarianne.ch\/index.php\/nggallery\/slideshow?page_id=22333'>[Show as slideshow]<\/a>\n\t\t\n\t<\/div>\n\t\t\t<!-- Thumbnails -->\n\t\t\t\t<div id=\"ngg-image-0\" class=\"ngg-gallery-thumbnail-box\" >\n\t\t\t\t        <div class=\"ngg-gallery-thumbnail\">\n            <a href=\"http:\/\/www.freimarianne.ch\/wp-content\/gallery\/rigi-30-12-16\/IMG_3945.jpg\"\n               title=\"Ruchen 2901m, Gl\u00e4rnisch 2914m, B\u00e4chistock 2914m,  B\u00f6s Fulen 2802m, Grisset 2721m, H\u00f6ch Turm 266m, Ortsstock 2717m; vo   Kl. Mythen 1811m, Grosser Mythen 1899m\"\n               data-src=\"http:\/\/www.freimarianne.ch\/wp-content\/gallery\/rigi-30-12-16\/IMG_3945.jpg\"\n               data-thumbnail=\"http:\/\/www.freimarianne.ch\/wp-content\/gallery\/rigi-30-12-16\/thumbs\/thumbs_IMG_3945.jpg\"\n               data-image-id=\"15126\"\n               data-title=\"Ruchen 2901m, Gl\u00c3\u00a4rnisch 2914m, B\u00c3\u00a4chistock 2914m,  B\u00c3\u00b6s Fulen 2802m, Grisset 2721m, H\u00c3\u00b6ch Turm 266m, Ortsstock 2717m; vo   Kl. Mythen 1811m, Grosser Mythen 1899m\"\n               data-description=\"Ruchen 2901m, Gl\u00e4rnisch 2914m, B\u00e4chistock 2914m,  B\u00f6s Fulen 2802m, Grisset 2721m, H\u00f6ch Turm 266m, Ortsstock 2717m; vo   Kl. Mythen 1811m, Grosser Mythen 1899m\"\n               data-image-slug=\"img_3945-3\"\n               class=\"shutterset_22537\">\n                <img\n                    title=\"Ruchen 2901m, Gl\u00c3\u00a4rnisch 2914m, B\u00c3\u00a4chistock 2914m,  B\u00c3\u00b6s Fulen 2802m, Grisset 2721m, H\u00c3\u00b6ch Turm 266m, Ortsstock 2717m; vo   Kl. Mythen 1811m, Grosser Mythen 1899m\"\n                    alt=\"Ruchen 2901m, Gl\u00c3\u00a4rnisch 2914m, B\u00c3\u00a4chistock 2914m,  B\u00c3\u00b6s Fulen 2802m, Grisset 2721m, H\u00c3\u00b6ch Turm 266m, Ortsstock 2717m; vo   Kl. Mythen 1811m, Grosser Mythen 1899m\"\n                    src=\"http:\/\/www.freimarianne.ch\/wp-content\/gallery\/rigi-30-12-16\/thumbs\/thumbs_IMG_3945.jpg\"\n                    width=\"100\"\n                    height=\"75\"\n                    style=\"max-width:100%;\"\n                \/>\n            <\/a>\n        <\/div>\n\t\t\t\t\t\t\t<\/div> \n\t\t\t\n        \n\t\t\t\t<div id=\"ngg-image-1\" class=\"ngg-gallery-thumbnail-box\" >\n\t\t\t\t        <div class=\"ngg-gallery-thumbnail\">\n            <a href=\"http:\/\/www.freimarianne.ch\/wp-content\/gallery\/rigi-30-12-16\/IMG_3947.jpg\"\n               title=\"Nebelmeer; Zugerberg\"\n               data-src=\"http:\/\/www.freimarianne.ch\/wp-content\/gallery\/rigi-30-12-16\/IMG_3947.jpg\"\n               data-thumbnail=\"http:\/\/www.freimarianne.ch\/wp-content\/gallery\/rigi-30-12-16\/thumbs\/thumbs_IMG_3947.jpg\"\n               data-image-id=\"15125\"\n               data-title=\"Nebelmeer; Zugerberg\"\n               data-description=\"Nebelmeer; Zugerberg\"\n               data-image-slug=\"img_3947-3\"\n               class=\"shutterset_22537\">\n                <img\n                    title=\"Nebelmeer; Zugerberg\"\n                    alt=\"Nebelmeer; Zugerberg\"\n                    src=\"http:\/\/www.freimarianne.ch\/wp-content\/gallery\/rigi-30-12-16\/thumbs\/thumbs_IMG_3947.jpg\"\n                    width=\"100\"\n                    height=\"75\"\n                    style=\"max-width:100%;\"\n                \/>\n            <\/a>\n        <\/div>\n\t\t\t\t\t\t\t<\/div> \n\t\t\t\n        \n\t\t\t\t<div id=\"ngg-image-2\" class=\"ngg-gallery-thumbnail-box\" >\n\t\t\t\t        <div class=\"ngg-gallery-thumbnail\">\n            <a href=\"http:\/\/www.freimarianne.ch\/wp-content\/gallery\/rigi-30-12-16\/IMG_3951.jpg\"\n               title=\"Marianne auf der Rigi; vom S\u00e4ntis bis zum Gl\u00e4rnisch\"\n               data-src=\"http:\/\/www.freimarianne.ch\/wp-content\/gallery\/rigi-30-12-16\/IMG_3951.jpg\"\n               data-thumbnail=\"http:\/\/www.freimarianne.ch\/wp-content\/gallery\/rigi-30-12-16\/thumbs\/thumbs_IMG_3951.jpg\"\n               data-image-id=\"15124\"\n               data-title=\"Marianne auf der Rigi; vom S\u00c3\u00a4ntis bis zum Gl\u00c3\u00a4rnisch\"\n               data-description=\"Marianne auf der Rigi; vom S\u00e4ntis bis zum Gl\u00e4rnisch\"\n               data-image-slug=\"img_3951-1\"\n               class=\"shutterset_22537\">\n                <img\n                    title=\"Marianne auf der Rigi; vom S\u00c3\u00a4ntis bis zum Gl\u00c3\u00a4rnisch\"\n                    alt=\"Marianne auf der Rigi; vom S\u00c3\u00a4ntis bis zum Gl\u00c3\u00a4rnisch\"\n                    src=\"http:\/\/www.freimarianne.ch\/wp-content\/gallery\/rigi-30-12-16\/thumbs\/thumbs_IMG_3951.jpg\"\n                    width=\"100\"\n                    height=\"75\"\n                    style=\"max-width:100%;\"\n                \/>\n            <\/a>\n        <\/div>\n\t\t\t\t\t\t\t<\/div> \n\t\t\t\n        \n\t\t\t\t<div id=\"ngg-image-3\" class=\"ngg-gallery-thumbnail-box\" >\n\t\t\t\t        <div class=\"ngg-gallery-thumbnail\">\n            <a href=\"http:\/\/www.freimarianne.ch\/wp-content\/gallery\/rigi-30-12-16\/IMG_3953.jpg\"\n               title=\"die beiden Mythen\"\n               data-src=\"http:\/\/www.freimarianne.ch\/wp-content\/gallery\/rigi-30-12-16\/IMG_3953.jpg\"\n               data-thumbnail=\"http:\/\/www.freimarianne.ch\/wp-content\/gallery\/rigi-30-12-16\/thumbs\/thumbs_IMG_3953.jpg\"\n               data-image-id=\"15123\"\n               data-title=\"die beiden Mythen\"\n               data-description=\"die beiden Mythen\"\n               data-image-slug=\"img_3953-1\"\n               class=\"shutterset_22537\">\n                <img\n                    title=\"die beiden Mythen\"\n                    alt=\"die beiden Mythen\"\n                    src=\"http:\/\/www.freimarianne.ch\/wp-content\/gallery\/rigi-30-12-16\/thumbs\/thumbs_IMG_3953.jpg\"\n                    width=\"100\"\n                    height=\"75\"\n                    style=\"max-width:100%;\"\n                \/>\n            <\/a>\n        <\/div>\n\t\t\t\t\t\t\t<\/div> \n\t\t\t\n        \n\t\t\t\t<div id=\"ngg-image-4\" class=\"ngg-gallery-thumbnail-box\" >\n\t\t\t\t        <div class=\"ngg-gallery-thumbnail\">\n            <a href=\"http:\/\/www.freimarianne.ch\/wp-content\/gallery\/rigi-30-12-16\/IMG_3954.jpg\"\n               title=\"Bruni auf der Rigi\"\n               data-src=\"http:\/\/www.freimarianne.ch\/wp-content\/gallery\/rigi-30-12-16\/IMG_3954.jpg\"\n               data-thumbnail=\"http:\/\/www.freimarianne.ch\/wp-content\/gallery\/rigi-30-12-16\/thumbs\/thumbs_IMG_3954.jpg\"\n               data-image-id=\"15122\"\n               data-title=\"Bruni auf der Rigi\"\n               data-description=\"Bruni auf der Rigi\"\n               data-image-slug=\"img_3954\"\n               class=\"shutterset_22537\">\n                <img\n                    title=\"Bruni auf der Rigi\"\n                    alt=\"Bruni auf der Rigi\"\n                    src=\"http:\/\/www.freimarianne.ch\/wp-content\/gallery\/rigi-30-12-16\/thumbs\/thumbs_IMG_3954.jpg\"\n                    width=\"100\"\n                    height=\"75\"\n                    style=\"max-width:100%;\"\n                \/>\n            <\/a>\n        <\/div>\n\t\t\t\t\t\t\t<\/div> \n\t\t\t\n        \n\t\t\t\t<div id=\"ngg-image-5\" class=\"ngg-gallery-thumbnail-box\" >\n\t\t\t\t        <div class=\"ngg-gallery-thumbnail\">\n            <a href=\"http:\/\/www.freimarianne.ch\/wp-content\/gallery\/rigi-30-12-16\/IMG_3961.jpg\"\n               title=\"Marianne vor dem Nebelmeer\"\n               data-src=\"http:\/\/www.freimarianne.ch\/wp-content\/gallery\/rigi-30-12-16\/IMG_3961.jpg\"\n               data-thumbnail=\"http:\/\/www.freimarianne.ch\/wp-content\/gallery\/rigi-30-12-16\/thumbs\/thumbs_IMG_3961.jpg\"\n               data-image-id=\"15121\"\n               data-title=\"Marianne vor dem Nebelmeer\"\n               data-description=\"Marianne vor dem Nebelmeer\"\n               data-image-slug=\"img_3961\"\n               class=\"shutterset_22537\">\n                <img\n                    title=\"Marianne vor dem Nebelmeer\"\n                    alt=\"Marianne vor dem Nebelmeer\"\n                    src=\"http:\/\/www.freimarianne.ch\/wp-content\/gallery\/rigi-30-12-16\/thumbs\/thumbs_IMG_3961.jpg\"\n                    width=\"100\"\n                    height=\"75\"\n                    style=\"max-width:100%;\"\n                \/>\n            <\/a>\n        <\/div>\n\t\t\t\t\t\t\t<\/div> \n\t\t\t\n        \n\t\t\t\t<div id=\"ngg-image-6\" class=\"ngg-gallery-thumbnail-box\" >\n\t\t\t\t        <div class=\"ngg-gallery-thumbnail\">\n            <a href=\"http:\/\/www.freimarianne.ch\/wp-content\/gallery\/rigi-30-12-16\/IMG_3962.jpg\"\n               title=\"Nebelmeer \u00fcber dem Mittelland; Seebodenalp 1039m\"\n               data-src=\"http:\/\/www.freimarianne.ch\/wp-content\/gallery\/rigi-30-12-16\/IMG_3962.jpg\"\n               data-thumbnail=\"http:\/\/www.freimarianne.ch\/wp-content\/gallery\/rigi-30-12-16\/thumbs\/thumbs_IMG_3962.jpg\"\n               data-image-id=\"15120\"\n               data-title=\"Nebelmeer \u00c3\u00bcber dem Mittelland; Seebodenalp 1039m\"\n               data-description=\"Nebelmeer \u00fcber dem Mittelland; Seebodenalp 1039m\"\n               data-image-slug=\"img_3962\"\n               class=\"shutterset_22537\">\n                <img\n                    title=\"Nebelmeer \u00c3\u00bcber dem Mittelland; Seebodenalp 1039m\"\n                    alt=\"Nebelmeer \u00c3\u00bcber dem Mittelland; Seebodenalp 1039m\"\n                    src=\"http:\/\/www.freimarianne.ch\/wp-content\/gallery\/rigi-30-12-16\/thumbs\/thumbs_IMG_3962.jpg\"\n                    width=\"100\"\n                    height=\"75\"\n                    style=\"max-width:100%;\"\n                \/>\n            <\/a>\n        <\/div>\n\t\t\t\t\t\t\t<\/div> \n\t\t\t\n        \n\t\t\t\t<div id=\"ngg-image-7\" class=\"ngg-gallery-thumbnail-box\" >\n\t\t\t\t        <div class=\"ngg-gallery-thumbnail\">\n            <a href=\"http:\/\/www.freimarianne.ch\/wp-content\/gallery\/rigi-30-12-16\/IMG_3965.jpg\"\n               title=\"Rigi Kulm\"\n               data-src=\"http:\/\/www.freimarianne.ch\/wp-content\/gallery\/rigi-30-12-16\/IMG_3965.jpg\"\n               data-thumbnail=\"http:\/\/www.freimarianne.ch\/wp-content\/gallery\/rigi-30-12-16\/thumbs\/thumbs_IMG_3965.jpg\"\n               data-image-id=\"15119\"\n               data-title=\"Rigi Kulm\"\n               data-description=\"Rigi Kulm\"\n               data-image-slug=\"img_3965-4\"\n               class=\"shutterset_22537\">\n                <img\n                    title=\"Rigi Kulm\"\n                    alt=\"Rigi Kulm\"\n                    src=\"http:\/\/www.freimarianne.ch\/wp-content\/gallery\/rigi-30-12-16\/thumbs\/thumbs_IMG_3965.jpg\"\n                    width=\"100\"\n                    height=\"75\"\n                    style=\"max-width:100%;\"\n                \/>\n            <\/a>\n        <\/div>\n\t\t\t\t\t\t\t<\/div> \n\t\t\t\n        \n\t\t\t\t<div id=\"ngg-image-8\" class=\"ngg-gallery-thumbnail-box\" >\n\t\t\t\t        <div class=\"ngg-gallery-thumbnail\">\n            <a href=\"http:\/\/www.freimarianne.ch\/wp-content\/gallery\/rigi-30-12-16\/IMG_3966.jpg\"\n               title=\"ein sch\u00f6ner Ausblick\"\n               data-src=\"http:\/\/www.freimarianne.ch\/wp-content\/gallery\/rigi-30-12-16\/IMG_3966.jpg\"\n               data-thumbnail=\"http:\/\/www.freimarianne.ch\/wp-content\/gallery\/rigi-30-12-16\/thumbs\/thumbs_IMG_3966.jpg\"\n               data-image-id=\"15118\"\n               data-title=\"ein sch\u00c3\u00b6ner Ausblick\"\n               data-description=\"ein sch\u00f6ner Ausblick\"\n               data-image-slug=\"img_3966-4\"\n               class=\"shutterset_22537\">\n                <img\n                    title=\"ein sch\u00c3\u00b6ner Ausblick\"\n                    alt=\"ein sch\u00c3\u00b6ner Ausblick\"\n                    src=\"http:\/\/www.freimarianne.ch\/wp-content\/gallery\/rigi-30-12-16\/thumbs\/thumbs_IMG_3966.jpg\"\n                    width=\"100\"\n                    height=\"75\"\n                    style=\"max-width:100%;\"\n                \/>\n            <\/a>\n        <\/div>\n\t\t\t\t\t\t\t<\/div> \n\t\t\t\n        \n\t\t\t\t<div id=\"ngg-image-9\" class=\"ngg-gallery-thumbnail-box\" >\n\t\t\t\t        <div class=\"ngg-gallery-thumbnail\">\n            <a href=\"http:\/\/www.freimarianne.ch\/wp-content\/gallery\/rigi-30-12-16\/IMG_3975.jpg\"\n               title=\"oberhalb des Ch\u00e4nzelis; Bouchserhorn\"\n               data-src=\"http:\/\/www.freimarianne.ch\/wp-content\/gallery\/rigi-30-12-16\/IMG_3975.jpg\"\n               data-thumbnail=\"http:\/\/www.freimarianne.ch\/wp-content\/gallery\/rigi-30-12-16\/thumbs\/thumbs_IMG_3975.jpg\"\n               data-image-id=\"15117\"\n               data-title=\"oberhalb des Ch\u00c3\u00a4nzelis; Bouchserhorn\"\n               data-description=\"oberhalb des Ch\u00e4nzelis; Bouchserhorn\"\n               data-image-slug=\"img_3975-4\"\n               class=\"shutterset_22537\">\n                <img\n                    title=\"oberhalb des Ch\u00c3\u00a4nzelis; Bouchserhorn\"\n                    alt=\"oberhalb des Ch\u00c3\u00a4nzelis; Bouchserhorn\"\n                    src=\"http:\/\/www.freimarianne.ch\/wp-content\/gallery\/rigi-30-12-16\/thumbs\/thumbs_IMG_3975.jpg\"\n                    width=\"100\"\n                    height=\"75\"\n                    style=\"max-width:100%;\"\n                \/>\n            <\/a>\n        <\/div>\n\t\t\t\t\t\t\t<\/div> \n\t\t\t\n        \n\t\t\t\t<div id=\"ngg-image-10\" class=\"ngg-gallery-thumbnail-box\" >\n\t\t\t\t        <div class=\"ngg-gallery-thumbnail\">\n            <a href=\"http:\/\/www.freimarianne.ch\/wp-content\/gallery\/rigi-30-12-16\/IMG_3980.jpg\"\n               title=\"Blick zum Vitznauerstock, Niederbauen und Obebauen\"\n               data-src=\"http:\/\/www.freimarianne.ch\/wp-content\/gallery\/rigi-30-12-16\/IMG_3980.jpg\"\n               data-thumbnail=\"http:\/\/www.freimarianne.ch\/wp-content\/gallery\/rigi-30-12-16\/thumbs\/thumbs_IMG_3980.jpg\"\n               data-image-id=\"15116\"\n               data-title=\"Blick zum Vitznauerstock, Niederbauen und Obebauen\"\n               data-description=\"Blick zum Vitznauerstock, Niederbauen und Obebauen\"\n               data-image-slug=\"img_3980-1\"\n               class=\"shutterset_22537\">\n                <img\n                    title=\"Blick zum Vitznauerstock, Niederbauen und Obebauen\"\n                    alt=\"Blick zum Vitznauerstock, Niederbauen und Obebauen\"\n                    src=\"http:\/\/www.freimarianne.ch\/wp-content\/gallery\/rigi-30-12-16\/thumbs\/thumbs_IMG_3980.jpg\"\n                    width=\"100\"\n                    height=\"75\"\n                    style=\"max-width:100%;\"\n                \/>\n            <\/a>\n        <\/div>\n\t\t\t\t\t\t\t<\/div> \n\t\t\t\n        \n\t\t\t\t<div id=\"ngg-image-11\" class=\"ngg-gallery-thumbnail-box\" >\n\t\t\t\t        <div class=\"ngg-gallery-thumbnail\">\n            <a href=\"http:\/\/www.freimarianne.ch\/wp-content\/gallery\/rigi-30-12-16\/IMG_3985.jpg\"\n               title=\"Blick zum Vitznauerstock, Niederbauen\"\n               data-src=\"http:\/\/www.freimarianne.ch\/wp-content\/gallery\/rigi-30-12-16\/IMG_3985.jpg\"\n               data-thumbnail=\"http:\/\/www.freimarianne.ch\/wp-content\/gallery\/rigi-30-12-16\/thumbs\/thumbs_IMG_3985.jpg\"\n               data-image-id=\"15115\"\n               data-title=\"Blick zum Vitznauerstock, Niederbauen\"\n               data-description=\"Blick zum Vitznauerstock, Niederbauen\"\n               data-image-slug=\"img_3985-3\"\n               class=\"shutterset_22537\">\n                <img\n                    title=\"Blick zum Vitznauerstock, Niederbauen\"\n                    alt=\"Blick zum Vitznauerstock, Niederbauen\"\n                    src=\"http:\/\/www.freimarianne.ch\/wp-content\/gallery\/rigi-30-12-16\/thumbs\/thumbs_IMG_3985.jpg\"\n                    width=\"100\"\n                    height=\"75\"\n                    style=\"max-width:100%;\"\n                \/>\n            <\/a>\n        <\/div>\n\t\t\t\t\t\t\t<\/div> \n\t\t\t\n        \n\t\t\n\t\t<!-- Pagination -->\n\t<div class='ngg-clear'><\/div>\t<\/div>\n<\/p>\n","protected":false},"excerpt":{"rendered":"<p>Ausflug auf die Rigi Heute soll einer der letzten sch\u00f6nen Tage sein, von denen wir viele hatten im Dezember. Aber heute liegt eine z\u00e4he Nelbeldecke \u00fcber weiten Teilen des Landes. Die Rigi ist nat\u00fcrlich frei und wir k\u00f6nnen einen Sonnentag geniessen. Nat\u00fcrlich hatten auch andere die Idee, diesen Tag auf der Rigi zu verbringen. Mit [&hellip;]<\/p>\n","protected":false},"author":1,"featured_media":0,"parent":21879,"menu_order":12,"comment_status":"closed","ping_status":"closed","template":"","meta":{"ngg_post_thumbnail":0},"_links":{"self":[{"href":"http:\/\/www.freimarianne.ch\/index.php?rest_route=\/wp\/v2\/pages\/22333"}],"collection":[{"href":"http:\/\/www.freimarianne.ch\/index.php?rest_route=\/wp\/v2\/pages"}],"about":[{"href":"http:\/\/www.freimarianne.ch\/index.php?rest_route=\/wp\/v2\/types\/page"}],"author":[{"embeddable":true,"href":"http:\/\/www.freimarianne.ch\/index.php?rest_route=\/wp\/v2\/users\/1"}],"replies":[{"embeddable":true,"href":"http:\/\/www.freimarianne.ch\/index.php?rest_route=%2Fwp%2Fv2%2Fcomments&post=22333"}],"version-history":[{"count":4,"href":"http:\/\/www.freimarianne.ch\/index.php?rest_route=\/wp\/v2\/pages\/22333\/revisions"}],"predecessor-version":[{"id":22540,"href":"http:\/\/www.freimarianne.ch\/index.php?rest_route=\/wp\/v2\/pages\/22333\/revisions\/22540"}],"up":[{"embeddable":true,"href":"http:\/\/www.freimarianne.ch\/index.php?rest_route=\/wp\/v2\/pages\/21879"}],"wp:attachment":[{"href":"http:\/\/www.freimarianne.ch\/index.php?rest_route=%2Fwp%2Fv2%2Fmedia&parent=22333"}],"curies":[{"name":"wp","href":"https:\/\/api.w.org\/{rel}","templated":true}]}}