{"id":30067,"date":"2018-06-03T09:47:12","date_gmt":"2018-06-03T08:47:12","guid":{"rendered":"http:\/\/www.freimarianne.ch\/?page_id=30067"},"modified":"2018-06-06T16:44:34","modified_gmt":"2018-06-06T15:44:34","slug":"kykladen-25-5-2018","status":"publish","type":"page","link":"http:\/\/www.freimarianne.ch\/?page_id=30067","title":{"rendered":"Kykladen 25.5.2018"},"content":{"rendered":"<p><strong>25.5.2018: Transfer von Amorgos nach Mykonos<\/strong><\/p>\n<p><img loading=\"lazy\" class=\"size-full wp-image-30081\" src=\"http:\/\/www.freimarianne.ch\/wp-content\/uploads\/2018\/06\/IMG_5535_25.5.18_500.jpg\" alt=\"\" width=\"500\" height=\"343\" srcset=\"http:\/\/www.freimarianne.ch\/wp-content\/uploads\/2018\/06\/IMG_5535_25.5.18_500.jpg 500w, http:\/\/www.freimarianne.ch\/wp-content\/uploads\/2018\/06\/IMG_5535_25.5.18_500-300x206.jpg 300w, http:\/\/www.freimarianne.ch\/wp-content\/uploads\/2018\/06\/IMG_5535_25.5.18_500-437x300.jpg 437w\" sizes=\"(max-width: 500px) 100vw, 500px\" \/><\/p>\n<p>Heute ist wieder ein Transfertag! Wir fahren schon um 7.00h in Katapola mit der F\u00e4hre mit dem Ziel Naxos ab. Dieses Mal dauert die \u00dcberfahrt ca. 3h Stunden. In Naxos haben wir noch Zeit f\u00fcr Einkaufen und Einkehren. Um 14.00 sollte die F\u00e4hre nach Mykonos fahren aber sie f\u00e4hrt dann erst um 16.00h.<br \/>\nDie lange Wartezeit verbringen wir in der Stadt und am Strand hinter der Altstadt. Das Meer ist recht wild. Das l\u00e4sst Schlechtes f\u00fcr die \u00dcberfahrt ahnen!<br \/>\nDa wir aber eine grossen, moderne F\u00e4hre benutzen, ist die Fahrt kein Problem. Wir landen wohlbehalten im neuen Hafen von Mykonos, wo uns ein Riesen- Kreuzfahrtschiff schon das Ausmass des Tourismus auf dieser Insel ahnen l\u00e4sst.<br \/>\nDas Hotel Alkistis in Agios Stepanus ist gar nicht nach unserem Geschmack. Es liegt an einem Berghang und man muss sehr viele Treppen zu den Zimmern hochgehen. Ein Lift fehlt nat\u00fcrlich! Die jungen M\u00e4nner, die uns die Koffer \u00fcber 100 Treppenstufen hinauftragen m\u00fcssen tun uns leid! Auch die Zimmer sind unpraktisch eingerichtet. Zum Gl\u00fcck werden wir hier nur 2 N\u00e4chte verbringen.<\/p>\n<p><!-- index.php -->\n<div\n\tclass=\"ngg-galleryoverview ngg-ajax-pagination-none\"\n\tid=\"ngg-gallery-30972-1\">\n\n    \t<div class=\"slideshowlink\">\n        <a href='http:\/\/www.freimarianne.ch\/index.php\/nggallery\/slideshow?page_id=30067'>[Show as slideshow]<\/a>\n\t\t\n\t<\/div>\n\t\t\t<!-- Thumbnails -->\n\t\t\t\t<div id=\"ngg-image-0\" class=\"ngg-gallery-thumbnail-box\" >\n\t\t\t\t        <div class=\"ngg-gallery-thumbnail\">\n            <a href=\"http:\/\/www.freimarianne.ch\/wp-content\/gallery\/kykladen-25-5-18\/IMG_5526.jpg\"\n               title=\"Hafen von Katapopla, unser Schiff nach Naxos\"\n               data-src=\"http:\/\/www.freimarianne.ch\/wp-content\/gallery\/kykladen-25-5-18\/IMG_5526.jpg\"\n               data-thumbnail=\"http:\/\/www.freimarianne.ch\/wp-content\/gallery\/kykladen-25-5-18\/thumbs\/thumbs_IMG_5526.jpg\"\n               data-image-id=\"18425\"\n               data-title=\"Hafen von Katapopla, unser Schiff nach Naxos\"\n               data-description=\"Hafen von Katapopla, unser Schiff nach Naxos\"\n               data-image-slug=\"img_5526-1\"\n               class=\"shutterset_30972\">\n                <img\n                    title=\"Hafen von Katapopla, unser Schiff nach Naxos\"\n                    alt=\"Hafen von Katapopla, unser Schiff nach Naxos\"\n                    src=\"http:\/\/www.freimarianne.ch\/wp-content\/gallery\/kykladen-25-5-18\/thumbs\/thumbs_IMG_5526.jpg\"\n                    width=\"100\"\n                    height=\"75\"\n                    style=\"max-width:100%;\"\n                \/>\n            <\/a>\n        <\/div>\n\t\t\t\t\t\t\t<\/div> \n\t\t\t\n        \n\t\t\t\t<div id=\"ngg-image-1\" class=\"ngg-gallery-thumbnail-box\" >\n\t\t\t\t        <div class=\"ngg-gallery-thumbnail\">\n            <a href=\"http:\/\/www.freimarianne.ch\/wp-content\/gallery\/kykladen-25-5-18\/IMG_5527.jpg\"\n               title=\"ein Blick  zur\u00fcck nach Katapola\"\n               data-src=\"http:\/\/www.freimarianne.ch\/wp-content\/gallery\/kykladen-25-5-18\/IMG_5527.jpg\"\n               data-thumbnail=\"http:\/\/www.freimarianne.ch\/wp-content\/gallery\/kykladen-25-5-18\/thumbs\/thumbs_IMG_5527.jpg\"\n               data-image-id=\"18424\"\n               data-title=\"ein Blick  zur\u00c3\u00bcck nach Katapola\"\n               data-description=\"ein Blick  zur\u00fcck nach Katapola\"\n               data-image-slug=\"img_5527-1\"\n               class=\"shutterset_30972\">\n                <img\n                    title=\"ein Blick  zur\u00c3\u00bcck nach Katapola\"\n                    alt=\"ein Blick  zur\u00c3\u00bcck nach Katapola\"\n                    src=\"http:\/\/www.freimarianne.ch\/wp-content\/gallery\/kykladen-25-5-18\/thumbs\/thumbs_IMG_5527.jpg\"\n                    width=\"100\"\n                    height=\"75\"\n                    style=\"max-width:100%;\"\n                \/>\n            <\/a>\n        <\/div>\n\t\t\t\t\t\t\t<\/div> \n\t\t\t\n        \n\t\t\t\t<div id=\"ngg-image-2\" class=\"ngg-gallery-thumbnail-box\" >\n\t\t\t\t        <div class=\"ngg-gallery-thumbnail\">\n            <a href=\"http:\/\/www.freimarianne.ch\/wp-content\/gallery\/kykladen-25-5-18\/IMG_5531.jpg\"\n               title=\"auf der F\u00e4hre\"\n               data-src=\"http:\/\/www.freimarianne.ch\/wp-content\/gallery\/kykladen-25-5-18\/IMG_5531.jpg\"\n               data-thumbnail=\"http:\/\/www.freimarianne.ch\/wp-content\/gallery\/kykladen-25-5-18\/thumbs\/thumbs_IMG_5531.jpg\"\n               data-image-id=\"18423\"\n               data-title=\"auf der F\u00c3\u00a4hre\"\n               data-description=\"auf der F\u00e4hre\"\n               data-image-slug=\"img_5531\"\n               class=\"shutterset_30972\">\n                <img\n                    title=\"auf der F\u00c3\u00a4hre\"\n                    alt=\"auf der F\u00c3\u00a4hre\"\n                    src=\"http:\/\/www.freimarianne.ch\/wp-content\/gallery\/kykladen-25-5-18\/thumbs\/thumbs_IMG_5531.jpg\"\n                    width=\"100\"\n                    height=\"75\"\n                    style=\"max-width:100%;\"\n                \/>\n            <\/a>\n        <\/div>\n\t\t\t\t\t\t\t<\/div> \n\t\t\t\n        \n\t\t\t\t<div id=\"ngg-image-3\" class=\"ngg-gallery-thumbnail-box\" >\n\t\t\t\t        <div class=\"ngg-gallery-thumbnail\">\n            <a href=\"http:\/\/www.freimarianne.ch\/wp-content\/gallery\/kykladen-25-5-18\/IMG_5537.jpg\"\n               title=\"Warten auf die F\u00e4hre am Strand in Naxos\"\n               data-src=\"http:\/\/www.freimarianne.ch\/wp-content\/gallery\/kykladen-25-5-18\/IMG_5537.jpg\"\n               data-thumbnail=\"http:\/\/www.freimarianne.ch\/wp-content\/gallery\/kykladen-25-5-18\/thumbs\/thumbs_IMG_5537.jpg\"\n               data-image-id=\"18422\"\n               data-title=\"Warten auf die F\u00c3\u00a4hre am Strand in Naxos\"\n               data-description=\"Warten auf die F\u00e4hre am Strand in Naxos\"\n               data-image-slug=\"img_5537-1\"\n               class=\"shutterset_30972\">\n                <img\n                    title=\"Warten auf die F\u00c3\u00a4hre am Strand in Naxos\"\n                    alt=\"Warten auf die F\u00c3\u00a4hre am Strand in Naxos\"\n                    src=\"http:\/\/www.freimarianne.ch\/wp-content\/gallery\/kykladen-25-5-18\/thumbs\/thumbs_IMG_5537.jpg\"\n                    width=\"100\"\n                    height=\"75\"\n                    style=\"max-width:100%;\"\n                \/>\n            <\/a>\n        <\/div>\n\t\t\t\t\t\t\t<\/div> \n\t\t\t\n        \n\t\t\t\t<div id=\"ngg-image-4\" class=\"ngg-gallery-thumbnail-box\" >\n\t\t\t\t        <div class=\"ngg-gallery-thumbnail\">\n            <a href=\"http:\/\/www.freimarianne.ch\/wp-content\/gallery\/kykladen-25-5-18\/IMG_5542.jpg\"\n               title=\"in Mykonos; Kreuzfahrtschiff\"\n               data-src=\"http:\/\/www.freimarianne.ch\/wp-content\/gallery\/kykladen-25-5-18\/IMG_5542.jpg\"\n               data-thumbnail=\"http:\/\/www.freimarianne.ch\/wp-content\/gallery\/kykladen-25-5-18\/thumbs\/thumbs_IMG_5542.jpg\"\n               data-image-id=\"18421\"\n               data-title=\"in Mykonos; Kreuzfahrtschiff\"\n               data-description=\"in Mykonos; Kreuzfahrtschiff\"\n               data-image-slug=\"img_5542-1\"\n               class=\"shutterset_30972\">\n                <img\n                    title=\"in Mykonos; Kreuzfahrtschiff\"\n                    alt=\"in Mykonos; Kreuzfahrtschiff\"\n                    src=\"http:\/\/www.freimarianne.ch\/wp-content\/gallery\/kykladen-25-5-18\/thumbs\/thumbs_IMG_5542.jpg\"\n                    width=\"100\"\n                    height=\"75\"\n                    style=\"max-width:100%;\"\n                \/>\n            <\/a>\n        <\/div>\n\t\t\t\t\t\t\t<\/div> \n\t\t\t\n        \n\t\t\t\t<div id=\"ngg-image-5\" class=\"ngg-gallery-thumbnail-box\" >\n\t\t\t\t        <div class=\"ngg-gallery-thumbnail\">\n            <a href=\"http:\/\/www.freimarianne.ch\/wp-content\/gallery\/kykladen-25-5-18\/IMG_5543.jpg\"\n               title=\"am Abend in der Taverne\"\n               data-src=\"http:\/\/www.freimarianne.ch\/wp-content\/gallery\/kykladen-25-5-18\/IMG_5543.jpg\"\n               data-thumbnail=\"http:\/\/www.freimarianne.ch\/wp-content\/gallery\/kykladen-25-5-18\/thumbs\/thumbs_IMG_5543.jpg\"\n               data-image-id=\"18420\"\n               data-title=\"am Abend in der Taverne\"\n               data-description=\"am Abend in der Taverne\"\n               data-image-slug=\"img_5543-1\"\n               class=\"shutterset_30972\">\n                <img\n                    title=\"am Abend in der Taverne\"\n                    alt=\"am Abend in der Taverne\"\n                    src=\"http:\/\/www.freimarianne.ch\/wp-content\/gallery\/kykladen-25-5-18\/thumbs\/thumbs_IMG_5543.jpg\"\n                    width=\"100\"\n                    height=\"75\"\n                    style=\"max-width:100%;\"\n                \/>\n            <\/a>\n        <\/div>\n\t\t\t\t\t\t\t<\/div> \n\t\t\t\n        \n\t\t\n\t\t<!-- Pagination -->\n\t<div class='ngg-clear'><\/div>\t<\/div>\n<\/p>\n","protected":false},"excerpt":{"rendered":"<p>25.5.2018: Transfer von Amorgos nach Mykonos Heute ist wieder ein Transfertag! Wir fahren schon um 7.00h in Katapola mit der F\u00e4hre mit dem Ziel Naxos ab. Dieses Mal dauert die \u00dcberfahrt ca. 3h Stunden. In Naxos haben wir noch Zeit f\u00fcr Einkaufen und Einkehren. Um 14.00 sollte die F\u00e4hre nach Mykonos fahren aber sie f\u00e4hrt [&hellip;]<\/p>\n","protected":false},"author":1,"featured_media":0,"parent":30030,"menu_order":12,"comment_status":"closed","ping_status":"closed","template":"","meta":{"ngg_post_thumbnail":0},"_links":{"self":[{"href":"http:\/\/www.freimarianne.ch\/index.php?rest_route=\/wp\/v2\/pages\/30067"}],"collection":[{"href":"http:\/\/www.freimarianne.ch\/index.php?rest_route=\/wp\/v2\/pages"}],"about":[{"href":"http:\/\/www.freimarianne.ch\/index.php?rest_route=\/wp\/v2\/types\/page"}],"author":[{"embeddable":true,"href":"http:\/\/www.freimarianne.ch\/index.php?rest_route=\/wp\/v2\/users\/1"}],"replies":[{"embeddable":true,"href":"http:\/\/www.freimarianne.ch\/index.php?rest_route=%2Fwp%2Fv2%2Fcomments&post=30067"}],"version-history":[{"count":4,"href":"http:\/\/www.freimarianne.ch\/index.php?rest_route=\/wp\/v2\/pages\/30067\/revisions"}],"predecessor-version":[{"id":30973,"href":"http:\/\/www.freimarianne.ch\/index.php?rest_route=\/wp\/v2\/pages\/30067\/revisions\/30973"}],"up":[{"embeddable":true,"href":"http:\/\/www.freimarianne.ch\/index.php?rest_route=\/wp\/v2\/pages\/30030"}],"wp:attachment":[{"href":"http:\/\/www.freimarianne.ch\/index.php?rest_route=%2Fwp%2Fv2%2Fmedia&parent=30067"}],"curies":[{"name":"wp","href":"https:\/\/api.w.org\/{rel}","templated":true}]}}