{"id":3401,"date":"2012-11-28T09:17:09","date_gmt":"2012-11-28T08:17:09","guid":{"rendered":"http:\/\/www.freimarianne.ch\/?page_id=3401"},"modified":"2018-01-03T10:09:14","modified_gmt":"2018-01-03T09:09:14","slug":"wanderung-mit-akzent-forum","status":"publish","type":"page","link":"http:\/\/www.freimarianne.ch\/?page_id=3401","title":{"rendered":"Wanderungen von 2012 bis 2017"},"content":{"rendered":"<p><strong>Wanderungen mit der Bergwandergruppe 2012, 2013, 2014, 2015, 2016, 2017<\/strong><br \/>\nGruppe aufgel\u00f6st Ende 2017<br \/>\n<img loading=\"lazy\" class=\"alignleft size-full wp-image-3407\" title=\"IMG_9345_akzent_500\" src=\"http:\/\/www.freimarianne.ch\/wp-content\/uploads\/2012\/11\/IMG_9345_akzent_500.jpg\" alt=\"\" width=\"500\" height=\"375\" srcset=\"http:\/\/www.freimarianne.ch\/wp-content\/uploads\/2012\/11\/IMG_9345_akzent_500.jpg 500w, http:\/\/www.freimarianne.ch\/wp-content\/uploads\/2012\/11\/IMG_9345_akzent_500-300x225.jpg 300w\" sizes=\"(max-width: 500px) 100vw, 500px\" \/><\/p>\n<p><a href=\"http:\/\/www.freimarianne.ch\/?page_id=25844\">Napf 27.7.2017<\/a><br \/>\n<a href=\"http:\/\/www.freimarianne.ch\/?page_id=25376\">Kientaler H\u00f6henweg 4.7.2017<\/a><br \/>\n<a href=\"http:\/\/www.freimarianne.ch\/?page_id=23887\">Von K\u00fcssnacht nach Luzern 16.5.2017<\/a><br \/>\n<a href=\"http:\/\/www.freimarianne.ch\/?page_id=23160\">Winterwanderung Hasliberg 14.3.2017<\/a><br \/>\n<a href=\"http:\/\/www.freimarianne.ch\/?page_id=20578\">Fl\u00fcgenspitz, Amden SG 13.9.2016<\/a><br \/>\n<a href=\"http:\/\/www.freimarianne.ch\/?page_id=18719\">Eigertrail 19.7.2016<\/a><br \/>\n<a href=\"http:\/\/www.freimarianne.ch\/?page_id=17012\">Sommerwies-Hemmental 7.6.2016<\/a><br \/>\n<a href=\"http:\/\/www.freimarianne.ch\/?page_id=16067\">Fiescheralp-Riederalp 15.3.2016<\/a><br \/>\n<a href=\"http:\/\/www.freimarianne.ch\/?page_id=13841\">Guggisee VS 13.10.2015<\/a><br \/>\n<a href=\"http:\/\/www.freimarianne.ch\/?page_id=10200\">R\u00e4misgummenhoger 14.4 2015<\/a><br \/>\n<a href=\"http:\/\/www.freimarianne.ch\/?page_id=9836\">Kandersteg 10.3.2015<\/a><br \/>\n<a href=\"http:\/\/www.freimarianne.ch\/?page_id=7646\">Twannbachschlucht 14.10.2014<\/a><br \/>\n<a href=\"http:\/\/www.freimarianne.ch\/?page_id=5959\">Wannihorn 12.8.2014<\/a><br \/>\n<a href=\"http:\/\/www.freimarianne.ch\/?page_id=5351\">Stanserhorn 17.6.2014<\/a><br \/>\n<a href=\"http:\/\/www.freimarianne.ch\/?page_id=5270\">Creux du Van 20.5.2014<\/a><br \/>\n<a href=\"http:\/\/www.freimarianne.ch\/?page_id=5217\">Belpberg 15.4.2014<\/a><br \/>\n<a href=\"http:\/\/www.freimarianne.ch\/?page_id=5082\">Rigi Scheidegg 11.3.2014<\/a><br \/>\n<a href=\"http:\/\/www.freimarianne.ch\/?page_id=4643\">Stand\/Moosalp; VS 8.10.2013<\/a><br \/>\n<a href=\"http:\/\/www.freimarianne.ch\/?page_id=3887\">Breccaschlund, Schwarzsee FR 11.6.2013<\/a><br \/>\n<a href=\"http:\/\/www.freimarianne.ch\/?page_id=3821\">Les Pl\u00e9jades 14.5.2013<\/a><br \/>\n<a href=\"http:\/\/www.freimarianne.ch\/?page_id=3766\">Imihubel 16.4.2013<\/a><br \/>\n<a href=\"http:\/\/www.freimarianne.ch\/?page_id=3641\">Um den Piz Mundaun 5.3.2013<\/a><br \/>\n<a href=\"http:\/\/www.freimarianne.ch\/?page_id=3272\">Kunkelpass 2.10.2012<\/a><br \/>\n<a href=\"http:\/\/www.freimarianne.ch\/?page_id=3159\">Hoch-Ybrig 4.9.2012<\/a><br \/>\n<a href=\"http:\/\/www.freimarianne.ch\/?page_id=3055\">Aletsch 7.8.2012<\/a><br \/>\n<a href=\"http:\/\/www.freimarianne.ch\/?page_id=3002\">Niesen 10.7.2012<\/a><br \/>\n<a href=\"http:\/\/www.freimarianne.ch\/?page_id=2852\">Gnipen-Wildspitz 29.5.2012<\/a><br \/>\n<a href=\"http:\/\/www.freimarianne.ch\/?page_id=2678\">M\u00fclenen-Leissigen Panoramaweg 8.5.2012<\/a><br \/>\nG\u00fcrbentaler H\u00f6henweg 3.4.2012 (keine Bilder)<br \/>\n<a href=\"http:\/\/www.freimarianne.ch\/?page_id=2615\">Niederhorn, Beatenberg 6.3.2012<\/a><\/p>\n","protected":false},"excerpt":{"rendered":"<p>Wanderungen mit der Bergwandergruppe 2012, 2013, 2014, 2015, 2016, 2017 Gruppe aufgel\u00f6st Ende 2017 Napf 27.7.2017 Kientaler H\u00f6henweg 4.7.2017 Von K\u00fcssnacht nach Luzern 16.5.2017 Winterwanderung Hasliberg 14.3.2017 Fl\u00fcgenspitz, Amden SG 13.9.2016 Eigertrail 19.7.2016 Sommerwies-Hemmental 7.6.2016 Fiescheralp-Riederalp 15.3.2016 Guggisee VS 13.10.2015 R\u00e4misgummenhoger 14.4 2015 Kandersteg 10.3.2015 Twannbachschlucht 14.10.2014 Wannihorn 12.8.2014 Stanserhorn 17.6.2014 Creux du Van 20.5.2014 [&hellip;]<\/p>\n","protected":false},"author":1,"featured_media":0,"parent":0,"menu_order":500,"comment_status":"closed","ping_status":"closed","template":"","meta":{"ngg_post_thumbnail":0},"_links":{"self":[{"href":"http:\/\/www.freimarianne.ch\/index.php?rest_route=\/wp\/v2\/pages\/3401"}],"collection":[{"href":"http:\/\/www.freimarianne.ch\/index.php?rest_route=\/wp\/v2\/pages"}],"about":[{"href":"http:\/\/www.freimarianne.ch\/index.php?rest_route=\/wp\/v2\/types\/page"}],"author":[{"embeddable":true,"href":"http:\/\/www.freimarianne.ch\/index.php?rest_route=\/wp\/v2\/users\/1"}],"replies":[{"embeddable":true,"href":"http:\/\/www.freimarianne.ch\/index.php?rest_route=%2Fwp%2Fv2%2Fcomments&post=3401"}],"version-history":[{"count":50,"href":"http:\/\/www.freimarianne.ch\/index.php?rest_route=\/wp\/v2\/pages\/3401\/revisions"}],"predecessor-version":[{"id":28433,"href":"http:\/\/www.freimarianne.ch\/index.php?rest_route=\/wp\/v2\/pages\/3401\/revisions\/28433"}],"wp:attachment":[{"href":"http:\/\/www.freimarianne.ch\/index.php?rest_route=%2Fwp%2Fv2%2Fmedia&parent=3401"}],"curies":[{"name":"wp","href":"https:\/\/api.w.org\/{rel}","templated":true}]}}