{"id":3450,"date":"2012-12-10T09:18:18","date_gmt":"2012-12-10T08:18:18","guid":{"rendered":"http:\/\/www.freimarianne.ch\/?page_id=3450"},"modified":"2012-12-21T09:45:27","modified_gmt":"2012-12-21T08:45:27","slug":"meltingen-nunningen-8-12-2012","status":"publish","type":"page","link":"http:\/\/www.freimarianne.ch\/?page_id=3450","title":{"rendered":"Meltingen-Nunningen 8.12.2012"},"content":{"rendered":"<p><strong>Schneeschuhtour im Schwarzbubenland,Solothurn bei Neuschnee<\/strong><br \/>\nMeltingen; Besuch der Wallfahrtskirche &#8221; Maria im Hag&#8221;<br \/>\nWanderung auf dem Chilchberg zur Kreuzung G\u00fcggelhof. Hinauf \u00fcber Str\u00e4sschen und dann Wanderweg zum Picknickplatz Ch\u00e4sel. \u00dcber den Hohr\u00fctigrat zum Meltingerberg und gleichnamigen Restaurant. \u00dcber Chr\u00fczboden und Seniorenweglein und Foggel<br \/>\nzu Pkt. 876m unterhalb Portiflue. Hinunter nach Nunningen.<br \/>\nLaut GPS: Distanz 9.3km; Aufstieg 463m; Abstieg 447m; Marschzeit 4 h 16 min<br \/>\n<img loading=\"lazy\" src=\"http:\/\/www.freimarianne.ch\/wp-content\/uploads\/2012\/12\/IMG_1749_2_500.jpg\" alt=\"\" title=\"IMG_1749_2_500\" width=\"500\" height=\"375\" class=\"alignright size-full wp-image-3461\" srcset=\"http:\/\/www.freimarianne.ch\/wp-content\/uploads\/2012\/12\/IMG_1749_2_500.jpg 500w, http:\/\/www.freimarianne.ch\/wp-content\/uploads\/2012\/12\/IMG_1749_2_500-300x225.jpg 300w\" sizes=\"(max-width: 500px) 100vw, 500px\" \/><\/a><br \/>\n<!-- index.php -->\n<div\n\tclass=\"ngg-galleryoverview ngg-ajax-pagination-none\"\n\tid=\"ngg-gallery-19a920049bd8d2761182d33e4d0c0d21-1\">\n\n    \t<div class=\"slideshowlink\">\n        <a href='http:\/\/www.freimarianne.ch\/index.php\/nggallery\/slideshow?page_id=3450'>[Show as slideshow]<\/a>\n\t\t\n\t<\/div>\n\t\t\t<!-- Thumbnails -->\n\t\t\t\t<div id=\"ngg-image-0\" class=\"ngg-gallery-thumbnail-box\" >\n\t\t\t\t        <div class=\"ngg-gallery-thumbnail\">\n            <a href=\"http:\/\/www.freimarianne.ch\/wp-content\/gallery\/meltingen-nunningen-8-12-12\/img_1745.jpg\"\n               title=\"\"\n               data-src=\"http:\/\/www.freimarianne.ch\/wp-content\/gallery\/meltingen-nunningen-8-12-12\/img_1745.jpg\"\n               data-thumbnail=\"http:\/\/www.freimarianne.ch\/wp-content\/gallery\/meltingen-nunningen-8-12-12\/thumbs\/thumbs_img_1745.jpg\"\n               data-image-id=\"6062\"\n               data-title=\"img_1745\"\n               data-description=\"\"\n               data-image-slug=\"img_1745\"\n               class=\"shutterset_19a920049bd8d2761182d33e4d0c0d21\">\n                <img\n                    title=\"img_1745\"\n                    alt=\"img_1745\"\n                    src=\"http:\/\/www.freimarianne.ch\/wp-content\/gallery\/meltingen-nunningen-8-12-12\/cache\/img_1745.jpg-nggid046062-ngg0dyn-100x75x100-00f0w010c010r110f110r010t010.jpg\"\n                    width=\"100\"\n                    height=\"75\"\n                    style=\"max-width:100%;\"\n                \/>\n            <\/a>\n        <\/div>\n\t\t\t\t\t\t\t<\/div> \n\t\t\t\n                            \n\t\t\t\t<div id=\"ngg-image-1\" class=\"ngg-gallery-thumbnail-box\" >\n\t\t\t\t        <div class=\"ngg-gallery-thumbnail\">\n            <a href=\"http:\/\/www.freimarianne.ch\/wp-content\/gallery\/meltingen-nunningen-8-12-12\/img_1748.jpg\"\n               title=\"\"\n               data-src=\"http:\/\/www.freimarianne.ch\/wp-content\/gallery\/meltingen-nunningen-8-12-12\/img_1748.jpg\"\n               data-thumbnail=\"http:\/\/www.freimarianne.ch\/wp-content\/gallery\/meltingen-nunningen-8-12-12\/thumbs\/thumbs_img_1748.jpg\"\n               data-image-id=\"6063\"\n               data-title=\"img_1748\"\n               data-description=\"\"\n               data-image-slug=\"img_1748-2\"\n               class=\"shutterset_19a920049bd8d2761182d33e4d0c0d21\">\n                <img\n                    title=\"img_1748\"\n                    alt=\"img_1748\"\n                    src=\"http:\/\/www.freimarianne.ch\/wp-content\/gallery\/meltingen-nunningen-8-12-12\/cache\/img_1748.jpg-nggid046063-ngg0dyn-100x75x100-00f0w010c010r110f110r010t010.jpg\"\n                    width=\"100\"\n                    height=\"75\"\n                    style=\"max-width:100%;\"\n                \/>\n            <\/a>\n        <\/div>\n\t\t\t\t\t\t\t<\/div> \n\t\t\t\n                            \n\t\t\t\t<div id=\"ngg-image-2\" class=\"ngg-gallery-thumbnail-box\" >\n\t\t\t\t        <div class=\"ngg-gallery-thumbnail\">\n            <a href=\"http:\/\/www.freimarianne.ch\/wp-content\/gallery\/meltingen-nunningen-8-12-12\/img_1756.jpg\"\n               title=\"\"\n               data-src=\"http:\/\/www.freimarianne.ch\/wp-content\/gallery\/meltingen-nunningen-8-12-12\/img_1756.jpg\"\n               data-thumbnail=\"http:\/\/www.freimarianne.ch\/wp-content\/gallery\/meltingen-nunningen-8-12-12\/thumbs\/thumbs_img_1756.jpg\"\n               data-image-id=\"6064\"\n               data-title=\"img_1756\"\n               data-description=\"\"\n               data-image-slug=\"img_1756-2\"\n               class=\"shutterset_19a920049bd8d2761182d33e4d0c0d21\">\n                <img\n                    title=\"img_1756\"\n                    alt=\"img_1756\"\n                    src=\"http:\/\/www.freimarianne.ch\/wp-content\/gallery\/meltingen-nunningen-8-12-12\/cache\/img_1756.jpg-nggid046064-ngg0dyn-100x75x100-00f0w010c010r110f110r010t010.jpg\"\n                    width=\"100\"\n                    height=\"75\"\n                    style=\"max-width:100%;\"\n                \/>\n            <\/a>\n        <\/div>\n\t\t\t\t\t\t\t<\/div> \n\t\t\t\n                            \n\t\t\t\t<div id=\"ngg-image-3\" class=\"ngg-gallery-thumbnail-box\" >\n\t\t\t\t        <div class=\"ngg-gallery-thumbnail\">\n            <a href=\"http:\/\/www.freimarianne.ch\/wp-content\/gallery\/meltingen-nunningen-8-12-12\/img_1760.jpg\"\n               title=\"\"\n               data-src=\"http:\/\/www.freimarianne.ch\/wp-content\/gallery\/meltingen-nunningen-8-12-12\/img_1760.jpg\"\n               data-thumbnail=\"http:\/\/www.freimarianne.ch\/wp-content\/gallery\/meltingen-nunningen-8-12-12\/thumbs\/thumbs_img_1760.jpg\"\n               data-image-id=\"6065\"\n               data-title=\"img_1760\"\n               data-description=\"\"\n               data-image-slug=\"img_1760\"\n               class=\"shutterset_19a920049bd8d2761182d33e4d0c0d21\">\n                <img\n                    title=\"img_1760\"\n                    alt=\"img_1760\"\n                    src=\"http:\/\/www.freimarianne.ch\/wp-content\/gallery\/meltingen-nunningen-8-12-12\/cache\/img_1760.jpg-nggid046065-ngg0dyn-100x75x100-00f0w010c010r110f110r010t010.jpg\"\n                    width=\"100\"\n                    height=\"75\"\n                    style=\"max-width:100%;\"\n                \/>\n            <\/a>\n        <\/div>\n\t\t\t\t\t\t\t<\/div> \n\t\t\t\n                                    <br style=\"clear: both\" \/>\n                    \n\t\t\t\t<div id=\"ngg-image-4\" class=\"ngg-gallery-thumbnail-box\" >\n\t\t\t\t        <div class=\"ngg-gallery-thumbnail\">\n            <a href=\"http:\/\/www.freimarianne.ch\/wp-content\/gallery\/meltingen-nunningen-8-12-12\/img_1765.jpg\"\n               title=\"\"\n               data-src=\"http:\/\/www.freimarianne.ch\/wp-content\/gallery\/meltingen-nunningen-8-12-12\/img_1765.jpg\"\n               data-thumbnail=\"http:\/\/www.freimarianne.ch\/wp-content\/gallery\/meltingen-nunningen-8-12-12\/thumbs\/thumbs_img_1765.jpg\"\n               data-image-id=\"6066\"\n               data-title=\"img_1765\"\n               data-description=\"\"\n               data-image-slug=\"img_1765\"\n               class=\"shutterset_19a920049bd8d2761182d33e4d0c0d21\">\n                <img\n                    title=\"img_1765\"\n                    alt=\"img_1765\"\n                    src=\"http:\/\/www.freimarianne.ch\/wp-content\/gallery\/meltingen-nunningen-8-12-12\/cache\/img_1765.jpg-nggid046066-ngg0dyn-100x75x100-00f0w010c010r110f110r010t010.jpg\"\n                    width=\"100\"\n                    height=\"75\"\n                    style=\"max-width:100%;\"\n                \/>\n            <\/a>\n        <\/div>\n\t\t\t\t\t\t\t<\/div> \n\t\t\t\n                            \n\t\t\t\t<div id=\"ngg-image-5\" class=\"ngg-gallery-thumbnail-box\" >\n\t\t\t\t        <div class=\"ngg-gallery-thumbnail\">\n            <a href=\"http:\/\/www.freimarianne.ch\/wp-content\/gallery\/meltingen-nunningen-8-12-12\/img_1771.jpg\"\n               title=\"\"\n               data-src=\"http:\/\/www.freimarianne.ch\/wp-content\/gallery\/meltingen-nunningen-8-12-12\/img_1771.jpg\"\n               data-thumbnail=\"http:\/\/www.freimarianne.ch\/wp-content\/gallery\/meltingen-nunningen-8-12-12\/thumbs\/thumbs_img_1771.jpg\"\n               data-image-id=\"6067\"\n               data-title=\"img_1771\"\n               data-description=\"\"\n               data-image-slug=\"img_1771\"\n               class=\"shutterset_19a920049bd8d2761182d33e4d0c0d21\">\n                <img\n                    title=\"img_1771\"\n                    alt=\"img_1771\"\n                    src=\"http:\/\/www.freimarianne.ch\/wp-content\/gallery\/meltingen-nunningen-8-12-12\/cache\/img_1771.jpg-nggid046067-ngg0dyn-100x75x100-00f0w010c010r110f110r010t010.jpg\"\n                    width=\"56\"\n                    height=\"75\"\n                    style=\"max-width:100%;\"\n                \/>\n            <\/a>\n        <\/div>\n\t\t\t\t\t\t\t<\/div> \n\t\t\t\n                            \n\t\t\t\t<div id=\"ngg-image-6\" class=\"ngg-gallery-thumbnail-box\" >\n\t\t\t\t        <div class=\"ngg-gallery-thumbnail\">\n            <a href=\"http:\/\/www.freimarianne.ch\/wp-content\/gallery\/meltingen-nunningen-8-12-12\/img_1775.jpg\"\n               title=\"\"\n               data-src=\"http:\/\/www.freimarianne.ch\/wp-content\/gallery\/meltingen-nunningen-8-12-12\/img_1775.jpg\"\n               data-thumbnail=\"http:\/\/www.freimarianne.ch\/wp-content\/gallery\/meltingen-nunningen-8-12-12\/thumbs\/thumbs_img_1775.jpg\"\n               data-image-id=\"6068\"\n               data-title=\"img_1775\"\n               data-description=\"\"\n               data-image-slug=\"img_1775\"\n               class=\"shutterset_19a920049bd8d2761182d33e4d0c0d21\">\n                <img\n                    title=\"img_1775\"\n                    alt=\"img_1775\"\n                    src=\"http:\/\/www.freimarianne.ch\/wp-content\/gallery\/meltingen-nunningen-8-12-12\/cache\/img_1775.jpg-nggid046068-ngg0dyn-100x75x100-00f0w010c010r110f110r010t010.jpg\"\n                    width=\"100\"\n                    height=\"75\"\n                    style=\"max-width:100%;\"\n                \/>\n            <\/a>\n        <\/div>\n\t\t\t\t\t\t\t<\/div> \n\t\t\t\n                            \n\t\t\t\t<div id=\"ngg-image-7\" class=\"ngg-gallery-thumbnail-box\" >\n\t\t\t\t        <div class=\"ngg-gallery-thumbnail\">\n            <a href=\"http:\/\/www.freimarianne.ch\/wp-content\/gallery\/meltingen-nunningen-8-12-12\/img_1777.jpg\"\n               title=\"\"\n               data-src=\"http:\/\/www.freimarianne.ch\/wp-content\/gallery\/meltingen-nunningen-8-12-12\/img_1777.jpg\"\n               data-thumbnail=\"http:\/\/www.freimarianne.ch\/wp-content\/gallery\/meltingen-nunningen-8-12-12\/thumbs\/thumbs_img_1777.jpg\"\n               data-image-id=\"6069\"\n               data-title=\"img_1777\"\n               data-description=\"\"\n               data-image-slug=\"img_1777\"\n               class=\"shutterset_19a920049bd8d2761182d33e4d0c0d21\">\n                <img\n                    title=\"img_1777\"\n                    alt=\"img_1777\"\n                    src=\"http:\/\/www.freimarianne.ch\/wp-content\/gallery\/meltingen-nunningen-8-12-12\/cache\/img_1777.jpg-nggid046069-ngg0dyn-100x75x100-00f0w010c010r110f110r010t010.jpg\"\n                    width=\"100\"\n                    height=\"75\"\n                    style=\"max-width:100%;\"\n                \/>\n            <\/a>\n        <\/div>\n\t\t\t\t\t\t\t<\/div> \n\t\t\t\n                                    <br style=\"clear: both\" \/>\n                    \n\t\t\t\t<div id=\"ngg-image-8\" class=\"ngg-gallery-thumbnail-box\" >\n\t\t\t\t        <div class=\"ngg-gallery-thumbnail\">\n            <a href=\"http:\/\/www.freimarianne.ch\/wp-content\/gallery\/meltingen-nunningen-8-12-12\/img_1787.jpg\"\n               title=\"\"\n               data-src=\"http:\/\/www.freimarianne.ch\/wp-content\/gallery\/meltingen-nunningen-8-12-12\/img_1787.jpg\"\n               data-thumbnail=\"http:\/\/www.freimarianne.ch\/wp-content\/gallery\/meltingen-nunningen-8-12-12\/thumbs\/thumbs_img_1787.jpg\"\n               data-image-id=\"6070\"\n               data-title=\"img_1787\"\n               data-description=\"\"\n               data-image-slug=\"img_1787\"\n               class=\"shutterset_19a920049bd8d2761182d33e4d0c0d21\">\n                <img\n                    title=\"img_1787\"\n                    alt=\"img_1787\"\n                    src=\"http:\/\/www.freimarianne.ch\/wp-content\/gallery\/meltingen-nunningen-8-12-12\/cache\/img_1787.jpg-nggid046070-ngg0dyn-100x75x100-00f0w010c010r110f110r010t010.jpg\"\n                    width=\"100\"\n                    height=\"75\"\n                    style=\"max-width:100%;\"\n                \/>\n            <\/a>\n        <\/div>\n\t\t\t\t\t\t\t<\/div> \n\t\t\t\n                            \n\t\t\t\t<div id=\"ngg-image-9\" class=\"ngg-gallery-thumbnail-box\" >\n\t\t\t\t        <div class=\"ngg-gallery-thumbnail\">\n            <a href=\"http:\/\/www.freimarianne.ch\/wp-content\/gallery\/meltingen-nunningen-8-12-12\/img_1793.jpg\"\n               title=\"\"\n               data-src=\"http:\/\/www.freimarianne.ch\/wp-content\/gallery\/meltingen-nunningen-8-12-12\/img_1793.jpg\"\n               data-thumbnail=\"http:\/\/www.freimarianne.ch\/wp-content\/gallery\/meltingen-nunningen-8-12-12\/thumbs\/thumbs_img_1793.jpg\"\n               data-image-id=\"6071\"\n               data-title=\"img_1793\"\n               data-description=\"\"\n               data-image-slug=\"img_1793\"\n               class=\"shutterset_19a920049bd8d2761182d33e4d0c0d21\">\n                <img\n                    title=\"img_1793\"\n                    alt=\"img_1793\"\n                    src=\"http:\/\/www.freimarianne.ch\/wp-content\/gallery\/meltingen-nunningen-8-12-12\/cache\/img_1793.jpg-nggid046071-ngg0dyn-100x75x100-00f0w010c010r110f110r010t010.jpg\"\n                    width=\"100\"\n                    height=\"75\"\n                    style=\"max-width:100%;\"\n                \/>\n            <\/a>\n        <\/div>\n\t\t\t\t\t\t\t<\/div> \n\t\t\t\n                            \n\t\t\t\t<div id=\"ngg-image-10\" class=\"ngg-gallery-thumbnail-box\" >\n\t\t\t\t        <div class=\"ngg-gallery-thumbnail\">\n            <a href=\"http:\/\/www.freimarianne.ch\/wp-content\/gallery\/meltingen-nunningen-8-12-12\/img_1794-arbeitskopie-2.jpg\"\n               title=\"\"\n               data-src=\"http:\/\/www.freimarianne.ch\/wp-content\/gallery\/meltingen-nunningen-8-12-12\/img_1794-arbeitskopie-2.jpg\"\n               data-thumbnail=\"http:\/\/www.freimarianne.ch\/wp-content\/gallery\/meltingen-nunningen-8-12-12\/thumbs\/thumbs_img_1794-arbeitskopie-2.jpg\"\n               data-image-id=\"6072\"\n               data-title=\"img_1794-arbeitskopie-2\"\n               data-description=\"\"\n               data-image-slug=\"img_1794-arbeitskopie-2\"\n               class=\"shutterset_19a920049bd8d2761182d33e4d0c0d21\">\n                <img\n                    title=\"img_1794-arbeitskopie-2\"\n                    alt=\"img_1794-arbeitskopie-2\"\n                    src=\"http:\/\/www.freimarianne.ch\/wp-content\/gallery\/meltingen-nunningen-8-12-12\/cache\/img_1794-arbeitskopie-2.jpg-nggid046072-ngg0dyn-100x75x100-00f0w010c010r110f110r010t010.jpg\"\n                    width=\"100\"\n                    height=\"71\"\n                    style=\"max-width:100%;\"\n                \/>\n            <\/a>\n        <\/div>\n\t\t\t\t\t\t\t<\/div> \n\t\t\t\n                            \n\t\t\t\t<div id=\"ngg-image-11\" class=\"ngg-gallery-thumbnail-box\" >\n\t\t\t\t        <div class=\"ngg-gallery-thumbnail\">\n            <a href=\"http:\/\/www.freimarianne.ch\/wp-content\/gallery\/meltingen-nunningen-8-12-12\/img_1796.jpg\"\n               title=\"\"\n               data-src=\"http:\/\/www.freimarianne.ch\/wp-content\/gallery\/meltingen-nunningen-8-12-12\/img_1796.jpg\"\n               data-thumbnail=\"http:\/\/www.freimarianne.ch\/wp-content\/gallery\/meltingen-nunningen-8-12-12\/thumbs\/thumbs_img_1796.jpg\"\n               data-image-id=\"6073\"\n               data-title=\"img_1796\"\n               data-description=\"\"\n               data-image-slug=\"img_1796\"\n               class=\"shutterset_19a920049bd8d2761182d33e4d0c0d21\">\n                <img\n                    title=\"img_1796\"\n                    alt=\"img_1796\"\n                    src=\"http:\/\/www.freimarianne.ch\/wp-content\/gallery\/meltingen-nunningen-8-12-12\/cache\/img_1796.jpg-nggid046073-ngg0dyn-100x75x100-00f0w010c010r110f110r010t010.jpg\"\n                    width=\"100\"\n                    height=\"75\"\n                    style=\"max-width:100%;\"\n                \/>\n            <\/a>\n        <\/div>\n\t\t\t\t\t\t\t<\/div> \n\t\t\t\n                                    <br style=\"clear: both\" \/>\n                    \n\t\t\t\t<div id=\"ngg-image-12\" class=\"ngg-gallery-thumbnail-box\" >\n\t\t\t\t        <div class=\"ngg-gallery-thumbnail\">\n            <a href=\"http:\/\/www.freimarianne.ch\/wp-content\/gallery\/meltingen-nunningen-8-12-12\/route_swissmap.jpg\"\n               title=\"\"\n               data-src=\"http:\/\/www.freimarianne.ch\/wp-content\/gallery\/meltingen-nunningen-8-12-12\/route_swissmap.jpg\"\n               data-thumbnail=\"http:\/\/www.freimarianne.ch\/wp-content\/gallery\/meltingen-nunningen-8-12-12\/thumbs\/thumbs_route_swissmap.jpg\"\n               data-image-id=\"6074\"\n               data-title=\"route_swissmap\"\n               data-description=\"\"\n               data-image-slug=\"route_swissmap\"\n               class=\"shutterset_19a920049bd8d2761182d33e4d0c0d21\">\n                <img\n                    title=\"route_swissmap\"\n                    alt=\"route_swissmap\"\n                    src=\"http:\/\/www.freimarianne.ch\/wp-content\/gallery\/meltingen-nunningen-8-12-12\/cache\/route_swissmap.jpg-nggid046074-ngg0dyn-100x75x100-00f0w010c010r110f110r010t010.jpg\"\n                    width=\"100\"\n                    height=\"73\"\n                    style=\"max-width:100%;\"\n                \/>\n            <\/a>\n        <\/div>\n\t\t\t\t\t\t\t<\/div> \n\t\t\t\n                            \n\t\t\n\t\t<!-- Pagination -->\n\t<div class='ngg-clear'><\/div>\t<\/div>\n<\/p>\n","protected":false},"excerpt":{"rendered":"<p>Schneeschuhtour im Schwarzbubenland,Solothurn bei Neuschnee Meltingen; Besuch der Wallfahrtskirche &#8221; Maria im Hag&#8221; Wanderung auf dem Chilchberg zur Kreuzung G\u00fcggelhof. Hinauf \u00fcber Str\u00e4sschen und dann Wanderweg zum Picknickplatz Ch\u00e4sel. \u00dcber den Hohr\u00fctigrat zum Meltingerberg und gleichnamigen Restaurant. \u00dcber Chr\u00fczboden und Seniorenweglein und Foggel zu Pkt. 876m unterhalb Portiflue. Hinunter nach Nunningen. Laut GPS: Distanz 9.3km; [&hellip;]<\/p>\n","protected":false},"author":1,"featured_media":0,"parent":2480,"menu_order":12,"comment_status":"closed","ping_status":"closed","template":"","meta":{"ngg_post_thumbnail":0},"_links":{"self":[{"href":"http:\/\/www.freimarianne.ch\/index.php?rest_route=\/wp\/v2\/pages\/3450"}],"collection":[{"href":"http:\/\/www.freimarianne.ch\/index.php?rest_route=\/wp\/v2\/pages"}],"about":[{"href":"http:\/\/www.freimarianne.ch\/index.php?rest_route=\/wp\/v2\/types\/page"}],"author":[{"embeddable":true,"href":"http:\/\/www.freimarianne.ch\/index.php?rest_route=\/wp\/v2\/users\/1"}],"replies":[{"embeddable":true,"href":"http:\/\/www.freimarianne.ch\/index.php?rest_route=%2Fwp%2Fv2%2Fcomments&post=3450"}],"version-history":[{"count":12,"href":"http:\/\/www.freimarianne.ch\/index.php?rest_route=\/wp\/v2\/pages\/3450\/revisions"}],"predecessor-version":[{"id":3465,"href":"http:\/\/www.freimarianne.ch\/index.php?rest_route=\/wp\/v2\/pages\/3450\/revisions\/3465"}],"up":[{"embeddable":true,"href":"http:\/\/www.freimarianne.ch\/index.php?rest_route=\/wp\/v2\/pages\/2480"}],"wp:attachment":[{"href":"http:\/\/www.freimarianne.ch\/index.php?rest_route=%2Fwp%2Fv2%2Fmedia&parent=3450"}],"curies":[{"name":"wp","href":"https:\/\/api.w.org\/{rel}","templated":true}]}}