{"id":35979,"date":"2019-04-03T07:22:36","date_gmt":"2019-04-03T06:22:36","guid":{"rendered":"http:\/\/www.freimarianne.ch\/?page_id=35979"},"modified":"2019-08-02T14:25:22","modified_gmt":"2019-08-02T13:25:22","slug":"pontresina-20-3-2019","status":"publish","type":"page","link":"http:\/\/www.freimarianne.ch\/?page_id=35979","title":{"rendered":"Pontresina 20.3.2019"},"content":{"rendered":"<p><strong>20.3.2019: Skifahren im Gebiet Corvatsch; sp\u00e4ter Steinbockweg in Pontresina<br \/>\n<\/strong><\/p>\n<p><!-- index.php -->\n<div\n\tclass=\"ngg-galleryoverview ngg-ajax-pagination-none\"\n\tid=\"ngg-gallery-36102-1\">\n\n    \t<div class=\"slideshowlink\">\n        <a href='http:\/\/www.freimarianne.ch\/index.php\/nggallery\/slideshow?page_id=35979'>[Show as slideshow]<\/a>\n\t\t\n\t<\/div>\n\t\t\t<!-- Thumbnails -->\n\t\t\t\t<div id=\"ngg-image-0\" class=\"ngg-gallery-thumbnail-box\" >\n\t\t\t\t        <div class=\"ngg-gallery-thumbnail\">\n            <a href=\"http:\/\/www.freimarianne.ch\/wp-content\/gallery\/pontresina-20-3-19\/IMG_8201.jpg\"\n               title=\"Sicht von Giand d&#039;Alva 2643m; Margna, Silsersee, Piz Lizun 2518m, hi Piz Duan 3131m, Piz  Lunghin  2707m;Piz Lagrev\"\n               data-src=\"http:\/\/www.freimarianne.ch\/wp-content\/gallery\/pontresina-20-3-19\/IMG_8201.jpg\"\n               data-thumbnail=\"http:\/\/www.freimarianne.ch\/wp-content\/gallery\/pontresina-20-3-19\/thumbs\/thumbs_IMG_8201.jpg\"\n               data-image-id=\"20427\"\n               data-title=\"Sicht von Giand d&#039;Alva 2643m; Margna, Silsersee, Piz Lizun 2518m, hi Piz Duan 3131m, Piz  Lunghin  2707m;Piz Lagrev\"\n               data-description=\"Sicht von Giand d&#039;Alva 2643m; Margna, Silsersee, Piz Lizun 2518m, hi Piz Duan 3131m, Piz  Lunghin  2707m;Piz Lagrev\"\n               data-image-slug=\"img_8201-1\"\n               class=\"shutterset_36102\">\n                <img\n                    title=\"Sicht von Giand d&#039;Alva 2643m; Margna, Silsersee, Piz Lizun 2518m, hi Piz Duan 3131m, Piz  Lunghin  2707m;Piz Lagrev\"\n                    alt=\"Sicht von Giand d&#039;Alva 2643m; Margna, Silsersee, Piz Lizun 2518m, hi Piz Duan 3131m, Piz  Lunghin  2707m;Piz Lagrev\"\n                    src=\"http:\/\/www.freimarianne.ch\/wp-content\/gallery\/pontresina-20-3-19\/thumbs\/thumbs_IMG_8201.jpg\"\n                    width=\"100\"\n                    height=\"75\"\n                    style=\"max-width:100%;\"\n                \/>\n            <\/a>\n        <\/div>\n\t\t\t\t\t\t\t<\/div> \n\t\t\t\n        \n\t\t\t\t<div id=\"ngg-image-1\" class=\"ngg-gallery-thumbnail-box\" >\n\t\t\t\t        <div class=\"ngg-gallery-thumbnail\">\n            <a href=\"http:\/\/www.freimarianne.ch\/wp-content\/gallery\/pontresina-20-3-19\/IMG_8207.jpg\"\n               title=\"Sicht von der Seilbahn auf den Corvatsch: Murtel 2702m\"\n               data-src=\"http:\/\/www.freimarianne.ch\/wp-content\/gallery\/pontresina-20-3-19\/IMG_8207.jpg\"\n               data-thumbnail=\"http:\/\/www.freimarianne.ch\/wp-content\/gallery\/pontresina-20-3-19\/thumbs\/thumbs_IMG_8207.jpg\"\n               data-image-id=\"20428\"\n               data-title=\"Sicht von der Seilbahn auf den Corvatsch: Murtel 2702m\"\n               data-description=\"Sicht von der Seilbahn auf den Corvatsch: Murtel 2702m\"\n               data-image-slug=\"img_8207-2\"\n               class=\"shutterset_36102\">\n                <img\n                    title=\"Sicht von der Seilbahn auf den Corvatsch: Murtel 2702m\"\n                    alt=\"Sicht von der Seilbahn auf den Corvatsch: Murtel 2702m\"\n                    src=\"http:\/\/www.freimarianne.ch\/wp-content\/gallery\/pontresina-20-3-19\/thumbs\/thumbs_IMG_8207.jpg\"\n                    width=\"100\"\n                    height=\"75\"\n                    style=\"max-width:100%;\"\n                \/>\n            <\/a>\n        <\/div>\n\t\t\t\t\t\t\t<\/div> \n\t\t\t\n        \n\t\t\t\t<div id=\"ngg-image-2\" class=\"ngg-gallery-thumbnail-box\" >\n\t\t\t\t        <div class=\"ngg-gallery-thumbnail\">\n            <a href=\"http:\/\/www.freimarianne.ch\/wp-content\/gallery\/pontresina-20-3-19\/IMG_8212.jpg\"\n               title=\"SIcht von der Seilbahn auf den  Corvatsch 3303m: Fuorcla Surlej\"\n               data-src=\"http:\/\/www.freimarianne.ch\/wp-content\/gallery\/pontresina-20-3-19\/IMG_8212.jpg\"\n               data-thumbnail=\"http:\/\/www.freimarianne.ch\/wp-content\/gallery\/pontresina-20-3-19\/thumbs\/thumbs_IMG_8212.jpg\"\n               data-image-id=\"20429\"\n               data-title=\"SIcht von der Seilbahn auf den  Corvatsch 3303m: Fuorcla Surlej\"\n               data-description=\"SIcht von der Seilbahn auf den  Corvatsch 3303m: Fuorcla Surlej\"\n               data-image-slug=\"img_8212-2\"\n               class=\"shutterset_36102\">\n                <img\n                    title=\"SIcht von der Seilbahn auf den  Corvatsch 3303m: Fuorcla Surlej\"\n                    alt=\"SIcht von der Seilbahn auf den  Corvatsch 3303m: Fuorcla Surlej\"\n                    src=\"http:\/\/www.freimarianne.ch\/wp-content\/gallery\/pontresina-20-3-19\/thumbs\/thumbs_IMG_8212.jpg\"\n                    width=\"100\"\n                    height=\"75\"\n                    style=\"max-width:100%;\"\n                \/>\n            <\/a>\n        <\/div>\n\t\t\t\t\t\t\t<\/div> \n\t\t\t\n        \n\t\t\t\t<div id=\"ngg-image-3\" class=\"ngg-gallery-thumbnail-box\" >\n\t\t\t\t        <div class=\"ngg-gallery-thumbnail\">\n            <a href=\"http:\/\/www.freimarianne.ch\/wp-content\/gallery\/pontresina-20-3-19\/IMG_8217.jpg\"\n               title=\"SIcht vom Corvatsch 3303m; Piz Sella 3506m, Piz Murtel 3433m, Piz Corvatsch 3451m\"\n               data-src=\"http:\/\/www.freimarianne.ch\/wp-content\/gallery\/pontresina-20-3-19\/IMG_8217.jpg\"\n               data-thumbnail=\"http:\/\/www.freimarianne.ch\/wp-content\/gallery\/pontresina-20-3-19\/thumbs\/thumbs_IMG_8217.jpg\"\n               data-image-id=\"20430\"\n               data-title=\"SIcht vom Corvatsch 3303m; Piz Sella 3506m, Piz Murtel 3433m, Piz Corvatsch 3451m\"\n               data-description=\"SIcht vom Corvatsch 3303m; Piz Sella 3506m, Piz Murtel 3433m, Piz Corvatsch 3451m\"\n               data-image-slug=\"img_8217-1\"\n               class=\"shutterset_36102\">\n                <img\n                    title=\"SIcht vom Corvatsch 3303m; Piz Sella 3506m, Piz Murtel 3433m, Piz Corvatsch 3451m\"\n                    alt=\"SIcht vom Corvatsch 3303m; Piz Sella 3506m, Piz Murtel 3433m, Piz Corvatsch 3451m\"\n                    src=\"http:\/\/www.freimarianne.ch\/wp-content\/gallery\/pontresina-20-3-19\/thumbs\/thumbs_IMG_8217.jpg\"\n                    width=\"100\"\n                    height=\"75\"\n                    style=\"max-width:100%;\"\n                \/>\n            <\/a>\n        <\/div>\n\t\t\t\t\t\t\t<\/div> \n\t\t\t\n        \n\t\t\t\t<div id=\"ngg-image-4\" class=\"ngg-gallery-thumbnail-box\" >\n\t\t\t\t        <div class=\"ngg-gallery-thumbnail\">\n            <a href=\"http:\/\/www.freimarianne.ch\/wp-content\/gallery\/pontresina-20-3-19\/IMG_8232.jpg\"\n               title=\"SIcht vom Corvatsch 3303m; , Piz Murtel 3433m, Piz Corvatsch 3451m\"\n               data-src=\"http:\/\/www.freimarianne.ch\/wp-content\/gallery\/pontresina-20-3-19\/IMG_8232.jpg\"\n               data-thumbnail=\"http:\/\/www.freimarianne.ch\/wp-content\/gallery\/pontresina-20-3-19\/thumbs\/thumbs_IMG_8232.jpg\"\n               data-image-id=\"20431\"\n               data-title=\"SIcht vom Corvatsch 3303m; , Piz Murtel 3433m, Piz Corvatsch 3451m\"\n               data-description=\"SIcht vom Corvatsch 3303m; , Piz Murtel 3433m, Piz Corvatsch 3451m\"\n               data-image-slug=\"img_8232-1\"\n               class=\"shutterset_36102\">\n                <img\n                    title=\"SIcht vom Corvatsch 3303m; , Piz Murtel 3433m, Piz Corvatsch 3451m\"\n                    alt=\"SIcht vom Corvatsch 3303m; , Piz Murtel 3433m, Piz Corvatsch 3451m\"\n                    src=\"http:\/\/www.freimarianne.ch\/wp-content\/gallery\/pontresina-20-3-19\/thumbs\/thumbs_IMG_8232.jpg\"\n                    width=\"100\"\n                    height=\"75\"\n                    style=\"max-width:100%;\"\n                \/>\n            <\/a>\n        <\/div>\n\t\t\t\t\t\t\t<\/div> \n\t\t\t\n        \n\t\t\t\t<div id=\"ngg-image-5\" class=\"ngg-gallery-thumbnail-box\" >\n\t\t\t\t        <div class=\"ngg-gallery-thumbnail\">\n            <a href=\"http:\/\/www.freimarianne.ch\/wp-content\/gallery\/pontresina-20-3-19\/IMG_8239.jpg\"\n               title=\"SIcht vom Corvatsch 3303m; Piz da la Margna 3158m, Piz Cam 2634m, Piz Duan 3131m;  ganz hi Monte Rosa und Mischabelgruppe\"\n               data-src=\"http:\/\/www.freimarianne.ch\/wp-content\/gallery\/pontresina-20-3-19\/IMG_8239.jpg\"\n               data-thumbnail=\"http:\/\/www.freimarianne.ch\/wp-content\/gallery\/pontresina-20-3-19\/thumbs\/thumbs_IMG_8239.jpg\"\n               data-image-id=\"20432\"\n               data-title=\"SIcht vom Corvatsch 3303m; Piz da la Margna 3158m, Piz Cam 2634m, Piz Duan 3131m;  ganz hi Monte Rosa und Mischabelgruppe\"\n               data-description=\"SIcht vom Corvatsch 3303m; Piz da la Margna 3158m, Piz Cam 2634m, Piz Duan 3131m;  ganz hi Monte Rosa und Mischabelgruppe\"\n               data-image-slug=\"img_8239-4\"\n               class=\"shutterset_36102\">\n                <img\n                    title=\"SIcht vom Corvatsch 3303m; Piz da la Margna 3158m, Piz Cam 2634m, Piz Duan 3131m;  ganz hi Monte Rosa und Mischabelgruppe\"\n                    alt=\"SIcht vom Corvatsch 3303m; Piz da la Margna 3158m, Piz Cam 2634m, Piz Duan 3131m;  ganz hi Monte Rosa und Mischabelgruppe\"\n                    src=\"http:\/\/www.freimarianne.ch\/wp-content\/gallery\/pontresina-20-3-19\/thumbs\/thumbs_IMG_8239.jpg\"\n                    width=\"100\"\n                    height=\"75\"\n                    style=\"max-width:100%;\"\n                \/>\n            <\/a>\n        <\/div>\n\t\t\t\t\t\t\t<\/div> \n\t\t\t\n        \n\t\t\t\t<div id=\"ngg-image-6\" class=\"ngg-gallery-thumbnail-box\" >\n\t\t\t\t        <div class=\"ngg-gallery-thumbnail\">\n            <a href=\"http:\/\/www.freimarianne.ch\/wp-content\/gallery\/pontresina-20-3-19\/IMG_8251.jpg\"\n               title=\"oberhalb Pontresina: vom Piz Julier bis Piz Padella\"\n               data-src=\"http:\/\/www.freimarianne.ch\/wp-content\/gallery\/pontresina-20-3-19\/IMG_8251.jpg\"\n               data-thumbnail=\"http:\/\/www.freimarianne.ch\/wp-content\/gallery\/pontresina-20-3-19\/thumbs\/thumbs_IMG_8251.jpg\"\n               data-image-id=\"20433\"\n               data-title=\"oberhalb Pontresina: vom Piz Julier bis Piz Padella\"\n               data-description=\"oberhalb Pontresina: vom Piz Julier bis Piz Padella\"\n               data-image-slug=\"img_8251-2\"\n               class=\"shutterset_36102\">\n                <img\n                    title=\"oberhalb Pontresina: vom Piz Julier bis Piz Padella\"\n                    alt=\"oberhalb Pontresina: vom Piz Julier bis Piz Padella\"\n                    src=\"http:\/\/www.freimarianne.ch\/wp-content\/gallery\/pontresina-20-3-19\/thumbs\/thumbs_IMG_8251.jpg\"\n                    width=\"100\"\n                    height=\"75\"\n                    style=\"max-width:100%;\"\n                \/>\n            <\/a>\n        <\/div>\n\t\t\t\t\t\t\t<\/div> \n\t\t\t\n        \n\t\t\t\t<div id=\"ngg-image-7\" class=\"ngg-gallery-thumbnail-box\" >\n\t\t\t\t        <div class=\"ngg-gallery-thumbnail\">\n            <a href=\"http:\/\/www.freimarianne.ch\/wp-content\/gallery\/pontresina-20-3-19\/IMG_8255.jpg\"\n               title=\"Kirche Santa Maria in Pontresina\"\n               data-src=\"http:\/\/www.freimarianne.ch\/wp-content\/gallery\/pontresina-20-3-19\/IMG_8255.jpg\"\n               data-thumbnail=\"http:\/\/www.freimarianne.ch\/wp-content\/gallery\/pontresina-20-3-19\/thumbs\/thumbs_IMG_8255.jpg\"\n               data-image-id=\"20434\"\n               data-title=\"Kirche Santa Maria in Pontresina\"\n               data-description=\"Kirche Santa Maria in Pontresina\"\n               data-image-slug=\"img_8255-3\"\n               class=\"shutterset_36102\">\n                <img\n                    title=\"Kirche Santa Maria in Pontresina\"\n                    alt=\"Kirche Santa Maria in Pontresina\"\n                    src=\"http:\/\/www.freimarianne.ch\/wp-content\/gallery\/pontresina-20-3-19\/thumbs\/thumbs_IMG_8255.jpg\"\n                    width=\"100\"\n                    height=\"75\"\n                    style=\"max-width:100%;\"\n                \/>\n            <\/a>\n        <\/div>\n\t\t\t\t\t\t\t<\/div> \n\t\t\t\n        \n\t\t\t\t<div id=\"ngg-image-8\" class=\"ngg-gallery-thumbnail-box\" >\n\t\t\t\t        <div class=\"ngg-gallery-thumbnail\">\n            <a href=\"http:\/\/www.freimarianne.ch\/wp-content\/gallery\/pontresina-20-3-19\/IMG_8264.jpg\"\n               title=\"Muottas da Puntraschigna 2499m,  Calchagn Pitschen 2788m\"\n               data-src=\"http:\/\/www.freimarianne.ch\/wp-content\/gallery\/pontresina-20-3-19\/IMG_8264.jpg\"\n               data-thumbnail=\"http:\/\/www.freimarianne.ch\/wp-content\/gallery\/pontresina-20-3-19\/thumbs\/thumbs_IMG_8264.jpg\"\n               data-image-id=\"20435\"\n               data-title=\"Muottas da Puntraschigna 2499m,  Calchagn Pitschen 2788m\"\n               data-description=\"Muottas da Puntraschigna 2499m,  Calchagn Pitschen 2788m\"\n               data-image-slug=\"img_8264-6\"\n               class=\"shutterset_36102\">\n                <img\n                    title=\"Muottas da Puntraschigna 2499m,  Calchagn Pitschen 2788m\"\n                    alt=\"Muottas da Puntraschigna 2499m,  Calchagn Pitschen 2788m\"\n                    src=\"http:\/\/www.freimarianne.ch\/wp-content\/gallery\/pontresina-20-3-19\/thumbs\/thumbs_IMG_8264.jpg\"\n                    width=\"100\"\n                    height=\"75\"\n                    style=\"max-width:100%;\"\n                \/>\n            <\/a>\n        <\/div>\n\t\t\t\t\t\t\t<\/div> \n\t\t\t\n        \n\t\t\t\t<div id=\"ngg-image-9\" class=\"ngg-gallery-thumbnail-box\" >\n\t\t\t\t        <div class=\"ngg-gallery-thumbnail\">\n            <a href=\"http:\/\/www.freimarianne.ch\/wp-content\/gallery\/pontresina-20-3-19\/IMG_8266.jpg\"\n               title=\"Bruni\"\n               data-src=\"http:\/\/www.freimarianne.ch\/wp-content\/gallery\/pontresina-20-3-19\/IMG_8266.jpg\"\n               data-thumbnail=\"http:\/\/www.freimarianne.ch\/wp-content\/gallery\/pontresina-20-3-19\/thumbs\/thumbs_IMG_8266.jpg\"\n               data-image-id=\"20436\"\n               data-title=\"Bruni\"\n               data-description=\"Bruni\"\n               data-image-slug=\"img_8266-2\"\n               class=\"shutterset_36102\">\n                <img\n                    title=\"Bruni\"\n                    alt=\"Bruni\"\n                    src=\"http:\/\/www.freimarianne.ch\/wp-content\/gallery\/pontresina-20-3-19\/thumbs\/thumbs_IMG_8266.jpg\"\n                    width=\"100\"\n                    height=\"75\"\n                    style=\"max-width:100%;\"\n                \/>\n            <\/a>\n        <\/div>\n\t\t\t\t\t\t\t<\/div> \n\t\t\t\n        \n\t\t\t\t<div id=\"ngg-image-10\" class=\"ngg-gallery-thumbnail-box\" >\n\t\t\t\t        <div class=\"ngg-gallery-thumbnail\">\n            <a href=\"http:\/\/www.freimarianne.ch\/wp-content\/gallery\/pontresina-20-3-19\/IMG_8267.jpg\"\n               title=\"Marianne;  Cap\u00fctsch\u00f6l, Munt Pers 3206m; hi Piz Pal\u00fc\"\n               data-src=\"http:\/\/www.freimarianne.ch\/wp-content\/gallery\/pontresina-20-3-19\/IMG_8267.jpg\"\n               data-thumbnail=\"http:\/\/www.freimarianne.ch\/wp-content\/gallery\/pontresina-20-3-19\/thumbs\/thumbs_IMG_8267.jpg\"\n               data-image-id=\"20437\"\n               data-title=\"Marianne;  Cap\u00c3\u00bctsch\u00c3\u00b6l, Munt Pers 3206m; hi Piz Pal\u00c3\u00bc\"\n               data-description=\"Marianne;  Cap\u00fctsch\u00f6l, Munt Pers 3206m; hi Piz Pal\u00fc\"\n               data-image-slug=\"img_8267-2\"\n               class=\"shutterset_36102\">\n                <img\n                    title=\"Marianne;  Cap\u00c3\u00bctsch\u00c3\u00b6l, Munt Pers 3206m; hi Piz Pal\u00c3\u00bc\"\n                    alt=\"Marianne;  Cap\u00c3\u00bctsch\u00c3\u00b6l, Munt Pers 3206m; hi Piz Pal\u00c3\u00bc\"\n                    src=\"http:\/\/www.freimarianne.ch\/wp-content\/gallery\/pontresina-20-3-19\/thumbs\/thumbs_IMG_8267.jpg\"\n                    width=\"100\"\n                    height=\"75\"\n                    style=\"max-width:100%;\"\n                \/>\n            <\/a>\n        <\/div>\n\t\t\t\t\t\t\t<\/div> \n\t\t\t\n        \n\t\t\t\t<div id=\"ngg-image-11\" class=\"ngg-gallery-thumbnail-box\" >\n\t\t\t\t        <div class=\"ngg-gallery-thumbnail\">\n            <a href=\"http:\/\/www.freimarianne.ch\/wp-content\/gallery\/pontresina-20-3-19\/IMG_8268.jpg\"\n               title=\"die Holz Steinb\u00f6cke vor;  Cap\u00fctsch\u00f6l, Munt Pers 3206m\"\n               data-src=\"http:\/\/www.freimarianne.ch\/wp-content\/gallery\/pontresina-20-3-19\/IMG_8268.jpg\"\n               data-thumbnail=\"http:\/\/www.freimarianne.ch\/wp-content\/gallery\/pontresina-20-3-19\/thumbs\/thumbs_IMG_8268.jpg\"\n               data-image-id=\"20438\"\n               data-title=\"die Holz Steinb\u00c3\u00b6cke vor;  Cap\u00c3\u00bctsch\u00c3\u00b6l, Munt Pers 3206m\"\n               data-description=\"die Holz Steinb\u00f6cke vor;  Cap\u00fctsch\u00f6l, Munt Pers 3206m\"\n               data-image-slug=\"img_8268-1\"\n               class=\"shutterset_36102\">\n                <img\n                    title=\"die Holz Steinb\u00c3\u00b6cke vor;  Cap\u00c3\u00bctsch\u00c3\u00b6l, Munt Pers 3206m\"\n                    alt=\"die Holz Steinb\u00c3\u00b6cke vor;  Cap\u00c3\u00bctsch\u00c3\u00b6l, Munt Pers 3206m\"\n                    src=\"http:\/\/www.freimarianne.ch\/wp-content\/gallery\/pontresina-20-3-19\/thumbs\/thumbs_IMG_8268.jpg\"\n                    width=\"100\"\n                    height=\"75\"\n                    style=\"max-width:100%;\"\n                \/>\n            <\/a>\n        <\/div>\n\t\t\t\t\t\t\t<\/div> \n\t\t\t\n        \n\t\t\t\t<div id=\"ngg-image-12\" class=\"ngg-gallery-thumbnail-box\" >\n\t\t\t\t        <div class=\"ngg-gallery-thumbnail\">\n            <a href=\"http:\/\/www.freimarianne.ch\/wp-content\/gallery\/pontresina-20-3-19\/panorama_8213-8218.jpg\"\n               title=\"\"\n               data-src=\"http:\/\/www.freimarianne.ch\/wp-content\/gallery\/pontresina-20-3-19\/panorama_8213-8218.jpg\"\n               data-thumbnail=\"http:\/\/www.freimarianne.ch\/wp-content\/gallery\/pontresina-20-3-19\/thumbs\/thumbs_panorama_8213-8218.jpg\"\n               data-image-id=\"20439\"\n               data-title=\"panorama_8213-8218\"\n               data-description=\"\"\n               data-image-slug=\"panorama_8213-8218\"\n               class=\"shutterset_36102\">\n                <img\n                    title=\"panorama_8213-8218\"\n                    alt=\"panorama_8213-8218\"\n                    src=\"http:\/\/www.freimarianne.ch\/wp-content\/gallery\/pontresina-20-3-19\/thumbs\/thumbs_panorama_8213-8218.jpg\"\n                    width=\"100\"\n                    height=\"75\"\n                    style=\"max-width:100%;\"\n                \/>\n            <\/a>\n        <\/div>\n\t\t\t\t\t\t\t<\/div> \n\t\t\t\n        \n\t\t\t\t<div id=\"ngg-image-13\" class=\"ngg-gallery-thumbnail-box\" >\n\t\t\t\t        <div class=\"ngg-gallery-thumbnail\">\n            <a href=\"http:\/\/www.freimarianne.ch\/wp-content\/gallery\/pontresina-20-3-19\/panorama_8219-8224.jpg\"\n               title=\"\"\n               data-src=\"http:\/\/www.freimarianne.ch\/wp-content\/gallery\/pontresina-20-3-19\/panorama_8219-8224.jpg\"\n               data-thumbnail=\"http:\/\/www.freimarianne.ch\/wp-content\/gallery\/pontresina-20-3-19\/thumbs\/thumbs_panorama_8219-8224.jpg\"\n               data-image-id=\"20440\"\n               data-title=\"panorama_8219-8224\"\n               data-description=\"\"\n               data-image-slug=\"panorama_8219-8224\"\n               class=\"shutterset_36102\">\n                <img\n                    title=\"panorama_8219-8224\"\n                    alt=\"panorama_8219-8224\"\n                    src=\"http:\/\/www.freimarianne.ch\/wp-content\/gallery\/pontresina-20-3-19\/thumbs\/thumbs_panorama_8219-8224.jpg\"\n                    width=\"100\"\n                    height=\"75\"\n                    style=\"max-width:100%;\"\n                \/>\n            <\/a>\n        <\/div>\n\t\t\t\t\t\t\t<\/div> \n\t\t\t\n        \n\t\t\t\t<div id=\"ngg-image-14\" class=\"ngg-gallery-thumbnail-box\" >\n\t\t\t\t        <div class=\"ngg-gallery-thumbnail\">\n            <a href=\"http:\/\/www.freimarianne.ch\/wp-content\/gallery\/pontresina-20-3-19\/panorama_8239-8240.jpg\"\n               title=\"\"\n               data-src=\"http:\/\/www.freimarianne.ch\/wp-content\/gallery\/pontresina-20-3-19\/panorama_8239-8240.jpg\"\n               data-thumbnail=\"http:\/\/www.freimarianne.ch\/wp-content\/gallery\/pontresina-20-3-19\/thumbs\/thumbs_panorama_8239-8240.jpg\"\n               data-image-id=\"20441\"\n               data-title=\"panorama_8239-8240\"\n               data-description=\"\"\n               data-image-slug=\"panorama_8239-8240\"\n               class=\"shutterset_36102\">\n                <img\n                    title=\"panorama_8239-8240\"\n                    alt=\"panorama_8239-8240\"\n                    src=\"http:\/\/www.freimarianne.ch\/wp-content\/gallery\/pontresina-20-3-19\/thumbs\/thumbs_panorama_8239-8240.jpg\"\n                    width=\"100\"\n                    height=\"75\"\n                    style=\"max-width:100%;\"\n                \/>\n            <\/a>\n        <\/div>\n\t\t\t\t\t\t\t<\/div> \n\t\t\t\n        \n\t\t\n\t\t<!-- Pagination -->\n\t<div class='ngg-clear'><\/div>\t<\/div>\n<\/p>\n","protected":false},"excerpt":{"rendered":"<p>20.3.2019: Skifahren im Gebiet Corvatsch; sp\u00e4ter Steinbockweg in Pontresina [Show as slideshow]<\/p>\n","protected":false},"author":1,"featured_media":0,"parent":35898,"menu_order":2,"comment_status":"closed","ping_status":"closed","template":"","meta":{"ngg_post_thumbnail":0},"_links":{"self":[{"href":"http:\/\/www.freimarianne.ch\/index.php?rest_route=\/wp\/v2\/pages\/35979"}],"collection":[{"href":"http:\/\/www.freimarianne.ch\/index.php?rest_route=\/wp\/v2\/pages"}],"about":[{"href":"http:\/\/www.freimarianne.ch\/index.php?rest_route=\/wp\/v2\/types\/page"}],"author":[{"embeddable":true,"href":"http:\/\/www.freimarianne.ch\/index.php?rest_route=\/wp\/v2\/users\/1"}],"replies":[{"embeddable":true,"href":"http:\/\/www.freimarianne.ch\/index.php?rest_route=%2Fwp%2Fv2%2Fcomments&post=35979"}],"version-history":[{"count":4,"href":"http:\/\/www.freimarianne.ch\/index.php?rest_route=\/wp\/v2\/pages\/35979\/revisions"}],"predecessor-version":[{"id":36111,"href":"http:\/\/www.freimarianne.ch\/index.php?rest_route=\/wp\/v2\/pages\/35979\/revisions\/36111"}],"up":[{"embeddable":true,"href":"http:\/\/www.freimarianne.ch\/index.php?rest_route=\/wp\/v2\/pages\/35898"}],"wp:attachment":[{"href":"http:\/\/www.freimarianne.ch\/index.php?rest_route=%2Fwp%2Fv2%2Fmedia&parent=35979"}],"curies":[{"name":"wp","href":"https:\/\/api.w.org\/{rel}","templated":true}]}}