{"id":5138,"date":"2014-04-01T08:47:03","date_gmt":"2014-04-01T07:47:03","guid":{"rendered":"http:\/\/www.freimarianne.ch\/?page_id=5138"},"modified":"2014-04-20T08:02:00","modified_gmt":"2014-04-20T07:02:00","slug":"euseigne-heremence-vs-29-3-2014","status":"publish","type":"page","link":"http:\/\/www.freimarianne.ch\/?page_id=5138","title":{"rendered":"Euseigne  &#8211; H\u00e9r\u00e9mence, VS  29.3.2014"},"content":{"rendered":"<p><strong>Wanderung im Val d&#8217;H\u00e9rens<\/strong><br \/>\nBesuche der Pyramiden von Euseigne.<br \/>\n[slideshow_deploy id=&#8217;5150&#8217;&#093;<br \/>\nEigentlich habe ich eine Wanderung von Euseigne  zum Pont de Lete\u0301ve\u0300no, H\u00e9r\u00e9mence nach Veysonnaz geplant, die ein Teil der Souenenwanderung ist.<br \/>\nMeine Karte war zu wenig detailliert und es gab keine gelben Wegweiser, sodass wir  die falschen Wege gingen und eine Wanderung  \u00fcber la Cr\u00eata, M\u00e2che, Prolin, H\u00e9r\u00e9mence machten (viel Teerstrassen!)<br \/>\nDa die Postautoverbindungen  sehr schlecht sind, mussten wir sogar Autostop machen. Vielen Dank dem netten Autofahrer, der uns zum Bahnhof Sion f\u00fchrte!<\/p>\n","protected":false},"excerpt":{"rendered":"<p>Wanderung im Val d&#8217;H\u00e9rens Besuche der Pyramiden von Euseigne. Eigentlich habe ich eine Wanderung von Euseigne zum Pont de Lete\u0301ve\u0300no, H\u00e9r\u00e9mence nach Veysonnaz geplant, die ein Teil der Souenenwanderung ist. Meine Karte war zu wenig detailliert und es gab keine gelben Wegweiser, sodass wir die falschen Wege gingen und eine Wanderung \u00fcber la Cr\u00eata, M\u00e2che, [&hellip;]<\/p>\n","protected":false},"author":1,"featured_media":0,"parent":4769,"menu_order":20,"comment_status":"closed","ping_status":"closed","template":"","meta":{"ngg_post_thumbnail":0},"_links":{"self":[{"href":"http:\/\/www.freimarianne.ch\/index.php?rest_route=\/wp\/v2\/pages\/5138"}],"collection":[{"href":"http:\/\/www.freimarianne.ch\/index.php?rest_route=\/wp\/v2\/pages"}],"about":[{"href":"http:\/\/www.freimarianne.ch\/index.php?rest_route=\/wp\/v2\/types\/page"}],"author":[{"embeddable":true,"href":"http:\/\/www.freimarianne.ch\/index.php?rest_route=\/wp\/v2\/users\/1"}],"replies":[{"embeddable":true,"href":"http:\/\/www.freimarianne.ch\/index.php?rest_route=%2Fwp%2Fv2%2Fcomments&post=5138"}],"version-history":[{"count":6,"href":"http:\/\/www.freimarianne.ch\/index.php?rest_route=\/wp\/v2\/pages\/5138\/revisions"}],"predecessor-version":[{"id":5188,"href":"http:\/\/www.freimarianne.ch\/index.php?rest_route=\/wp\/v2\/pages\/5138\/revisions\/5188"}],"up":[{"embeddable":true,"href":"http:\/\/www.freimarianne.ch\/index.php?rest_route=\/wp\/v2\/pages\/4769"}],"wp:attachment":[{"href":"http:\/\/www.freimarianne.ch\/index.php?rest_route=%2Fwp%2Fv2%2Fmedia&parent=5138"}],"curies":[{"name":"wp","href":"https:\/\/api.w.org\/{rel}","templated":true}]}}