{"id":5268,"date":"2014-05-21T08:17:07","date_gmt":"2014-05-21T07:17:07","guid":{"rendered":"http:\/\/www.freimarianne.ch\/?page_id=5268"},"modified":"2015-01-03T11:17:47","modified_gmt":"2015-01-03T10:17:47","slug":"blatten-mund-vs-17-5-2014","status":"publish","type":"page","link":"http:\/\/www.freimarianne.ch\/?page_id=5268","title":{"rendered":"Blatten- Mund, VS 17.5.2014"},"content":{"rendered":"<p>Eine sch\u00f6ne <strong>Fr\u00fchlingswanderung<\/strong> von Blatten, VS oberhalb Naters nach Mund<\/p>\n<p><img loading=\"lazy\" class=\"aligncenter size-full wp-image-5272\" src=\"http:\/\/www.freimarianne.ch\/wp-content\/uploads\/2014\/05\/IMG_4186_blatten_500.jpg\" alt=\"IMG_4186_blatten_500\" width=\"500\" height=\"375\" srcset=\"http:\/\/www.freimarianne.ch\/wp-content\/uploads\/2014\/05\/IMG_4186_blatten_500.jpg 500w, http:\/\/www.freimarianne.ch\/wp-content\/uploads\/2014\/05\/IMG_4186_blatten_500-300x225.jpg 300w, http:\/\/www.freimarianne.ch\/wp-content\/uploads\/2014\/05\/IMG_4186_blatten_500-400x300.jpg 400w\" sizes=\"(max-width: 500px) 100vw, 500px\" \/><br \/>\nVon Blatten aus machen wir einen Abstecher an den Aussichtspunkt ( 25 min), von wo man einen grossartigen Blick auf den Monte Leone, das Breithorn, H\u00fcbschhorn und das Glishorn hat.<br \/>\nAuf dem obligaten B\u00e4nklein halten wir eine fr\u00fche Mittagsrast und geniessen den Sonnenschein und die friedliche Stimmung. Wir befinden uns unterhalb dem Blindb\u00e4rgji. Auf dem selben Pfad geht es zur\u00fcck und wir w\u00e4hlen den Wanderweg Richtung Blindt\u00e4lli. Hier an der Abzweigung werden gerade 4 grosse Wohnbl\u00f6cke gebaut (die Zweitwohnungsinitiative l\u00e4sst gr\u00fcssen !!!!). Wie kann sich ein Dorf so verschandeln!<br \/>\nDer Wanderweg von Blatten hinunter ins Blindt\u00e4lli entlang dem Bach Bruchi f\u00fchrt durch eine malerische Landschaft. Unten im Tal befindet sich der Vita Parcours. Wir kommen bei Geimen aus dem Tal heraus und folgen dem Wanderweg Richtung Birgisch, der uns entlang der Wasserleite f\u00fchrt. Dieser Wegabschnitt ist sehr sch\u00f6n und bietet auch pr\u00e4chtige Aussichten auf die schneebedeckten Berge. Auf einem sp\u00e4teren Wegabschnitt f\u00fchrt der Wanderweg \u00fcber Teer (ist das wirklich n\u00f6tig?) um dann wieder durch die Wiesen zu f\u00fchren. Von Birgisch wandern wir noch ins Tobel des Mundbaches hinein und ereichen in Mund rechtzeitig das Postauto nach Brig.<br \/>\n.<br \/>\nProfil nach Swissmap ( ohne Abstecher zum Aussichtspunkt):<br \/>\nDistanz: 8.57km; Aufstieg:448m; Abstieg:515m; Marschzeit: 3 h<\/p>\n<p><!-- index.php -->\n<div\n\tclass=\"ngg-galleryoverview ngg-ajax-pagination-none\"\n\tid=\"ngg-gallery-8809-1\">\n\n    \t<div class=\"slideshowlink\">\n        <a href='http:\/\/www.freimarianne.ch\/index.php\/nggallery\/slideshow?page_id=5268'>[Show as slideshow]<\/a>\n\t\t\n\t<\/div>\n\t\t\t<!-- Thumbnails -->\n\t\t\t\t<div id=\"ngg-image-0\" class=\"ngg-gallery-thumbnail-box\" >\n\t\t\t\t        <div class=\"ngg-gallery-thumbnail\">\n            <a href=\"http:\/\/www.freimarianne.ch\/wp-content\/gallery\/blatten-mund-17-5-14\/img_4159.jpg\"\n               title=\"\"\n               data-src=\"http:\/\/www.freimarianne.ch\/wp-content\/gallery\/blatten-mund-17-5-14\/img_4159.jpg\"\n               data-thumbnail=\"http:\/\/www.freimarianne.ch\/wp-content\/gallery\/blatten-mund-17-5-14\/thumbs\/thumbs_img_4159.jpg\"\n               data-image-id=\"8304\"\n               data-title=\"img_4159\"\n               data-description=\"\"\n               data-image-slug=\"img_4159-3\"\n               class=\"shutterset_8809\">\n                <img\n                    title=\"img_4159\"\n                    alt=\"img_4159\"\n                    src=\"http:\/\/www.freimarianne.ch\/wp-content\/gallery\/blatten-mund-17-5-14\/thumbs\/thumbs_img_4159.jpg\"\n                    width=\"100\"\n                    height=\"75\"\n                    style=\"max-width:100%;\"\n                \/>\n            <\/a>\n        <\/div>\n\t\t\t\t\t\t\t<\/div> \n\t\t\t\n        \n\t\t\t\t<div id=\"ngg-image-1\" class=\"ngg-gallery-thumbnail-box\" >\n\t\t\t\t        <div class=\"ngg-gallery-thumbnail\">\n            <a href=\"http:\/\/www.freimarianne.ch\/wp-content\/gallery\/blatten-mund-17-5-14\/img_4163.jpg\"\n               title=\"\"\n               data-src=\"http:\/\/www.freimarianne.ch\/wp-content\/gallery\/blatten-mund-17-5-14\/img_4163.jpg\"\n               data-thumbnail=\"http:\/\/www.freimarianne.ch\/wp-content\/gallery\/blatten-mund-17-5-14\/thumbs\/thumbs_img_4163.jpg\"\n               data-image-id=\"8305\"\n               data-title=\"img_4163\"\n               data-description=\"\"\n               data-image-slug=\"img_4163-2\"\n               class=\"shutterset_8809\">\n                <img\n                    title=\"img_4163\"\n                    alt=\"img_4163\"\n                    src=\"http:\/\/www.freimarianne.ch\/wp-content\/gallery\/blatten-mund-17-5-14\/thumbs\/thumbs_img_4163.jpg\"\n                    width=\"100\"\n                    height=\"75\"\n                    style=\"max-width:100%;\"\n                \/>\n            <\/a>\n        <\/div>\n\t\t\t\t\t\t\t<\/div> \n\t\t\t\n        \n\t\t\t\t<div id=\"ngg-image-2\" class=\"ngg-gallery-thumbnail-box\" >\n\t\t\t\t        <div class=\"ngg-gallery-thumbnail\">\n            <a href=\"http:\/\/www.freimarianne.ch\/wp-content\/gallery\/blatten-mund-17-5-14\/img_4164.jpg\"\n               title=\"\"\n               data-src=\"http:\/\/www.freimarianne.ch\/wp-content\/gallery\/blatten-mund-17-5-14\/img_4164.jpg\"\n               data-thumbnail=\"http:\/\/www.freimarianne.ch\/wp-content\/gallery\/blatten-mund-17-5-14\/thumbs\/thumbs_img_4164.jpg\"\n               data-image-id=\"8306\"\n               data-title=\"img_4164\"\n               data-description=\"\"\n               data-image-slug=\"img_4164\"\n               class=\"shutterset_8809\">\n                <img\n                    title=\"img_4164\"\n                    alt=\"img_4164\"\n                    src=\"http:\/\/www.freimarianne.ch\/wp-content\/gallery\/blatten-mund-17-5-14\/thumbs\/thumbs_img_4164.jpg\"\n                    width=\"100\"\n                    height=\"75\"\n                    style=\"max-width:100%;\"\n                \/>\n            <\/a>\n        <\/div>\n\t\t\t\t\t\t\t<\/div> \n\t\t\t\n        \n\t\t\t\t<div id=\"ngg-image-3\" class=\"ngg-gallery-thumbnail-box\" >\n\t\t\t\t        <div class=\"ngg-gallery-thumbnail\">\n            <a href=\"http:\/\/www.freimarianne.ch\/wp-content\/gallery\/blatten-mund-17-5-14\/img_4166.jpg\"\n               title=\"\"\n               data-src=\"http:\/\/www.freimarianne.ch\/wp-content\/gallery\/blatten-mund-17-5-14\/img_4166.jpg\"\n               data-thumbnail=\"http:\/\/www.freimarianne.ch\/wp-content\/gallery\/blatten-mund-17-5-14\/thumbs\/thumbs_img_4166.jpg\"\n               data-image-id=\"8307\"\n               data-title=\"img_4166\"\n               data-description=\"\"\n               data-image-slug=\"img_4166\"\n               class=\"shutterset_8809\">\n                <img\n                    title=\"img_4166\"\n                    alt=\"img_4166\"\n                    src=\"http:\/\/www.freimarianne.ch\/wp-content\/gallery\/blatten-mund-17-5-14\/thumbs\/thumbs_img_4166.jpg\"\n                    width=\"100\"\n                    height=\"75\"\n                    style=\"max-width:100%;\"\n                \/>\n            <\/a>\n        <\/div>\n\t\t\t\t\t\t\t<\/div> \n\t\t\t\n        \n\t\t\t\t<div id=\"ngg-image-4\" class=\"ngg-gallery-thumbnail-box\" >\n\t\t\t\t        <div class=\"ngg-gallery-thumbnail\">\n            <a href=\"http:\/\/www.freimarianne.ch\/wp-content\/gallery\/blatten-mund-17-5-14\/img_4169.jpg\"\n               title=\"\"\n               data-src=\"http:\/\/www.freimarianne.ch\/wp-content\/gallery\/blatten-mund-17-5-14\/img_4169.jpg\"\n               data-thumbnail=\"http:\/\/www.freimarianne.ch\/wp-content\/gallery\/blatten-mund-17-5-14\/thumbs\/thumbs_img_4169.jpg\"\n               data-image-id=\"8308\"\n               data-title=\"img_4169\"\n               data-description=\"\"\n               data-image-slug=\"img_4169\"\n               class=\"shutterset_8809\">\n                <img\n                    title=\"img_4169\"\n                    alt=\"img_4169\"\n                    src=\"http:\/\/www.freimarianne.ch\/wp-content\/gallery\/blatten-mund-17-5-14\/thumbs\/thumbs_img_4169.jpg\"\n                    width=\"100\"\n                    height=\"75\"\n                    style=\"max-width:100%;\"\n                \/>\n            <\/a>\n        <\/div>\n\t\t\t\t\t\t\t<\/div> \n\t\t\t\n        \n\t\t\t\t<div id=\"ngg-image-5\" class=\"ngg-gallery-thumbnail-box\" >\n\t\t\t\t        <div class=\"ngg-gallery-thumbnail\">\n            <a href=\"http:\/\/www.freimarianne.ch\/wp-content\/gallery\/blatten-mund-17-5-14\/img_4174.jpg\"\n               title=\"\"\n               data-src=\"http:\/\/www.freimarianne.ch\/wp-content\/gallery\/blatten-mund-17-5-14\/img_4174.jpg\"\n               data-thumbnail=\"http:\/\/www.freimarianne.ch\/wp-content\/gallery\/blatten-mund-17-5-14\/thumbs\/thumbs_img_4174.jpg\"\n               data-image-id=\"8309\"\n               data-title=\"img_4174\"\n               data-description=\"\"\n               data-image-slug=\"img_4174\"\n               class=\"shutterset_8809\">\n                <img\n                    title=\"img_4174\"\n                    alt=\"img_4174\"\n                    src=\"http:\/\/www.freimarianne.ch\/wp-content\/gallery\/blatten-mund-17-5-14\/thumbs\/thumbs_img_4174.jpg\"\n                    width=\"100\"\n                    height=\"75\"\n                    style=\"max-width:100%;\"\n                \/>\n            <\/a>\n        <\/div>\n\t\t\t\t\t\t\t<\/div> \n\t\t\t\n        \n\t\t\t\t<div id=\"ngg-image-6\" class=\"ngg-gallery-thumbnail-box\" >\n\t\t\t\t        <div class=\"ngg-gallery-thumbnail\">\n            <a href=\"http:\/\/www.freimarianne.ch\/wp-content\/gallery\/blatten-mund-17-5-14\/img_4177.jpg\"\n               title=\"\"\n               data-src=\"http:\/\/www.freimarianne.ch\/wp-content\/gallery\/blatten-mund-17-5-14\/img_4177.jpg\"\n               data-thumbnail=\"http:\/\/www.freimarianne.ch\/wp-content\/gallery\/blatten-mund-17-5-14\/thumbs\/thumbs_img_4177.jpg\"\n               data-image-id=\"8310\"\n               data-title=\"img_4177\"\n               data-description=\"\"\n               data-image-slug=\"img_4177\"\n               class=\"shutterset_8809\">\n                <img\n                    title=\"img_4177\"\n                    alt=\"img_4177\"\n                    src=\"http:\/\/www.freimarianne.ch\/wp-content\/gallery\/blatten-mund-17-5-14\/thumbs\/thumbs_img_4177.jpg\"\n                    width=\"100\"\n                    height=\"75\"\n                    style=\"max-width:100%;\"\n                \/>\n            <\/a>\n        <\/div>\n\t\t\t\t\t\t\t<\/div> \n\t\t\t\n        \n\t\t\t\t<div id=\"ngg-image-7\" class=\"ngg-gallery-thumbnail-box\" >\n\t\t\t\t        <div class=\"ngg-gallery-thumbnail\">\n            <a href=\"http:\/\/www.freimarianne.ch\/wp-content\/gallery\/blatten-mund-17-5-14\/img_4189.jpg\"\n               title=\"\"\n               data-src=\"http:\/\/www.freimarianne.ch\/wp-content\/gallery\/blatten-mund-17-5-14\/img_4189.jpg\"\n               data-thumbnail=\"http:\/\/www.freimarianne.ch\/wp-content\/gallery\/blatten-mund-17-5-14\/thumbs\/thumbs_img_4189.jpg\"\n               data-image-id=\"8312\"\n               data-title=\"img_4189\"\n               data-description=\"\"\n               data-image-slug=\"img_4189\"\n               class=\"shutterset_8809\">\n                <img\n                    title=\"img_4189\"\n                    alt=\"img_4189\"\n                    src=\"http:\/\/www.freimarianne.ch\/wp-content\/gallery\/blatten-mund-17-5-14\/thumbs\/thumbs_img_4189.jpg\"\n                    width=\"100\"\n                    height=\"75\"\n                    style=\"max-width:100%;\"\n                \/>\n            <\/a>\n        <\/div>\n\t\t\t\t\t\t\t<\/div> \n\t\t\t\n        \n\t\t\t\t<div id=\"ngg-image-8\" class=\"ngg-gallery-thumbnail-box\" >\n\t\t\t\t        <div class=\"ngg-gallery-thumbnail\">\n            <a href=\"http:\/\/www.freimarianne.ch\/wp-content\/gallery\/blatten-mund-17-5-14\/img_4203.jpg\"\n               title=\"\"\n               data-src=\"http:\/\/www.freimarianne.ch\/wp-content\/gallery\/blatten-mund-17-5-14\/img_4203.jpg\"\n               data-thumbnail=\"http:\/\/www.freimarianne.ch\/wp-content\/gallery\/blatten-mund-17-5-14\/thumbs\/thumbs_img_4203.jpg\"\n               data-image-id=\"8331\"\n               data-title=\"img_4203\"\n               data-description=\"\"\n               data-image-slug=\"img_4203\"\n               class=\"shutterset_8809\">\n                <img\n                    title=\"img_4203\"\n                    alt=\"img_4203\"\n                    src=\"http:\/\/www.freimarianne.ch\/wp-content\/gallery\/blatten-mund-17-5-14\/thumbs\/thumbs_img_4203.jpg\"\n                    width=\"100\"\n                    height=\"75\"\n                    style=\"max-width:100%;\"\n                \/>\n            <\/a>\n        <\/div>\n\t\t\t\t\t\t\t<\/div> \n\t\t\t\n        \n\t\t\n\t\t<!-- Pagination -->\n\t<div class='ngg-clear'><\/div>\t<\/div>\n<\/p>\n","protected":false},"excerpt":{"rendered":"<p>Eine sch\u00f6ne Fr\u00fchlingswanderung von Blatten, VS oberhalb Naters nach Mund Von Blatten aus machen wir einen Abstecher an den Aussichtspunkt ( 25 min), von wo man einen grossartigen Blick auf den Monte Leone, das Breithorn, H\u00fcbschhorn und das Glishorn hat. Auf dem obligaten B\u00e4nklein halten wir eine fr\u00fche Mittagsrast und geniessen den Sonnenschein und die [&hellip;]<\/p>\n","protected":false},"author":1,"featured_media":0,"parent":5166,"menu_order":10,"comment_status":"closed","ping_status":"closed","template":"","meta":{"ngg_post_thumbnail":0},"_links":{"self":[{"href":"http:\/\/www.freimarianne.ch\/index.php?rest_route=\/wp\/v2\/pages\/5268"}],"collection":[{"href":"http:\/\/www.freimarianne.ch\/index.php?rest_route=\/wp\/v2\/pages"}],"about":[{"href":"http:\/\/www.freimarianne.ch\/index.php?rest_route=\/wp\/v2\/types\/page"}],"author":[{"embeddable":true,"href":"http:\/\/www.freimarianne.ch\/index.php?rest_route=\/wp\/v2\/users\/1"}],"replies":[{"embeddable":true,"href":"http:\/\/www.freimarianne.ch\/index.php?rest_route=%2Fwp%2Fv2%2Fcomments&post=5268"}],"version-history":[{"count":10,"href":"http:\/\/www.freimarianne.ch\/index.php?rest_route=\/wp\/v2\/pages\/5268\/revisions"}],"predecessor-version":[{"id":8811,"href":"http:\/\/www.freimarianne.ch\/index.php?rest_route=\/wp\/v2\/pages\/5268\/revisions\/8811"}],"up":[{"embeddable":true,"href":"http:\/\/www.freimarianne.ch\/index.php?rest_route=\/wp\/v2\/pages\/5166"}],"wp:attachment":[{"href":"http:\/\/www.freimarianne.ch\/index.php?rest_route=%2Fwp%2Fv2%2Fmedia&parent=5268"}],"curies":[{"name":"wp","href":"https:\/\/api.w.org\/{rel}","templated":true}]}}