{"id":5656,"date":"2014-08-09T10:52:31","date_gmt":"2014-08-09T09:52:31","guid":{"rendered":"http:\/\/www.freimarianne.ch\/?page_id=5656"},"modified":"2014-08-11T08:20:58","modified_gmt":"2014-08-11T07:20:58","slug":"tessin-1-8-2014","status":"publish","type":"page","link":"http:\/\/www.freimarianne.ch\/?page_id=5656","title":{"rendered":"Tessin 1.8.2014"},"content":{"rendered":"<p><strong>1.8.2014<\/strong><br \/>\nGeplante Route: Von Sasso della Boggia 2065m via Alpe Ravina 1775m auf den Passo Sassello 2336m nach Fusio 1281m<br \/>\n<img loading=\"lazy\" class=\"aligncenter size-full wp-image-5673\" src=\"http:\/\/www.freimarianne.ch\/wp-content\/uploads\/2014\/08\/IMG_6142_tess_1.jpg\" alt=\"IMG_6142_tess_1\" width=\"500\" height=\"375\" srcset=\"http:\/\/www.freimarianne.ch\/wp-content\/uploads\/2014\/08\/IMG_6142_tess_1.jpg 500w, http:\/\/www.freimarianne.ch\/wp-content\/uploads\/2014\/08\/IMG_6142_tess_1-300x225.jpg 300w, http:\/\/www.freimarianne.ch\/wp-content\/uploads\/2014\/08\/IMG_6142_tess_1-400x300.jpg 400w\" sizes=\"(max-width: 500px) 100vw, 500px\" \/><br \/>\nAls wir um 10.00 in Airolo ankommen regnet es in Str\u00f6men! Sollen wir es wagen bei diesem Wetter einen Aufstieg von 922m und einen Abstieg von 1413m zu wagen um von Airolo \u00fcber den Passo Sassello nach Fusion zu gelangen?<br \/>\nDie Antwort ist nein!<br \/>\nDie einen verk\u00fcrzen die Wartezeit mit einem Kaffee die anderen mit dem L\u00f6sen eines Billetts nach Locarno.<br \/>\nIn Locarno angekommen Regent es nicht mehr und wir kommen trockenen Fusses von dort auf einen Wanderweg, der sehr ausserhalb der Stadt beginnt, nach Ponte Brolla.<br \/>\nDies w\u00e4re dann die Wanderung von heute gewesen! Ein richtiges Kontrastprogramm! In Ponte Brolla kehren wir ein im Restaurant, das oberhalb der Maggiaschlucht liegt. Hier waren wir letztes Jahr zum Abschluss unserer Wandertage- hier geginnen wir also wieder &#8211; nur unter schlechteren Wettervorzeichen!<br \/>\nIn einer langen Fahrt und mit Umsteigen in Bignasco gelangen wir in das hinterste Dorf im Val Lavizzara nach Fusion 1281m.<br \/>\nHier sind wir in der Osteria Dazio im Massenlager untergebracht. Wir k\u00f6nnen noch eine Stunde auf der Terrasse die Abendstimmung bei einem Bier geniessen und dann gibt es ein feines Abendessen mit einem guten Dessert.<br \/>\nWir wissen, dass die Wetterprognosen f\u00fcr den n\u00e4chsten Tag nicht gut sind. F\u00fcr ein Alternativprogramm ist bereits gesorgt!<\/p>\n","protected":false},"excerpt":{"rendered":"<p>1.8.2014 Geplante Route: Von Sasso della Boggia 2065m via Alpe Ravina 1775m auf den Passo Sassello 2336m nach Fusio 1281m Als wir um 10.00 in Airolo ankommen regnet es in Str\u00f6men! Sollen wir es wagen bei diesem Wetter einen Aufstieg von 922m und einen Abstieg von 1413m zu wagen um von Airolo \u00fcber den Passo [&hellip;]<\/p>\n","protected":false},"author":1,"featured_media":0,"parent":5650,"menu_order":1,"comment_status":"closed","ping_status":"closed","template":"","meta":{"ngg_post_thumbnail":0},"_links":{"self":[{"href":"http:\/\/www.freimarianne.ch\/index.php?rest_route=\/wp\/v2\/pages\/5656"}],"collection":[{"href":"http:\/\/www.freimarianne.ch\/index.php?rest_route=\/wp\/v2\/pages"}],"about":[{"href":"http:\/\/www.freimarianne.ch\/index.php?rest_route=\/wp\/v2\/types\/page"}],"author":[{"embeddable":true,"href":"http:\/\/www.freimarianne.ch\/index.php?rest_route=\/wp\/v2\/users\/1"}],"replies":[{"embeddable":true,"href":"http:\/\/www.freimarianne.ch\/index.php?rest_route=%2Fwp%2Fv2%2Fcomments&post=5656"}],"version-history":[{"count":7,"href":"http:\/\/www.freimarianne.ch\/index.php?rest_route=\/wp\/v2\/pages\/5656\/revisions"}],"predecessor-version":[{"id":5953,"href":"http:\/\/www.freimarianne.ch\/index.php?rest_route=\/wp\/v2\/pages\/5656\/revisions\/5953"}],"up":[{"embeddable":true,"href":"http:\/\/www.freimarianne.ch\/index.php?rest_route=\/wp\/v2\/pages\/5650"}],"wp:attachment":[{"href":"http:\/\/www.freimarianne.ch\/index.php?rest_route=%2Fwp%2Fv2%2Fmedia&parent=5656"}],"curies":[{"name":"wp","href":"https:\/\/api.w.org\/{rel}","templated":true}]}}