{"id":10097,"date":"2015-04-12T10:50:49","date_gmt":"2015-04-12T09:50:49","guid":{"rendered":"http:\/\/www.freimarianne.ch\/?page_id=10097"},"modified":"2015-04-16T08:42:19","modified_gmt":"2015-04-16T07:42:19","slug":"ramisgummenhoger-be-9-4-2015","status":"publish","type":"page","link":"https:\/\/www.freimarianne.ch\/?page_id=10097","title":{"rendered":"R\u00e4misgummenhoger,  BE 9.4.2015"},"content":{"rendered":"<p><strong>Wanderung von Eggiwil \u00fcber den R\u00e4misgummenhoger nach Trubschachen<\/strong><\/p>\n<p><img loading=\"lazy\" src=\"http:\/\/www.freimarianne.ch\/wp-content\/uploads\/2015\/04\/IMG_8699_ra\u0308misgummen_500.jpg\" alt=\"IMG_8699_ra\u0308misgummen_500\" width=\"500\" height=\"375\" class=\"alignleft size-full wp-image-10102\" srcset=\"https:\/\/www.freimarianne.ch\/wp-content\/uploads\/2015\/04\/IMG_8699_ra\u0308misgummen_500.jpg 500w, https:\/\/www.freimarianne.ch\/wp-content\/uploads\/2015\/04\/IMG_8699_ra\u0308misgummen_500-300x225.jpg 300w, https:\/\/www.freimarianne.ch\/wp-content\/uploads\/2015\/04\/IMG_8699_ra\u0308misgummen_500-400x300.jpg 400w\" sizes=\"(max-width: 500px) 100vw, 500px\" \/><\/a><br \/>\nWir kommen um 9.31h in Eggiwil Dorf an und gehen der Strasse entlang nach Heidb\u00fcel. Der Wanderweg f\u00fchrt uns ins Geissbachtal hinein und bald k\u00f6nnen wir auf einen Wanderweg im Wald wechseln. Es geht steil hinauf auf das Steinb\u00f6deli. Es gibt nochmals einen eher steilen Aufstieg zum Mittl. Steinboden und dann  flacht sich der Weg etwas ab. Wir kommen \u00fcber den Ob. Steinboden zum Hint. R\u00e4misgummen 1300m. Hier oben liegen noch einzelne Schneefelder und wir m\u00fcssen sogar im Schnee gehen. Wir sehen einige Krokusse. Schon von weiten erblicken wir unser Ziel, den R\u00e4misgummenhoger, den wir dann  nach 12.00 h  erreichen. Wir sind nicht die einzigen Leute auf der Krokus Suche!<br \/>\nVom Grat aus, wo wir unsere Mittagspause halten, haben wir eine pr\u00e4chtige Sicht auf die Schrattenflue, das Hohgant Massiv und die Stockhornkette.  Ganz im Hintergrund erkennen wir das Schreckhorn. Die  drei &#8220;Berner&#8221; sind nicht zu sehen.<br \/>\nVor dem Wetterhorn und dem Schreckhorn ist das Tannhorn, ein Gipfel der Brienzerrothornkette zu sehen.<br \/>\nNachher geht es weiter   hinunter  auf der Gratlinie bis zum W\u00e4ldchen, wo der Weg zur Geissholle f\u00fchrt, den wir aber nicht nehmen. Wir wandern dem Waldrand entlang hinunter zur Ch\u00e4seren (Parkplatz) und dann weiter  \u00fcber den gr\u00fcnen Grat hinunter gegen Oberhouenen. Wir gehen nun auf der Houenenegg und kommen einmal \u00fcber Teer  einmal auf Wanderwegen hinunter zum B\u00e4rgenh\u00fcsi.  Wir geniessen die Fr\u00fchlingslandschaft.  Ein steiler Pfad durch den Wald und \u00fcber Wiesen f\u00fchrt uns hinunter zum Fluss Ilfis  in Trubschachen. Nun ist es nicht mehr weit bis zum Kambly Fabrikladen, wo wir einkehren und auch eigne S\u00fcssigkeiten naschen.<br \/>\nDies war eine wundersch\u00f6ne Fr\u00fchlingswanderung mit einem grossartigen Panorama.<br \/>\naut GPS:<br \/>\nDistanz: 13.8km; Aufstieg:  618m; Abstieg: 613m; Marschzeit:  4.43 h<\/p>\n<p><!-- index.php -->\n<div\n\tclass=\"ngg-galleryoverview ngg-ajax-pagination-none\"\n\tid=\"ngg-gallery-10195-1\">\n\n    \t<div class=\"slideshowlink\">\n        <a href='https:\/\/www.freimarianne.ch\/index.php\/nggallery\/slideshow?page_id=10097'>[Show as slideshow]<\/a>\n\t\t\n\t<\/div>\n\t\t\t<!-- Thumbnails -->\n\t\t\t\t<div id=\"ngg-image-0\" class=\"ngg-gallery-thumbnail-box\" >\n\t\t\t\t        <div class=\"ngg-gallery-thumbnail\">\n            <a href=\"https:\/\/www.freimarianne.ch\/wp-content\/gallery\/ramisgummen-9-4-15\/IMG_8645.jpg\"\n               title=\"\"\n               data-src=\"https:\/\/www.freimarianne.ch\/wp-content\/gallery\/ramisgummen-9-4-15\/IMG_8645.jpg\"\n               data-thumbnail=\"https:\/\/www.freimarianne.ch\/wp-content\/gallery\/ramisgummen-9-4-15\/thumbs\/thumbs_IMG_8645.jpg\"\n               data-image-id=\"10430\"\n               data-title=\"IMG_8645\"\n               data-description=\"\"\n               data-image-slug=\"img_8645\"\n               class=\"shutterset_10195\">\n                <img\n                    title=\"IMG_8645\"\n                    alt=\"IMG_8645\"\n                    src=\"https:\/\/www.freimarianne.ch\/wp-content\/gallery\/ramisgummen-9-4-15\/thumbs\/thumbs_IMG_8645.jpg\"\n                    width=\"100\"\n                    height=\"75\"\n                    style=\"max-width:100%;\"\n                \/>\n            <\/a>\n        <\/div>\n\t\t\t\t\t\t\t<\/div> \n\t\t\t\n        \n\t\t\t\t<div id=\"ngg-image-1\" class=\"ngg-gallery-thumbnail-box\" >\n\t\t\t\t        <div class=\"ngg-gallery-thumbnail\">\n            <a href=\"https:\/\/www.freimarianne.ch\/wp-content\/gallery\/ramisgummen-9-4-15\/IMG_8652.jpg\"\n               title=\"\"\n               data-src=\"https:\/\/www.freimarianne.ch\/wp-content\/gallery\/ramisgummen-9-4-15\/IMG_8652.jpg\"\n               data-thumbnail=\"https:\/\/www.freimarianne.ch\/wp-content\/gallery\/ramisgummen-9-4-15\/thumbs\/thumbs_IMG_8652.jpg\"\n               data-image-id=\"10431\"\n               data-title=\"IMG_8652\"\n               data-description=\"\"\n               data-image-slug=\"img_8652-3\"\n               class=\"shutterset_10195\">\n                <img\n                    title=\"IMG_8652\"\n                    alt=\"IMG_8652\"\n                    src=\"https:\/\/www.freimarianne.ch\/wp-content\/gallery\/ramisgummen-9-4-15\/thumbs\/thumbs_IMG_8652.jpg\"\n                    width=\"100\"\n                    height=\"75\"\n                    style=\"max-width:100%;\"\n                \/>\n            <\/a>\n        <\/div>\n\t\t\t\t\t\t\t<\/div> \n\t\t\t\n        \n\t\t\t\t<div id=\"ngg-image-2\" class=\"ngg-gallery-thumbnail-box\" >\n\t\t\t\t        <div class=\"ngg-gallery-thumbnail\">\n            <a href=\"https:\/\/www.freimarianne.ch\/wp-content\/gallery\/ramisgummen-9-4-15\/IMG_8656.jpg\"\n               title=\"\"\n               data-src=\"https:\/\/www.freimarianne.ch\/wp-content\/gallery\/ramisgummen-9-4-15\/IMG_8656.jpg\"\n               data-thumbnail=\"https:\/\/www.freimarianne.ch\/wp-content\/gallery\/ramisgummen-9-4-15\/thumbs\/thumbs_IMG_8656.jpg\"\n               data-image-id=\"10432\"\n               data-title=\"IMG_8656\"\n               data-description=\"\"\n               data-image-slug=\"img_8656\"\n               class=\"shutterset_10195\">\n                <img\n                    title=\"IMG_8656\"\n                    alt=\"IMG_8656\"\n                    src=\"https:\/\/www.freimarianne.ch\/wp-content\/gallery\/ramisgummen-9-4-15\/thumbs\/thumbs_IMG_8656.jpg\"\n                    width=\"100\"\n                    height=\"75\"\n                    style=\"max-width:100%;\"\n                \/>\n            <\/a>\n        <\/div>\n\t\t\t\t\t\t\t<\/div> \n\t\t\t\n        \n\t\t\t\t<div id=\"ngg-image-3\" class=\"ngg-gallery-thumbnail-box\" >\n\t\t\t\t        <div class=\"ngg-gallery-thumbnail\">\n            <a href=\"https:\/\/www.freimarianne.ch\/wp-content\/gallery\/ramisgummen-9-4-15\/IMG_8661.jpg\"\n               title=\"\"\n               data-src=\"https:\/\/www.freimarianne.ch\/wp-content\/gallery\/ramisgummen-9-4-15\/IMG_8661.jpg\"\n               data-thumbnail=\"https:\/\/www.freimarianne.ch\/wp-content\/gallery\/ramisgummen-9-4-15\/thumbs\/thumbs_IMG_8661.jpg\"\n               data-image-id=\"10433\"\n               data-title=\"IMG_8661\"\n               data-description=\"\"\n               data-image-slug=\"img_8661-1\"\n               class=\"shutterset_10195\">\n                <img\n                    title=\"IMG_8661\"\n                    alt=\"IMG_8661\"\n                    src=\"https:\/\/www.freimarianne.ch\/wp-content\/gallery\/ramisgummen-9-4-15\/thumbs\/thumbs_IMG_8661.jpg\"\n                    width=\"100\"\n                    height=\"75\"\n                    style=\"max-width:100%;\"\n                \/>\n            <\/a>\n        <\/div>\n\t\t\t\t\t\t\t<\/div> \n\t\t\t\n        \n\t\t\t\t<div id=\"ngg-image-4\" class=\"ngg-gallery-thumbnail-box\" >\n\t\t\t\t        <div class=\"ngg-gallery-thumbnail\">\n            <a href=\"https:\/\/www.freimarianne.ch\/wp-content\/gallery\/ramisgummen-9-4-15\/IMG_8671.jpg\"\n               title=\"\"\n               data-src=\"https:\/\/www.freimarianne.ch\/wp-content\/gallery\/ramisgummen-9-4-15\/IMG_8671.jpg\"\n               data-thumbnail=\"https:\/\/www.freimarianne.ch\/wp-content\/gallery\/ramisgummen-9-4-15\/thumbs\/thumbs_IMG_8671.jpg\"\n               data-image-id=\"10434\"\n               data-title=\"IMG_8671\"\n               data-description=\"\"\n               data-image-slug=\"img_8671\"\n               class=\"shutterset_10195\">\n                <img\n                    title=\"IMG_8671\"\n                    alt=\"IMG_8671\"\n                    src=\"https:\/\/www.freimarianne.ch\/wp-content\/gallery\/ramisgummen-9-4-15\/thumbs\/thumbs_IMG_8671.jpg\"\n                    width=\"100\"\n                    height=\"75\"\n                    style=\"max-width:100%;\"\n                \/>\n            <\/a>\n        <\/div>\n\t\t\t\t\t\t\t<\/div> \n\t\t\t\n        \n\t\t\t\t<div id=\"ngg-image-5\" class=\"ngg-gallery-thumbnail-box\" >\n\t\t\t\t        <div class=\"ngg-gallery-thumbnail\">\n            <a href=\"https:\/\/www.freimarianne.ch\/wp-content\/gallery\/ramisgummen-9-4-15\/IMG_8685.jpg\"\n               title=\"\"\n               data-src=\"https:\/\/www.freimarianne.ch\/wp-content\/gallery\/ramisgummen-9-4-15\/IMG_8685.jpg\"\n               data-thumbnail=\"https:\/\/www.freimarianne.ch\/wp-content\/gallery\/ramisgummen-9-4-15\/thumbs\/thumbs_IMG_8685.jpg\"\n               data-image-id=\"10435\"\n               data-title=\"IMG_8685\"\n               data-description=\"\"\n               data-image-slug=\"img_8685\"\n               class=\"shutterset_10195\">\n                <img\n                    title=\"IMG_8685\"\n                    alt=\"IMG_8685\"\n                    src=\"https:\/\/www.freimarianne.ch\/wp-content\/gallery\/ramisgummen-9-4-15\/thumbs\/thumbs_IMG_8685.jpg\"\n                    width=\"100\"\n                    height=\"75\"\n                    style=\"max-width:100%;\"\n                \/>\n            <\/a>\n        <\/div>\n\t\t\t\t\t\t\t<\/div> \n\t\t\t\n        \n\t\t\t\t<div id=\"ngg-image-6\" class=\"ngg-gallery-thumbnail-box\" >\n\t\t\t\t        <div class=\"ngg-gallery-thumbnail\">\n            <a href=\"https:\/\/www.freimarianne.ch\/wp-content\/gallery\/ramisgummen-9-4-15\/IMG_8689.jpg\"\n               title=\"\"\n               data-src=\"https:\/\/www.freimarianne.ch\/wp-content\/gallery\/ramisgummen-9-4-15\/IMG_8689.jpg\"\n               data-thumbnail=\"https:\/\/www.freimarianne.ch\/wp-content\/gallery\/ramisgummen-9-4-15\/thumbs\/thumbs_IMG_8689.jpg\"\n               data-image-id=\"10436\"\n               data-title=\"IMG_8689\"\n               data-description=\"\"\n               data-image-slug=\"img_8689-1\"\n               class=\"shutterset_10195\">\n                <img\n                    title=\"IMG_8689\"\n                    alt=\"IMG_8689\"\n                    src=\"https:\/\/www.freimarianne.ch\/wp-content\/gallery\/ramisgummen-9-4-15\/thumbs\/thumbs_IMG_8689.jpg\"\n                    width=\"100\"\n                    height=\"75\"\n                    style=\"max-width:100%;\"\n                \/>\n            <\/a>\n        <\/div>\n\t\t\t\t\t\t\t<\/div> \n\t\t\t\n        \n\t\t\t\t<div id=\"ngg-image-7\" class=\"ngg-gallery-thumbnail-box\" >\n\t\t\t\t        <div class=\"ngg-gallery-thumbnail\">\n            <a href=\"https:\/\/www.freimarianne.ch\/wp-content\/gallery\/ramisgummen-9-4-15\/IMG_8694.jpg\"\n               title=\"\"\n               data-src=\"https:\/\/www.freimarianne.ch\/wp-content\/gallery\/ramisgummen-9-4-15\/IMG_8694.jpg\"\n               data-thumbnail=\"https:\/\/www.freimarianne.ch\/wp-content\/gallery\/ramisgummen-9-4-15\/thumbs\/thumbs_IMG_8694.jpg\"\n               data-image-id=\"10437\"\n               data-title=\"IMG_8694\"\n               data-description=\"\"\n               data-image-slug=\"img_8694-1\"\n               class=\"shutterset_10195\">\n                <img\n                    title=\"IMG_8694\"\n                    alt=\"IMG_8694\"\n                    src=\"https:\/\/www.freimarianne.ch\/wp-content\/gallery\/ramisgummen-9-4-15\/thumbs\/thumbs_IMG_8694.jpg\"\n                    width=\"100\"\n                    height=\"75\"\n                    style=\"max-width:100%;\"\n                \/>\n            <\/a>\n        <\/div>\n\t\t\t\t\t\t\t<\/div> \n\t\t\t\n        \n\t\t\t\t<div id=\"ngg-image-8\" class=\"ngg-gallery-thumbnail-box\" >\n\t\t\t\t        <div class=\"ngg-gallery-thumbnail\">\n            <a href=\"https:\/\/www.freimarianne.ch\/wp-content\/gallery\/ramisgummen-9-4-15\/IMG_8700.jpg\"\n               title=\"\"\n               data-src=\"https:\/\/www.freimarianne.ch\/wp-content\/gallery\/ramisgummen-9-4-15\/IMG_8700.jpg\"\n               data-thumbnail=\"https:\/\/www.freimarianne.ch\/wp-content\/gallery\/ramisgummen-9-4-15\/thumbs\/thumbs_IMG_8700.jpg\"\n               data-image-id=\"10438\"\n               data-title=\"IMG_8700\"\n               data-description=\"\"\n               data-image-slug=\"img_8700\"\n               class=\"shutterset_10195\">\n                <img\n                    title=\"IMG_8700\"\n                    alt=\"IMG_8700\"\n                    src=\"https:\/\/www.freimarianne.ch\/wp-content\/gallery\/ramisgummen-9-4-15\/thumbs\/thumbs_IMG_8700.jpg\"\n                    width=\"100\"\n                    height=\"75\"\n                    style=\"max-width:100%;\"\n                \/>\n            <\/a>\n        <\/div>\n\t\t\t\t\t\t\t<\/div> \n\t\t\t\n        \n\t\t\t\t<div id=\"ngg-image-9\" class=\"ngg-gallery-thumbnail-box\" >\n\t\t\t\t        <div class=\"ngg-gallery-thumbnail\">\n            <a href=\"https:\/\/www.freimarianne.ch\/wp-content\/gallery\/ramisgummen-9-4-15\/IMG_8705.jpg\"\n               title=\"\"\n               data-src=\"https:\/\/www.freimarianne.ch\/wp-content\/gallery\/ramisgummen-9-4-15\/IMG_8705.jpg\"\n               data-thumbnail=\"https:\/\/www.freimarianne.ch\/wp-content\/gallery\/ramisgummen-9-4-15\/thumbs\/thumbs_IMG_8705.jpg\"\n               data-image-id=\"10439\"\n               data-title=\"IMG_8705\"\n               data-description=\"\"\n               data-image-slug=\"img_8705\"\n               class=\"shutterset_10195\">\n                <img\n                    title=\"IMG_8705\"\n                    alt=\"IMG_8705\"\n                    src=\"https:\/\/www.freimarianne.ch\/wp-content\/gallery\/ramisgummen-9-4-15\/thumbs\/thumbs_IMG_8705.jpg\"\n                    width=\"100\"\n                    height=\"75\"\n                    style=\"max-width:100%;\"\n                \/>\n            <\/a>\n        <\/div>\n\t\t\t\t\t\t\t<\/div> \n\t\t\t\n        \n\t\t\t\t<div id=\"ngg-image-10\" class=\"ngg-gallery-thumbnail-box\" >\n\t\t\t\t        <div class=\"ngg-gallery-thumbnail\">\n            <a href=\"https:\/\/www.freimarianne.ch\/wp-content\/gallery\/ramisgummen-9-4-15\/IMG_8706.jpg\"\n               title=\"\"\n               data-src=\"https:\/\/www.freimarianne.ch\/wp-content\/gallery\/ramisgummen-9-4-15\/IMG_8706.jpg\"\n               data-thumbnail=\"https:\/\/www.freimarianne.ch\/wp-content\/gallery\/ramisgummen-9-4-15\/thumbs\/thumbs_IMG_8706.jpg\"\n               data-image-id=\"10440\"\n               data-title=\"IMG_8706\"\n               data-description=\"\"\n               data-image-slug=\"img_8706-1\"\n               class=\"shutterset_10195\">\n                <img\n                    title=\"IMG_8706\"\n                    alt=\"IMG_8706\"\n                    src=\"https:\/\/www.freimarianne.ch\/wp-content\/gallery\/ramisgummen-9-4-15\/thumbs\/thumbs_IMG_8706.jpg\"\n                    width=\"100\"\n                    height=\"75\"\n                    style=\"max-width:100%;\"\n                \/>\n            <\/a>\n        <\/div>\n\t\t\t\t\t\t\t<\/div> \n\t\t\t\n        \n\t\t\t\t<div id=\"ngg-image-11\" class=\"ngg-gallery-thumbnail-box\" >\n\t\t\t\t        <div class=\"ngg-gallery-thumbnail\">\n            <a href=\"https:\/\/www.freimarianne.ch\/wp-content\/gallery\/ramisgummen-9-4-15\/IMG_8711.jpg\"\n               title=\"\"\n               data-src=\"https:\/\/www.freimarianne.ch\/wp-content\/gallery\/ramisgummen-9-4-15\/IMG_8711.jpg\"\n               data-thumbnail=\"https:\/\/www.freimarianne.ch\/wp-content\/gallery\/ramisgummen-9-4-15\/thumbs\/thumbs_IMG_8711.jpg\"\n               data-image-id=\"10441\"\n               data-title=\"IMG_8711\"\n               data-description=\"\"\n               data-image-slug=\"img_8711\"\n               class=\"shutterset_10195\">\n                <img\n                    title=\"IMG_8711\"\n                    alt=\"IMG_8711\"\n                    src=\"https:\/\/www.freimarianne.ch\/wp-content\/gallery\/ramisgummen-9-4-15\/thumbs\/thumbs_IMG_8711.jpg\"\n                    width=\"100\"\n                    height=\"75\"\n                    style=\"max-width:100%;\"\n                \/>\n            <\/a>\n        <\/div>\n\t\t\t\t\t\t\t<\/div> \n\t\t\t\n        \n\t\t\t\t<div id=\"ngg-image-12\" class=\"ngg-gallery-thumbnail-box\" >\n\t\t\t\t        <div class=\"ngg-gallery-thumbnail\">\n            <a href=\"https:\/\/www.freimarianne.ch\/wp-content\/gallery\/ramisgummen-9-4-15\/IMG_8715.jpg\"\n               title=\"\"\n               data-src=\"https:\/\/www.freimarianne.ch\/wp-content\/gallery\/ramisgummen-9-4-15\/IMG_8715.jpg\"\n               data-thumbnail=\"https:\/\/www.freimarianne.ch\/wp-content\/gallery\/ramisgummen-9-4-15\/thumbs\/thumbs_IMG_8715.jpg\"\n               data-image-id=\"10442\"\n               data-title=\"IMG_8715\"\n               data-description=\"\"\n               data-image-slug=\"img_8715-4\"\n               class=\"shutterset_10195\">\n                <img\n                    title=\"IMG_8715\"\n                    alt=\"IMG_8715\"\n                    src=\"https:\/\/www.freimarianne.ch\/wp-content\/gallery\/ramisgummen-9-4-15\/thumbs\/thumbs_IMG_8715.jpg\"\n                    width=\"100\"\n                    height=\"75\"\n                    style=\"max-width:100%;\"\n                \/>\n            <\/a>\n        <\/div>\n\t\t\t\t\t\t\t<\/div> \n\t\t\t\n        \n\t\t\t\t<div id=\"ngg-image-13\" class=\"ngg-gallery-thumbnail-box\" >\n\t\t\t\t        <div class=\"ngg-gallery-thumbnail\">\n            <a href=\"https:\/\/www.freimarianne.ch\/wp-content\/gallery\/ramisgummen-9-4-15\/Pano-Ra%CC%88misgummen-8692-97.jpg\"\n               title=\"\"\n               data-src=\"https:\/\/www.freimarianne.ch\/wp-content\/gallery\/ramisgummen-9-4-15\/Pano-Ra%CC%88misgummen-8692-97.jpg\"\n               data-thumbnail=\"https:\/\/www.freimarianne.ch\/wp-content\/gallery\/ramisgummen-9-4-15\/thumbs\/thumbs_Pano-Ra%CC%88misgummen-8692-97.jpg\"\n               data-image-id=\"10443\"\n               data-title=\"Pano Ra\u0308misgummen 8692-97\"\n               data-description=\"\"\n               data-image-slug=\"pano-ra%cc%88misgummen-8692-97-1\"\n               class=\"shutterset_10195\">\n                <img\n                    title=\"Pano Ra\u0308misgummen 8692-97\"\n                    alt=\"Pano Ra\u0308misgummen 8692-97\"\n                    src=\"https:\/\/www.freimarianne.ch\/wp-content\/gallery\/ramisgummen-9-4-15\/thumbs\/thumbs_Pano-Ra%CC%88misgummen-8692-97.jpg\"\n                    width=\"100\"\n                    height=\"75\"\n                    style=\"max-width:100%;\"\n                \/>\n            <\/a>\n        <\/div>\n\t\t\t\t\t\t\t<\/div> \n\t\t\t\n        \n\t\t\n\t\t<!-- Pagination -->\n\t<div class='ngg-clear'><\/div>\t<\/div>\n<\/p>\n","protected":false},"excerpt":{"rendered":"<p>Wanderung von Eggiwil \u00fcber den R\u00e4misgummenhoger nach Trubschachen Wir kommen um 9.31h in Eggiwil Dorf an und gehen der Strasse entlang nach Heidb\u00fcel. Der Wanderweg f\u00fchrt uns ins Geissbachtal hinein und bald k\u00f6nnen wir auf einen Wanderweg im Wald wechseln. Es geht steil hinauf auf das Steinb\u00f6deli. Es gibt nochmals einen eher steilen Aufstieg zum [&hellip;]<\/p>\n","protected":false},"author":1,"featured_media":0,"parent":9750,"menu_order":2,"comment_status":"closed","ping_status":"closed","template":"","meta":{"ngg_post_thumbnail":0},"_links":{"self":[{"href":"https:\/\/www.freimarianne.ch\/index.php?rest_route=\/wp\/v2\/pages\/10097"}],"collection":[{"href":"https:\/\/www.freimarianne.ch\/index.php?rest_route=\/wp\/v2\/pages"}],"about":[{"href":"https:\/\/www.freimarianne.ch\/index.php?rest_route=\/wp\/v2\/types\/page"}],"author":[{"embeddable":true,"href":"https:\/\/www.freimarianne.ch\/index.php?rest_route=\/wp\/v2\/users\/1"}],"replies":[{"embeddable":true,"href":"https:\/\/www.freimarianne.ch\/index.php?rest_route=%2Fwp%2Fv2%2Fcomments&post=10097"}],"version-history":[{"count":10,"href":"https:\/\/www.freimarianne.ch\/index.php?rest_route=\/wp\/v2\/pages\/10097\/revisions"}],"predecessor-version":[{"id":10199,"href":"https:\/\/www.freimarianne.ch\/index.php?rest_route=\/wp\/v2\/pages\/10097\/revisions\/10199"}],"up":[{"embeddable":true,"href":"https:\/\/www.freimarianne.ch\/index.php?rest_route=\/wp\/v2\/pages\/9750"}],"wp:attachment":[{"href":"https:\/\/www.freimarianne.ch\/index.php?rest_route=%2Fwp%2Fv2%2Fmedia&parent=10097"}],"curies":[{"name":"wp","href":"https:\/\/api.w.org\/{rel}","templated":true}]}}