{"id":10298,"date":"2015-04-24T11:09:04","date_gmt":"2015-04-24T10:09:04","guid":{"rendered":"http:\/\/www.freimarianne.ch\/?page_id=10298"},"modified":"2015-06-01T09:53:41","modified_gmt":"2015-06-01T08:53:41","slug":"rothenbach-signau-be-23-4-2015","status":"publish","type":"page","link":"https:\/\/www.freimarianne.ch\/?page_id=10298","title":{"rendered":"R\u00f6thenbach &#8211; Signau, BE 23.4.2015"},"content":{"rendered":"<p><strong>Fr\u00fchlingswanderung im Emmental<\/strong><\/p>\n<p>Wanderung von R\u00f6thenbach \u00fcber W\u00fcrzbrunnen &#8211; Chuderh\u00fcsi &#8211;\u00a0 Ryffersegg &#8211; Steinen\u00a0 nach Signau<\/p>\n<p><img loading=\"lazy\" class=\"alignleft size-full wp-image-10300\" src=\"http:\/\/www.freimarianne.ch\/wp-content\/uploads\/2015\/04\/IMG_3526_ro\u0308thenbach_500.jpg\" alt=\"IMG_3526_ro\u0308thenbach_500\" width=\"500\" height=\"333\" srcset=\"https:\/\/www.freimarianne.ch\/wp-content\/uploads\/2015\/04\/IMG_3526_ro\u0308thenbach_500.jpg 500w, https:\/\/www.freimarianne.ch\/wp-content\/uploads\/2015\/04\/IMG_3526_ro\u0308thenbach_500-300x200.jpg 300w, https:\/\/www.freimarianne.ch\/wp-content\/uploads\/2015\/04\/IMG_3526_ro\u0308thenbach_500-450x300.jpg 450w\" sizes=\"(max-width: 500px) 100vw, 500px\" \/><br \/>\nUm 10.40h komme ich in R\u00f6thenbach an. Ich habe eine sch\u00f6ne Busfahrt durch das einsame Emmental von Signau bis R\u00f6thenbach hinter mir.<br \/>\nDer Einstieg in den Wanderweg ist in der N\u00e4he der Kirche. Auf einem Graspfad geht es gleich hinauf am Waldrand und \u00fcber Wiesen nach W\u00fcrzbrunnen 958m, wo das Kirchlein W\u00fcrzbrunnen steht, eine beliebte Hochzeitskirche (kommt in Gotthelf Filmen vor) die \u00fcber 1000 Jahre alt ist.<br \/>\n<a href=\"http:\/\/www.roethenbach.ch\/wb-kirche.htm\">http:\/\/www.roethenbach.ch\/wb-kirche.htm<\/a><br \/>\nNach dem Restaurant geht es rechts in den Wald, wo der Pfad hinunter in ein Bachtobel f\u00fchrt und auf der anderen Seite hinauf nach Looch ( einige H\u00e4user an der Fahrstrasse) Nach einer Linkskurve beim Paradisli steige ich links auf einem Wiesenpfad gerade hinauf zum Waldrand(Lipelee). Ich gehe dem Waldrand entlang mit grossartiger Sicht auf die Berge ( Schrattenfluh, Hohgant ). Auf einem B\u00e4nklein mache ich Pause, um zu essen und das Panorama zu geniessen, das heute nicht sehr deutlich ist) .<br \/>\nWeiter geht es bis nach Chuderh\u00fcsi 1098m. Hier mache ich einen Fehler. Eigentlich wollte ich \u00fcber den Chapf wandern aber ich folge dem Wegweiser nach Signau.<\/p>\n<p>So wird das eine andere Wanderung, die aber in der R\u00fcckschau auch ganz gut war! Ich nehme den Weg im Goucherenwald bis zum Aussichtsturm, kehre dann um, um zum Weiler Gouchere (oder Gaucheren) 1086m zu wandern. Ab hier gehe ich hinunter ( rechts hat es einen Skilift). Ich komme zum Hof Grub 1019m und muss nun hinunter zum Bach steigen. Durch Wald und Wiesen komme ich eher auf einer Spur als auf einem Weg hin\u00fcber zum Bauernhof Gr\u00fcble. Nochmals gehe ich hinunter zum Bach, den ich \u00fcberquere , um dann hinauf zum Ryfferseggh\u00f6lzli 922m zu gelangen. Kurz gehe ich auf der Fahrstrasse, dann bin ich wieder auf dem Wanderweg, der hinunter und durch den Schw\u00e4ndiwald bis zum Weiler Vorderschw\u00e4ndi (Hartbelag!) f\u00fchrt. Oberhalb H\u00fcbeli f\u00fchrt ein Wanderweg dem Hang entlang nach Steinen 713m, wo ich den Weg hinauf zum Altschloss 836m (Ruine) nehme. Auf Hartbelag wandere ich durch den Hasliwald,gegen Hasli und W\u00e4lteli (Hartbelag) wo ich nochmals kurz auf einen Wanderweg komme. Diesen Weg habe ich schon auf meiner Wanderung von Eggiwil nach Signau genommen.<br \/>\nUm 15.00h bin ich dann beim Bahnhof Signau, wo um 15.14 h der Zug nach Bern f\u00e4hrt.<br \/>\nDiese Wanderung war sehr interessant und abwechslungsreich auch wenn ich sie eigentlich anderes h\u00e4tte machen wollen. Es war ein pr\u00e4chtiger sonniger Fr\u00fchlingstag mit etwas Wind.<br \/>\nLaut Schweizmobil:<br \/>\nDistanz: 12.91km; Aufstieg: 484m; Abstieg: 627m; Marschzeit: 3. 41 h<br \/>\nIch war von 10.45 h bis 15.00h unterwegs mit kurzen Pausen.<br \/>\n<!-- index.php -->\n<div\n\tclass=\"ngg-galleryoverview ngg-ajax-pagination-none\"\n\tid=\"ngg-gallery-10342-1\">\n\n    \t<div class=\"slideshowlink\">\n        <a href='https:\/\/www.freimarianne.ch\/index.php\/nggallery\/slideshow?page_id=10298'>[Show as slideshow]<\/a>\n\t\t\n\t<\/div>\n\t\t\t<!-- Thumbnails -->\n\t\t\t\t<div id=\"ngg-image-0\" class=\"ngg-gallery-thumbnail-box\" >\n\t\t\t\t        <div class=\"ngg-gallery-thumbnail\">\n            <a href=\"https:\/\/www.freimarianne.ch\/wp-content\/gallery\/rothenbach-23-4-15\/IMG_3509.jpg\"\n               title=\"\"\n               data-src=\"https:\/\/www.freimarianne.ch\/wp-content\/gallery\/rothenbach-23-4-15\/IMG_3509.jpg\"\n               data-thumbnail=\"https:\/\/www.freimarianne.ch\/wp-content\/gallery\/rothenbach-23-4-15\/thumbs\/thumbs_IMG_3509.jpg\"\n               data-image-id=\"10484\"\n               data-title=\"IMG_3509\"\n               data-description=\"\"\n               data-image-slug=\"img_3509-3\"\n               class=\"shutterset_10342\">\n                <img\n                    title=\"IMG_3509\"\n                    alt=\"IMG_3509\"\n                    src=\"https:\/\/www.freimarianne.ch\/wp-content\/gallery\/rothenbach-23-4-15\/thumbs\/thumbs_IMG_3509.jpg\"\n                    width=\"100\"\n                    height=\"75\"\n                    style=\"max-width:100%;\"\n                \/>\n            <\/a>\n        <\/div>\n\t\t\t\t\t\t\t<\/div> \n\t\t\t\n        \n\t\t\t\t<div id=\"ngg-image-1\" class=\"ngg-gallery-thumbnail-box\" >\n\t\t\t\t        <div class=\"ngg-gallery-thumbnail\">\n            <a href=\"https:\/\/www.freimarianne.ch\/wp-content\/gallery\/rothenbach-23-4-15\/IMG_3511.jpg\"\n               title=\"\"\n               data-src=\"https:\/\/www.freimarianne.ch\/wp-content\/gallery\/rothenbach-23-4-15\/IMG_3511.jpg\"\n               data-thumbnail=\"https:\/\/www.freimarianne.ch\/wp-content\/gallery\/rothenbach-23-4-15\/thumbs\/thumbs_IMG_3511.jpg\"\n               data-image-id=\"10485\"\n               data-title=\"IMG_3511\"\n               data-description=\"\"\n               data-image-slug=\"img_3511-1\"\n               class=\"shutterset_10342\">\n                <img\n                    title=\"IMG_3511\"\n                    alt=\"IMG_3511\"\n                    src=\"https:\/\/www.freimarianne.ch\/wp-content\/gallery\/rothenbach-23-4-15\/thumbs\/thumbs_IMG_3511.jpg\"\n                    width=\"100\"\n                    height=\"75\"\n                    style=\"max-width:100%;\"\n                \/>\n            <\/a>\n        <\/div>\n\t\t\t\t\t\t\t<\/div> \n\t\t\t\n        \n\t\t\t\t<div id=\"ngg-image-2\" class=\"ngg-gallery-thumbnail-box\" >\n\t\t\t\t        <div class=\"ngg-gallery-thumbnail\">\n            <a href=\"https:\/\/www.freimarianne.ch\/wp-content\/gallery\/rothenbach-23-4-15\/IMG_3514.jpg\"\n               title=\"\"\n               data-src=\"https:\/\/www.freimarianne.ch\/wp-content\/gallery\/rothenbach-23-4-15\/IMG_3514.jpg\"\n               data-thumbnail=\"https:\/\/www.freimarianne.ch\/wp-content\/gallery\/rothenbach-23-4-15\/thumbs\/thumbs_IMG_3514.jpg\"\n               data-image-id=\"10486\"\n               data-title=\"IMG_3514\"\n               data-description=\"\"\n               data-image-slug=\"img_3514-3\"\n               class=\"shutterset_10342\">\n                <img\n                    title=\"IMG_3514\"\n                    alt=\"IMG_3514\"\n                    src=\"https:\/\/www.freimarianne.ch\/wp-content\/gallery\/rothenbach-23-4-15\/thumbs\/thumbs_IMG_3514.jpg\"\n                    width=\"100\"\n                    height=\"75\"\n                    style=\"max-width:100%;\"\n                \/>\n            <\/a>\n        <\/div>\n\t\t\t\t\t\t\t<\/div> \n\t\t\t\n        \n\t\t\t\t<div id=\"ngg-image-3\" class=\"ngg-gallery-thumbnail-box\" >\n\t\t\t\t        <div class=\"ngg-gallery-thumbnail\">\n            <a href=\"https:\/\/www.freimarianne.ch\/wp-content\/gallery\/rothenbach-23-4-15\/IMG_3517.jpg\"\n               title=\"\"\n               data-src=\"https:\/\/www.freimarianne.ch\/wp-content\/gallery\/rothenbach-23-4-15\/IMG_3517.jpg\"\n               data-thumbnail=\"https:\/\/www.freimarianne.ch\/wp-content\/gallery\/rothenbach-23-4-15\/thumbs\/thumbs_IMG_3517.jpg\"\n               data-image-id=\"10487\"\n               data-title=\"IMG_3517\"\n               data-description=\"\"\n               data-image-slug=\"img_3517-3\"\n               class=\"shutterset_10342\">\n                <img\n                    title=\"IMG_3517\"\n                    alt=\"IMG_3517\"\n                    src=\"https:\/\/www.freimarianne.ch\/wp-content\/gallery\/rothenbach-23-4-15\/thumbs\/thumbs_IMG_3517.jpg\"\n                    width=\"100\"\n                    height=\"75\"\n                    style=\"max-width:100%;\"\n                \/>\n            <\/a>\n        <\/div>\n\t\t\t\t\t\t\t<\/div> \n\t\t\t\n        \n\t\t\t\t<div id=\"ngg-image-4\" class=\"ngg-gallery-thumbnail-box\" >\n\t\t\t\t        <div class=\"ngg-gallery-thumbnail\">\n            <a href=\"https:\/\/www.freimarianne.ch\/wp-content\/gallery\/rothenbach-23-4-15\/IMG_3518.jpg\"\n               title=\"\"\n               data-src=\"https:\/\/www.freimarianne.ch\/wp-content\/gallery\/rothenbach-23-4-15\/IMG_3518.jpg\"\n               data-thumbnail=\"https:\/\/www.freimarianne.ch\/wp-content\/gallery\/rothenbach-23-4-15\/thumbs\/thumbs_IMG_3518.jpg\"\n               data-image-id=\"10488\"\n               data-title=\"IMG_3518\"\n               data-description=\"\"\n               data-image-slug=\"img_3518\"\n               class=\"shutterset_10342\">\n                <img\n                    title=\"IMG_3518\"\n                    alt=\"IMG_3518\"\n                    src=\"https:\/\/www.freimarianne.ch\/wp-content\/gallery\/rothenbach-23-4-15\/thumbs\/thumbs_IMG_3518.jpg\"\n                    width=\"100\"\n                    height=\"75\"\n                    style=\"max-width:100%;\"\n                \/>\n            <\/a>\n        <\/div>\n\t\t\t\t\t\t\t<\/div> \n\t\t\t\n        \n\t\t\t\t<div id=\"ngg-image-5\" class=\"ngg-gallery-thumbnail-box\" >\n\t\t\t\t        <div class=\"ngg-gallery-thumbnail\">\n            <a href=\"https:\/\/www.freimarianne.ch\/wp-content\/gallery\/rothenbach-23-4-15\/IMG_3519.jpg\"\n               title=\"\"\n               data-src=\"https:\/\/www.freimarianne.ch\/wp-content\/gallery\/rothenbach-23-4-15\/IMG_3519.jpg\"\n               data-thumbnail=\"https:\/\/www.freimarianne.ch\/wp-content\/gallery\/rothenbach-23-4-15\/thumbs\/thumbs_IMG_3519.jpg\"\n               data-image-id=\"10489\"\n               data-title=\"IMG_3519\"\n               data-description=\"\"\n               data-image-slug=\"img_3519\"\n               class=\"shutterset_10342\">\n                <img\n                    title=\"IMG_3519\"\n                    alt=\"IMG_3519\"\n                    src=\"https:\/\/www.freimarianne.ch\/wp-content\/gallery\/rothenbach-23-4-15\/thumbs\/thumbs_IMG_3519.jpg\"\n                    width=\"100\"\n                    height=\"75\"\n                    style=\"max-width:100%;\"\n                \/>\n            <\/a>\n        <\/div>\n\t\t\t\t\t\t\t<\/div> \n\t\t\t\n        \n\t\t\t\t<div id=\"ngg-image-6\" class=\"ngg-gallery-thumbnail-box\" >\n\t\t\t\t        <div class=\"ngg-gallery-thumbnail\">\n            <a href=\"https:\/\/www.freimarianne.ch\/wp-content\/gallery\/rothenbach-23-4-15\/IMG_3526.jpg\"\n               title=\"\"\n               data-src=\"https:\/\/www.freimarianne.ch\/wp-content\/gallery\/rothenbach-23-4-15\/IMG_3526.jpg\"\n               data-thumbnail=\"https:\/\/www.freimarianne.ch\/wp-content\/gallery\/rothenbach-23-4-15\/thumbs\/thumbs_IMG_3526.jpg\"\n               data-image-id=\"10490\"\n               data-title=\"IMG_3526\"\n               data-description=\"\"\n               data-image-slug=\"img_3526-1\"\n               class=\"shutterset_10342\">\n                <img\n                    title=\"IMG_3526\"\n                    alt=\"IMG_3526\"\n                    src=\"https:\/\/www.freimarianne.ch\/wp-content\/gallery\/rothenbach-23-4-15\/thumbs\/thumbs_IMG_3526.jpg\"\n                    width=\"100\"\n                    height=\"75\"\n                    style=\"max-width:100%;\"\n                \/>\n            <\/a>\n        <\/div>\n\t\t\t\t\t\t\t<\/div> \n\t\t\t\n        \n\t\t\t\t<div id=\"ngg-image-7\" class=\"ngg-gallery-thumbnail-box\" >\n\t\t\t\t        <div class=\"ngg-gallery-thumbnail\">\n            <a href=\"https:\/\/www.freimarianne.ch\/wp-content\/gallery\/rothenbach-23-4-15\/IMG_3529.jpg\"\n               title=\"\"\n               data-src=\"https:\/\/www.freimarianne.ch\/wp-content\/gallery\/rothenbach-23-4-15\/IMG_3529.jpg\"\n               data-thumbnail=\"https:\/\/www.freimarianne.ch\/wp-content\/gallery\/rothenbach-23-4-15\/thumbs\/thumbs_IMG_3529.jpg\"\n               data-image-id=\"10491\"\n               data-title=\"IMG_3529\"\n               data-description=\"\"\n               data-image-slug=\"img_3529-3\"\n               class=\"shutterset_10342\">\n                <img\n                    title=\"IMG_3529\"\n                    alt=\"IMG_3529\"\n                    src=\"https:\/\/www.freimarianne.ch\/wp-content\/gallery\/rothenbach-23-4-15\/thumbs\/thumbs_IMG_3529.jpg\"\n                    width=\"100\"\n                    height=\"75\"\n                    style=\"max-width:100%;\"\n                \/>\n            <\/a>\n        <\/div>\n\t\t\t\t\t\t\t<\/div> \n\t\t\t\n        \n\t\t\t\t<div id=\"ngg-image-8\" class=\"ngg-gallery-thumbnail-box\" >\n\t\t\t\t        <div class=\"ngg-gallery-thumbnail\">\n            <a href=\"https:\/\/www.freimarianne.ch\/wp-content\/gallery\/rothenbach-23-4-15\/IMG_3530.jpg\"\n               title=\"\"\n               data-src=\"https:\/\/www.freimarianne.ch\/wp-content\/gallery\/rothenbach-23-4-15\/IMG_3530.jpg\"\n               data-thumbnail=\"https:\/\/www.freimarianne.ch\/wp-content\/gallery\/rothenbach-23-4-15\/thumbs\/thumbs_IMG_3530.jpg\"\n               data-image-id=\"10492\"\n               data-title=\"IMG_3530\"\n               data-description=\"\"\n               data-image-slug=\"img_3530-3\"\n               class=\"shutterset_10342\">\n                <img\n                    title=\"IMG_3530\"\n                    alt=\"IMG_3530\"\n                    src=\"https:\/\/www.freimarianne.ch\/wp-content\/gallery\/rothenbach-23-4-15\/thumbs\/thumbs_IMG_3530.jpg\"\n                    width=\"100\"\n                    height=\"75\"\n                    style=\"max-width:100%;\"\n                \/>\n            <\/a>\n        <\/div>\n\t\t\t\t\t\t\t<\/div> \n\t\t\t\n        \n\t\t\t\t<div id=\"ngg-image-9\" class=\"ngg-gallery-thumbnail-box\" >\n\t\t\t\t        <div class=\"ngg-gallery-thumbnail\">\n            <a href=\"https:\/\/www.freimarianne.ch\/wp-content\/gallery\/rothenbach-23-4-15\/IMG_3553.jpg\"\n               title=\"\"\n               data-src=\"https:\/\/www.freimarianne.ch\/wp-content\/gallery\/rothenbach-23-4-15\/IMG_3553.jpg\"\n               data-thumbnail=\"https:\/\/www.freimarianne.ch\/wp-content\/gallery\/rothenbach-23-4-15\/thumbs\/thumbs_IMG_3553.jpg\"\n               data-image-id=\"10493\"\n               data-title=\"IMG_3553\"\n               data-description=\"\"\n               data-image-slug=\"img_3553-4\"\n               class=\"shutterset_10342\">\n                <img\n                    title=\"IMG_3553\"\n                    alt=\"IMG_3553\"\n                    src=\"https:\/\/www.freimarianne.ch\/wp-content\/gallery\/rothenbach-23-4-15\/thumbs\/thumbs_IMG_3553.jpg\"\n                    width=\"100\"\n                    height=\"75\"\n                    style=\"max-width:100%;\"\n                \/>\n            <\/a>\n        <\/div>\n\t\t\t\t\t\t\t<\/div> \n\t\t\t\n        \n\t\t\t\t<div id=\"ngg-image-10\" class=\"ngg-gallery-thumbnail-box\" >\n\t\t\t\t        <div class=\"ngg-gallery-thumbnail\">\n            <a href=\"https:\/\/www.freimarianne.ch\/wp-content\/gallery\/rothenbach-23-4-15\/IMG_3563.jpg\"\n               title=\"\"\n               data-src=\"https:\/\/www.freimarianne.ch\/wp-content\/gallery\/rothenbach-23-4-15\/IMG_3563.jpg\"\n               data-thumbnail=\"https:\/\/www.freimarianne.ch\/wp-content\/gallery\/rothenbach-23-4-15\/thumbs\/thumbs_IMG_3563.jpg\"\n               data-image-id=\"10494\"\n               data-title=\"IMG_3563\"\n               data-description=\"\"\n               data-image-slug=\"img_3563-3\"\n               class=\"shutterset_10342\">\n                <img\n                    title=\"IMG_3563\"\n                    alt=\"IMG_3563\"\n                    src=\"https:\/\/www.freimarianne.ch\/wp-content\/gallery\/rothenbach-23-4-15\/thumbs\/thumbs_IMG_3563.jpg\"\n                    width=\"100\"\n                    height=\"75\"\n                    style=\"max-width:100%;\"\n                \/>\n            <\/a>\n        <\/div>\n\t\t\t\t\t\t\t<\/div> \n\t\t\t\n        \n\t\t\t\t<div id=\"ngg-image-11\" class=\"ngg-gallery-thumbnail-box\" >\n\t\t\t\t        <div class=\"ngg-gallery-thumbnail\">\n            <a href=\"https:\/\/www.freimarianne.ch\/wp-content\/gallery\/rothenbach-23-4-15\/IMG_3564.jpg\"\n               title=\"\"\n               data-src=\"https:\/\/www.freimarianne.ch\/wp-content\/gallery\/rothenbach-23-4-15\/IMG_3564.jpg\"\n               data-thumbnail=\"https:\/\/www.freimarianne.ch\/wp-content\/gallery\/rothenbach-23-4-15\/thumbs\/thumbs_IMG_3564.jpg\"\n               data-image-id=\"10495\"\n               data-title=\"IMG_3564\"\n               data-description=\"\"\n               data-image-slug=\"img_3564-1\"\n               class=\"shutterset_10342\">\n                <img\n                    title=\"IMG_3564\"\n                    alt=\"IMG_3564\"\n                    src=\"https:\/\/www.freimarianne.ch\/wp-content\/gallery\/rothenbach-23-4-15\/thumbs\/thumbs_IMG_3564.jpg\"\n                    width=\"100\"\n                    height=\"75\"\n                    style=\"max-width:100%;\"\n                \/>\n            <\/a>\n        <\/div>\n\t\t\t\t\t\t\t<\/div> \n\t\t\t\n        \n\t\t\t\t<div id=\"ngg-image-12\" class=\"ngg-gallery-thumbnail-box\" >\n\t\t\t\t        <div class=\"ngg-gallery-thumbnail\">\n            <a href=\"https:\/\/www.freimarianne.ch\/wp-content\/gallery\/rothenbach-23-4-15\/IMG_3570.jpg\"\n               title=\"\"\n               data-src=\"https:\/\/www.freimarianne.ch\/wp-content\/gallery\/rothenbach-23-4-15\/IMG_3570.jpg\"\n               data-thumbnail=\"https:\/\/www.freimarianne.ch\/wp-content\/gallery\/rothenbach-23-4-15\/thumbs\/thumbs_IMG_3570.jpg\"\n               data-image-id=\"10496\"\n               data-title=\"IMG_3570\"\n               data-description=\"\"\n               data-image-slug=\"img_3570-1\"\n               class=\"shutterset_10342\">\n                <img\n                    title=\"IMG_3570\"\n                    alt=\"IMG_3570\"\n                    src=\"https:\/\/www.freimarianne.ch\/wp-content\/gallery\/rothenbach-23-4-15\/thumbs\/thumbs_IMG_3570.jpg\"\n                    width=\"100\"\n                    height=\"75\"\n                    style=\"max-width:100%;\"\n                \/>\n            <\/a>\n        <\/div>\n\t\t\t\t\t\t\t<\/div> \n\t\t\t\n        \n\t\t\t\t<div id=\"ngg-image-13\" class=\"ngg-gallery-thumbnail-box\" >\n\t\t\t\t        <div class=\"ngg-gallery-thumbnail\">\n            <a href=\"https:\/\/www.freimarianne.ch\/wp-content\/gallery\/rothenbach-23-4-15\/IMG_3572.jpg\"\n               title=\"\"\n               data-src=\"https:\/\/www.freimarianne.ch\/wp-content\/gallery\/rothenbach-23-4-15\/IMG_3572.jpg\"\n               data-thumbnail=\"https:\/\/www.freimarianne.ch\/wp-content\/gallery\/rothenbach-23-4-15\/thumbs\/thumbs_IMG_3572.jpg\"\n               data-image-id=\"10497\"\n               data-title=\"IMG_3572\"\n               data-description=\"\"\n               data-image-slug=\"img_3572-3\"\n               class=\"shutterset_10342\">\n                <img\n                    title=\"IMG_3572\"\n                    alt=\"IMG_3572\"\n                    src=\"https:\/\/www.freimarianne.ch\/wp-content\/gallery\/rothenbach-23-4-15\/thumbs\/thumbs_IMG_3572.jpg\"\n                    width=\"100\"\n                    height=\"75\"\n                    style=\"max-width:100%;\"\n                \/>\n            <\/a>\n        <\/div>\n\t\t\t\t\t\t\t<\/div> \n\t\t\t\n        \n\t\t\t\t<div id=\"ngg-image-14\" class=\"ngg-gallery-thumbnail-box\" >\n\t\t\t\t        <div class=\"ngg-gallery-thumbnail\">\n            <a href=\"https:\/\/www.freimarianne.ch\/wp-content\/gallery\/rothenbach-23-4-15\/IMG_3580.jpg\"\n               title=\"\"\n               data-src=\"https:\/\/www.freimarianne.ch\/wp-content\/gallery\/rothenbach-23-4-15\/IMG_3580.jpg\"\n               data-thumbnail=\"https:\/\/www.freimarianne.ch\/wp-content\/gallery\/rothenbach-23-4-15\/thumbs\/thumbs_IMG_3580.jpg\"\n               data-image-id=\"10498\"\n               data-title=\"IMG_3580\"\n               data-description=\"\"\n               data-image-slug=\"img_3580\"\n               class=\"shutterset_10342\">\n                <img\n                    title=\"IMG_3580\"\n                    alt=\"IMG_3580\"\n                    src=\"https:\/\/www.freimarianne.ch\/wp-content\/gallery\/rothenbach-23-4-15\/thumbs\/thumbs_IMG_3580.jpg\"\n                    width=\"100\"\n                    height=\"75\"\n                    style=\"max-width:100%;\"\n                \/>\n            <\/a>\n        <\/div>\n\t\t\t\t\t\t\t<\/div> \n\t\t\t\n        \n\t\t\n\t\t<!-- Pagination -->\n\t<div class='ngg-clear'><\/div>\t<\/div>\n<\/p>\n","protected":false},"excerpt":{"rendered":"<p>Fr\u00fchlingswanderung im Emmental Wanderung von R\u00f6thenbach \u00fcber W\u00fcrzbrunnen &#8211; Chuderh\u00fcsi &#8211;\u00a0 Ryffersegg &#8211; Steinen\u00a0 nach Signau Um 10.40h komme ich in R\u00f6thenbach an. Ich habe eine sch\u00f6ne Busfahrt durch das einsame Emmental von Signau bis R\u00f6thenbach hinter mir. Der Einstieg in den Wanderweg ist in der N\u00e4he der Kirche. Auf einem Graspfad geht es gleich [&hellip;]<\/p>\n","protected":false},"author":1,"featured_media":0,"parent":9750,"menu_order":6,"comment_status":"closed","ping_status":"closed","template":"","meta":{"ngg_post_thumbnail":0},"_links":{"self":[{"href":"https:\/\/www.freimarianne.ch\/index.php?rest_route=\/wp\/v2\/pages\/10298"}],"collection":[{"href":"https:\/\/www.freimarianne.ch\/index.php?rest_route=\/wp\/v2\/pages"}],"about":[{"href":"https:\/\/www.freimarianne.ch\/index.php?rest_route=\/wp\/v2\/types\/page"}],"author":[{"embeddable":true,"href":"https:\/\/www.freimarianne.ch\/index.php?rest_route=\/wp\/v2\/users\/1"}],"replies":[{"embeddable":true,"href":"https:\/\/www.freimarianne.ch\/index.php?rest_route=%2Fwp%2Fv2%2Fcomments&post=10298"}],"version-history":[{"count":9,"href":"https:\/\/www.freimarianne.ch\/index.php?rest_route=\/wp\/v2\/pages\/10298\/revisions"}],"predecessor-version":[{"id":10346,"href":"https:\/\/www.freimarianne.ch\/index.php?rest_route=\/wp\/v2\/pages\/10298\/revisions\/10346"}],"up":[{"embeddable":true,"href":"https:\/\/www.freimarianne.ch\/index.php?rest_route=\/wp\/v2\/pages\/9750"}],"wp:attachment":[{"href":"https:\/\/www.freimarianne.ch\/index.php?rest_route=%2Fwp%2Fv2%2Fmedia&parent=10298"}],"curies":[{"name":"wp","href":"https:\/\/api.w.org\/{rel}","templated":true}]}}