{"id":10349,"date":"2015-06-01T10:02:56","date_gmt":"2015-06-01T09:02:56","guid":{"rendered":"http:\/\/www.freimarianne.ch\/?page_id=10349"},"modified":"2015-06-17T07:01:01","modified_gmt":"2015-06-17T06:01:01","slug":"eischoll-unterbach-vs-25-5-2015","status":"publish","type":"page","link":"https:\/\/www.freimarianne.ch\/?page_id=10349","title":{"rendered":"Eischoll &#8211; Unterb\u00e4ch, VS  25.5.2015"},"content":{"rendered":"<p><strong>Suonenwanderung von Eischoll nach Unterb\u00e4ch<\/strong><\/p>\n<p><img loading=\"lazy\" class=\"alignleft size-full wp-image-10358\" src=\"http:\/\/www.freimarianne.ch\/wp-content\/uploads\/2015\/06\/IMG_0040_eischoll_500.jpg\" alt=\"IMG_0040_eischoll_500\" width=\"500\" height=\"375\" srcset=\"https:\/\/www.freimarianne.ch\/wp-content\/uploads\/2015\/06\/IMG_0040_eischoll_500.jpg 500w, https:\/\/www.freimarianne.ch\/wp-content\/uploads\/2015\/06\/IMG_0040_eischoll_500-300x225.jpg 300w, https:\/\/www.freimarianne.ch\/wp-content\/uploads\/2015\/06\/IMG_0040_eischoll_500-400x300.jpg 400w\" sizes=\"(max-width: 500px) 100vw, 500px\" \/><\/p>\n<p>Auch das Wallis hat kein sch\u00f6nes Wetter heute! Aber es ist wenigstens trocken!<\/p>\n<p>Ich komme um 9.33h in Eisscholl\u00a0 1219m mit der Seilbahn an und mache mich gleich auf den Weg durch das Dorf in Richtung Wolfspfad und Suonenpfad, der\u00a0 von der Strasse nach Ifil nach links abzweigt. Es geht nun immer dem zu Tal fliessenden Wasser entlang durch Wiesen und Waldpartien bis zu Breitmattu. Nun f\u00fchrt der Weg tief in den Taleinschnitt hinein und \u00fcberquert beim Breite St\u00e4g\u00a0 1709m den Milibach. Hier ist die Abzweigung zum Unners und Obers S\u00e4nntum und zum\u00a0 Grosse See.<br \/>\nDer Abschnitt bis hierher war sehr abwechslungsreich.<br \/>\nIch folge dem Weg nach B\u00fcrchen und gehe eine Weile auf einer Alpstrasse unter dem Sessellift weiter hinauf, um beim Wegweiser Alte Suon 1825m\u00a0 den h\u00f6chsten Punkt der Wanderung zu erreichen. Mitten in Bawald\u00a0 mache ich ein kurze Mittagspause auf einer wackeligen roten Bank. Dann\u00a0 folge ich dem Pfad neben der trockenen alten Suon, der mich durch den Wald hinunterbringt. Im Tobel des L\u00f6\u00fcbbaches ist der Weg zuende. Hier hat es einen massiven Steinrutsch gegeben und der Weg\u00a0 ist weggebrochen und es liegen kreuz und quer Baumst\u00e4mme im Tobel. Ich muss denselben Weg wieder zur\u00fcckgehen bis zur Abzweigung nach Unterb\u00e4ch. Nun mache ich eben eine andere Wanderung!\u00a0\u00a0 Ich muss sehr lange durch den Wald hinuntergehen &#8211; \u00fcber die Brandalp &#8211;\u00a0 bis ich in Unterb\u00e4ch ankomme. Nach 25 Minuten Wartezeit kann ich mit der Seilbahn hinunter nach Raron fahren. Eine Einkehr\u00a0 im Restaurant Burg k\u00fcrzt die Wartezeit bis zur Abfahrt des Zuges ab.<br \/>\nDies war eine interessante Wanderung bei bew\u00f6lkten und eher k\u00fchlen Wetter.<br \/>\nMich wunderte, dass der Weg nach B\u00fcrchen nicht gesperrt war.\u00a0 Ein Mail an das Tourismusb\u00fcro gab mir den Eindruck, dass dort niemand\u00a0 etwas von diesem Steinrutsch wusste, was etwas unverst\u00e4ndlich ist. Man denkt, dass die Wege vor der Wandersaison gepr\u00fcft w\u00fcrden!<br \/>\nLaut Swissmap:Laut Swissmap:<br \/>\nDistanz: 11.7km; Aufstieg: 765m; Abstieg: 780m: Marschzeit: 4.15 h<\/p>\n<p>Ich war von\u00a0 9.31 bis 13.30h unterwegs.<\/p>\n<p><!-- index.php -->\n<div\n\tclass=\"ngg-galleryoverview ngg-ajax-pagination-none\"\n\tid=\"ngg-gallery-10502-1\">\n\n    \t<div class=\"slideshowlink\">\n        <a href='https:\/\/www.freimarianne.ch\/index.php\/nggallery\/slideshow?page_id=10349'>[Show as slideshow]<\/a>\n\t\t\n\t<\/div>\n\t\t\t<!-- Thumbnails -->\n\t\t\t\t<div id=\"ngg-image-0\" class=\"ngg-gallery-thumbnail-box\" >\n\t\t\t\t        <div class=\"ngg-gallery-thumbnail\">\n            <a href=\"https:\/\/www.freimarianne.ch\/wp-content\/gallery\/eischoll-25-5-15\/IMG_0018-1.jpg\"\n               title=\"\"\n               data-src=\"https:\/\/www.freimarianne.ch\/wp-content\/gallery\/eischoll-25-5-15\/IMG_0018-1.jpg\"\n               data-thumbnail=\"https:\/\/www.freimarianne.ch\/wp-content\/gallery\/eischoll-25-5-15\/thumbs\/thumbs_IMG_0018-1.jpg\"\n               data-image-id=\"10535\"\n               data-title=\"IMG_0018\"\n               data-description=\"\"\n               data-image-slug=\"img_0018\"\n               class=\"shutterset_10502\">\n                <img\n                    title=\"IMG_0018\"\n                    alt=\"IMG_0018\"\n                    src=\"https:\/\/www.freimarianne.ch\/wp-content\/gallery\/eischoll-25-5-15\/thumbs\/thumbs_IMG_0018-1.jpg\"\n                    width=\"100\"\n                    height=\"75\"\n                    style=\"max-width:100%;\"\n                \/>\n            <\/a>\n        <\/div>\n\t\t\t\t\t\t\t<\/div> \n\t\t\t\n        \n\t\t\t\t<div id=\"ngg-image-1\" class=\"ngg-gallery-thumbnail-box\" >\n\t\t\t\t        <div class=\"ngg-gallery-thumbnail\">\n            <a href=\"https:\/\/www.freimarianne.ch\/wp-content\/gallery\/eischoll-25-5-15\/IMG_0021-1.jpg\"\n               title=\"\"\n               data-src=\"https:\/\/www.freimarianne.ch\/wp-content\/gallery\/eischoll-25-5-15\/IMG_0021-1.jpg\"\n               data-thumbnail=\"https:\/\/www.freimarianne.ch\/wp-content\/gallery\/eischoll-25-5-15\/thumbs\/thumbs_IMG_0021-1.jpg\"\n               data-image-id=\"10536\"\n               data-title=\"IMG_0021\"\n               data-description=\"\"\n               data-image-slug=\"img_0021-4\"\n               class=\"shutterset_10502\">\n                <img\n                    title=\"IMG_0021\"\n                    alt=\"IMG_0021\"\n                    src=\"https:\/\/www.freimarianne.ch\/wp-content\/gallery\/eischoll-25-5-15\/thumbs\/thumbs_IMG_0021-1.jpg\"\n                    width=\"100\"\n                    height=\"75\"\n                    style=\"max-width:100%;\"\n                \/>\n            <\/a>\n        <\/div>\n\t\t\t\t\t\t\t<\/div> \n\t\t\t\n        \n\t\t\t\t<div id=\"ngg-image-2\" class=\"ngg-gallery-thumbnail-box\" >\n\t\t\t\t        <div class=\"ngg-gallery-thumbnail\">\n            <a href=\"https:\/\/www.freimarianne.ch\/wp-content\/gallery\/eischoll-25-5-15\/IMG_0030-1.jpg\"\n               title=\"\"\n               data-src=\"https:\/\/www.freimarianne.ch\/wp-content\/gallery\/eischoll-25-5-15\/IMG_0030-1.jpg\"\n               data-thumbnail=\"https:\/\/www.freimarianne.ch\/wp-content\/gallery\/eischoll-25-5-15\/thumbs\/thumbs_IMG_0030-1.jpg\"\n               data-image-id=\"10537\"\n               data-title=\"IMG_0030\"\n               data-description=\"\"\n               data-image-slug=\"img_0030\"\n               class=\"shutterset_10502\">\n                <img\n                    title=\"IMG_0030\"\n                    alt=\"IMG_0030\"\n                    src=\"https:\/\/www.freimarianne.ch\/wp-content\/gallery\/eischoll-25-5-15\/thumbs\/thumbs_IMG_0030-1.jpg\"\n                    width=\"100\"\n                    height=\"75\"\n                    style=\"max-width:100%;\"\n                \/>\n            <\/a>\n        <\/div>\n\t\t\t\t\t\t\t<\/div> \n\t\t\t\n        \n\t\t\t\t<div id=\"ngg-image-3\" class=\"ngg-gallery-thumbnail-box\" >\n\t\t\t\t        <div class=\"ngg-gallery-thumbnail\">\n            <a href=\"https:\/\/www.freimarianne.ch\/wp-content\/gallery\/eischoll-25-5-15\/IMG_0039-1.jpg\"\n               title=\"\"\n               data-src=\"https:\/\/www.freimarianne.ch\/wp-content\/gallery\/eischoll-25-5-15\/IMG_0039-1.jpg\"\n               data-thumbnail=\"https:\/\/www.freimarianne.ch\/wp-content\/gallery\/eischoll-25-5-15\/thumbs\/thumbs_IMG_0039-1.jpg\"\n               data-image-id=\"10538\"\n               data-title=\"IMG_0039\"\n               data-description=\"\"\n               data-image-slug=\"img_0039-1\"\n               class=\"shutterset_10502\">\n                <img\n                    title=\"IMG_0039\"\n                    alt=\"IMG_0039\"\n                    src=\"https:\/\/www.freimarianne.ch\/wp-content\/gallery\/eischoll-25-5-15\/thumbs\/thumbs_IMG_0039-1.jpg\"\n                    width=\"100\"\n                    height=\"75\"\n                    style=\"max-width:100%;\"\n                \/>\n            <\/a>\n        <\/div>\n\t\t\t\t\t\t\t<\/div> \n\t\t\t\n        \n\t\t\t\t<div id=\"ngg-image-4\" class=\"ngg-gallery-thumbnail-box\" >\n\t\t\t\t        <div class=\"ngg-gallery-thumbnail\">\n            <a href=\"https:\/\/www.freimarianne.ch\/wp-content\/gallery\/eischoll-25-5-15\/IMG_0044-1.jpg\"\n               title=\"\"\n               data-src=\"https:\/\/www.freimarianne.ch\/wp-content\/gallery\/eischoll-25-5-15\/IMG_0044-1.jpg\"\n               data-thumbnail=\"https:\/\/www.freimarianne.ch\/wp-content\/gallery\/eischoll-25-5-15\/thumbs\/thumbs_IMG_0044-1.jpg\"\n               data-image-id=\"10539\"\n               data-title=\"IMG_0044\"\n               data-description=\"\"\n               data-image-slug=\"img_0044-1\"\n               class=\"shutterset_10502\">\n                <img\n                    title=\"IMG_0044\"\n                    alt=\"IMG_0044\"\n                    src=\"https:\/\/www.freimarianne.ch\/wp-content\/gallery\/eischoll-25-5-15\/thumbs\/thumbs_IMG_0044-1.jpg\"\n                    width=\"100\"\n                    height=\"75\"\n                    style=\"max-width:100%;\"\n                \/>\n            <\/a>\n        <\/div>\n\t\t\t\t\t\t\t<\/div> \n\t\t\t\n        \n\t\t\t\t<div id=\"ngg-image-5\" class=\"ngg-gallery-thumbnail-box\" >\n\t\t\t\t        <div class=\"ngg-gallery-thumbnail\">\n            <a href=\"https:\/\/www.freimarianne.ch\/wp-content\/gallery\/eischoll-25-5-15\/IMG_0049-1.jpg\"\n               title=\"\"\n               data-src=\"https:\/\/www.freimarianne.ch\/wp-content\/gallery\/eischoll-25-5-15\/IMG_0049-1.jpg\"\n               data-thumbnail=\"https:\/\/www.freimarianne.ch\/wp-content\/gallery\/eischoll-25-5-15\/thumbs\/thumbs_IMG_0049-1.jpg\"\n               data-image-id=\"10540\"\n               data-title=\"IMG_0049\"\n               data-description=\"\"\n               data-image-slug=\"img_0049-1\"\n               class=\"shutterset_10502\">\n                <img\n                    title=\"IMG_0049\"\n                    alt=\"IMG_0049\"\n                    src=\"https:\/\/www.freimarianne.ch\/wp-content\/gallery\/eischoll-25-5-15\/thumbs\/thumbs_IMG_0049-1.jpg\"\n                    width=\"100\"\n                    height=\"75\"\n                    style=\"max-width:100%;\"\n                \/>\n            <\/a>\n        <\/div>\n\t\t\t\t\t\t\t<\/div> \n\t\t\t\n        \n\t\t\t\t<div id=\"ngg-image-6\" class=\"ngg-gallery-thumbnail-box\" >\n\t\t\t\t        <div class=\"ngg-gallery-thumbnail\">\n            <a href=\"https:\/\/www.freimarianne.ch\/wp-content\/gallery\/eischoll-25-5-15\/IMG_0054-1.jpg\"\n               title=\"\"\n               data-src=\"https:\/\/www.freimarianne.ch\/wp-content\/gallery\/eischoll-25-5-15\/IMG_0054-1.jpg\"\n               data-thumbnail=\"https:\/\/www.freimarianne.ch\/wp-content\/gallery\/eischoll-25-5-15\/thumbs\/thumbs_IMG_0054-1.jpg\"\n               data-image-id=\"10541\"\n               data-title=\"IMG_0054\"\n               data-description=\"\"\n               data-image-slug=\"img_0054-3\"\n               class=\"shutterset_10502\">\n                <img\n                    title=\"IMG_0054\"\n                    alt=\"IMG_0054\"\n                    src=\"https:\/\/www.freimarianne.ch\/wp-content\/gallery\/eischoll-25-5-15\/thumbs\/thumbs_IMG_0054-1.jpg\"\n                    width=\"100\"\n                    height=\"75\"\n                    style=\"max-width:100%;\"\n                \/>\n            <\/a>\n        <\/div>\n\t\t\t\t\t\t\t<\/div> \n\t\t\t\n        \n\t\t\t\t<div id=\"ngg-image-7\" class=\"ngg-gallery-thumbnail-box\" >\n\t\t\t\t        <div class=\"ngg-gallery-thumbnail\">\n            <a href=\"https:\/\/www.freimarianne.ch\/wp-content\/gallery\/eischoll-25-5-15\/IMG_0057-1.jpg\"\n               title=\"\"\n               data-src=\"https:\/\/www.freimarianne.ch\/wp-content\/gallery\/eischoll-25-5-15\/IMG_0057-1.jpg\"\n               data-thumbnail=\"https:\/\/www.freimarianne.ch\/wp-content\/gallery\/eischoll-25-5-15\/thumbs\/thumbs_IMG_0057-1.jpg\"\n               data-image-id=\"10542\"\n               data-title=\"IMG_0057\"\n               data-description=\"\"\n               data-image-slug=\"img_0057\"\n               class=\"shutterset_10502\">\n                <img\n                    title=\"IMG_0057\"\n                    alt=\"IMG_0057\"\n                    src=\"https:\/\/www.freimarianne.ch\/wp-content\/gallery\/eischoll-25-5-15\/thumbs\/thumbs_IMG_0057-1.jpg\"\n                    width=\"100\"\n                    height=\"75\"\n                    style=\"max-width:100%;\"\n                \/>\n            <\/a>\n        <\/div>\n\t\t\t\t\t\t\t<\/div> \n\t\t\t\n        \n\t\t\n\t\t<!-- Pagination -->\n\t<div class='ngg-clear'><\/div>\t<\/div>\n<\/p>\n<p>&nbsp;<\/p>\n","protected":false},"excerpt":{"rendered":"<p>Suonenwanderung von Eischoll nach Unterb\u00e4ch Auch das Wallis hat kein sch\u00f6nes Wetter heute! Aber es ist wenigstens trocken! Ich komme um 9.33h in Eisscholl\u00a0 1219m mit der Seilbahn an und mache mich gleich auf den Weg durch das Dorf in Richtung Wolfspfad und Suonenpfad, der\u00a0 von der Strasse nach Ifil nach links abzweigt. Es geht [&hellip;]<\/p>\n","protected":false},"author":1,"featured_media":0,"parent":9750,"menu_order":8,"comment_status":"closed","ping_status":"closed","template":"","meta":{"ngg_post_thumbnail":0},"_links":{"self":[{"href":"https:\/\/www.freimarianne.ch\/index.php?rest_route=\/wp\/v2\/pages\/10349"}],"collection":[{"href":"https:\/\/www.freimarianne.ch\/index.php?rest_route=\/wp\/v2\/pages"}],"about":[{"href":"https:\/\/www.freimarianne.ch\/index.php?rest_route=\/wp\/v2\/types\/page"}],"author":[{"embeddable":true,"href":"https:\/\/www.freimarianne.ch\/index.php?rest_route=\/wp\/v2\/users\/1"}],"replies":[{"embeddable":true,"href":"https:\/\/www.freimarianne.ch\/index.php?rest_route=%2Fwp%2Fv2%2Fcomments&post=10349"}],"version-history":[{"count":5,"href":"https:\/\/www.freimarianne.ch\/index.php?rest_route=\/wp\/v2\/pages\/10349\/revisions"}],"predecessor-version":[{"id":10503,"href":"https:\/\/www.freimarianne.ch\/index.php?rest_route=\/wp\/v2\/pages\/10349\/revisions\/10503"}],"up":[{"embeddable":true,"href":"https:\/\/www.freimarianne.ch\/index.php?rest_route=\/wp\/v2\/pages\/9750"}],"wp:attachment":[{"href":"https:\/\/www.freimarianne.ch\/index.php?rest_route=%2Fwp%2Fv2%2Fmedia&parent=10349"}],"curies":[{"name":"wp","href":"https:\/\/api.w.org\/{rel}","templated":true}]}}