{"id":10875,"date":"2015-07-17T15:17:54","date_gmt":"2015-07-17T14:17:54","guid":{"rendered":"http:\/\/www.freimarianne.ch\/?page_id=10875"},"modified":"2015-07-23T07:41:22","modified_gmt":"2015-07-23T06:41:22","slug":"klewenalp-gitschenen-16-7-2015","status":"publish","type":"page","link":"https:\/\/www.freimarianne.ch\/?page_id=10875","title":{"rendered":"Klewenalp &#8211; Gitschenen  16.7.2015"},"content":{"rendered":"<p><strong>Bergwanderung von der Klewenalp \u00fcber das Hint. Jochli nach Gitschenen<\/strong><\/p>\n<p><img loading=\"lazy\" class=\"alignleft size-full wp-image-10878\" src=\"http:\/\/www.freimarianne.ch\/wp-content\/uploads\/2015\/07\/IMG_3972gitschen_500.jpg\" alt=\"IMG_3972gitschen_500\" width=\"500\" height=\"333\" srcset=\"https:\/\/www.freimarianne.ch\/wp-content\/uploads\/2015\/07\/IMG_3972gitschen_500.jpg 500w, https:\/\/www.freimarianne.ch\/wp-content\/uploads\/2015\/07\/IMG_3972gitschen_500-300x200.jpg 300w, https:\/\/www.freimarianne.ch\/wp-content\/uploads\/2015\/07\/IMG_3972gitschen_500-450x300.jpg 450w\" sizes=\"(max-width: 500px) 100vw, 500px\" \/><\/p>\n<p>Bereits um 9.00 h kann ich auf der Klewenalp losmarschieren. Die Zeitangaben auf dem Wegweiser sind f\u00fcr das Hinterjochli 2.10 h und f\u00fcr Gitschenen 3. 20h.<br \/>\nIch wandere auf dem Alpstr\u00e4sschen hinunter zum Stafel 1525m, von wo der Aufstieg \u00fcber das M\u00e4lchgadeli zur Ch\u00e4lenegg beginnt. Es geht steil hinauf und die hohen Temperaturen bringen mich zum Schwitzen. Bei der Skiliftsation mache ich ein kurze Pause, um dann den restlichen Aufstieg zum Hint. Jochli in Angriff zu nehmen, das ich um 11.10 erreiche. Um 11.40 h bin ich bei der Abzweigung Schwalmisgaden 2047m. Hier k\u00f6nnte man auf den Schwalmis steigen. Mich interessiert mehr die Gegen &#8221; Bi de Seelenen &#8220;, ein H\u00fcgellandschaft mit zwei kleinen Seen.<br \/>\nLeider gibt das Panorama auf den Urirotstock, Wissigstock, Engelberger Rotstock und Ruchstock bei diesem diesigen Wetter nichts her. Schade!<br \/>\nAber die Sicht auf Chneuwis und Gitschenen hinunter mit dem B\u00e4renstock und dem Oberalplergrat ist gut.<\/p>\n<p>Von Gitschenen unten gelingen mir noch einige gute Bilder mit dem \u00c4lpler, Maisander und Hohbrisen.<br \/>\nDa ich viel zu fr\u00fch f\u00fcr das einzige Postauto ( St. Jakob ab 15.56h ! ) am Nachmittag bin, kehre ich im Alpst\u00fcbli ein.<br \/>\nDann schaue ich mir noch die Kapelle mit den sch\u00f6nen Glasfenstern an und fahre um 14. 00 h mit der Seilbahn alleine ins Tal nach St. Jakob. Ich beschliesse, nach Isenthal zu wandern und finde einen Wanderweg dem Isitalerbach entlang talaufw\u00e4rts.<br \/>\nWeiter unten f\u00fchrt aber dieser Pfad \u00fcber die Autostrasse und den Hang hinauf. Bei dieser Hitze scheint mir aber der Umweg hinauf an den Berghang zu m\u00fchsam und ich nehme die Strasse unter die F\u00fcsse.<br \/>\nEndlich kommt dann doch noch ein Auto, das mich mitnimmt zum Urnersee, wo ich dann bequem das Schiff um15.12 h in Isleten erreiche.<br \/>\nSo habe ich eine sch\u00f6ne und lange Fahrt nach Luzern, die ich im Schatten geniesse.<br \/>\nDiese Wanderung wollte ich schon lange einmal machen. Sie war sch\u00f6n aber es war einfach zu heiss und die Sicht war schlecht. Leider ist die Verbindung ab St. Jakob mangelhaft.<\/p>\n<p>Laut Swissmap:<br \/>\nDistanz: 6.98km; Aufstieg: 632m; Abstieg: 680m; Marschzeit: 3 h 11 min<\/p>\n<p><!-- index.php -->\n<div\n\tclass=\"ngg-galleryoverview ngg-ajax-pagination-none\"\n\tid=\"ngg-gallery-11230-1\">\n\n    \t<div class=\"slideshowlink\">\n        <a href='https:\/\/www.freimarianne.ch\/index.php\/nggallery\/slideshow?page_id=10875'>[Show as slideshow]<\/a>\n\t\t\n\t<\/div>\n\t\t\t<!-- Thumbnails -->\n\t\t\t\t<div id=\"ngg-image-0\" class=\"ngg-gallery-thumbnail-box\" >\n\t\t\t\t        <div class=\"ngg-gallery-thumbnail\">\n            <a href=\"https:\/\/www.freimarianne.ch\/wp-content\/gallery\/klewenalp-gitschenen-16-7-15\/IMG_3886.jpg\"\n               title=\"\"\n               data-src=\"https:\/\/www.freimarianne.ch\/wp-content\/gallery\/klewenalp-gitschenen-16-7-15\/IMG_3886.jpg\"\n               data-thumbnail=\"https:\/\/www.freimarianne.ch\/wp-content\/gallery\/klewenalp-gitschenen-16-7-15\/thumbs\/thumbs_IMG_3886.jpg\"\n               data-image-id=\"10793\"\n               data-title=\"IMG_3886\"\n               data-description=\"\"\n               data-image-slug=\"img_3886-3\"\n               class=\"shutterset_11230\">\n                <img\n                    title=\"IMG_3886\"\n                    alt=\"IMG_3886\"\n                    src=\"https:\/\/www.freimarianne.ch\/wp-content\/gallery\/klewenalp-gitschenen-16-7-15\/thumbs\/thumbs_IMG_3886.jpg\"\n                    width=\"100\"\n                    height=\"75\"\n                    style=\"max-width:100%;\"\n                \/>\n            <\/a>\n        <\/div>\n\t\t\t\t\t\t\t<\/div> \n\t\t\t\n        \n\t\t\t\t<div id=\"ngg-image-1\" class=\"ngg-gallery-thumbnail-box\" >\n\t\t\t\t        <div class=\"ngg-gallery-thumbnail\">\n            <a href=\"https:\/\/www.freimarianne.ch\/wp-content\/gallery\/klewenalp-gitschenen-16-7-15\/IMG_3891.jpg\"\n               title=\"\"\n               data-src=\"https:\/\/www.freimarianne.ch\/wp-content\/gallery\/klewenalp-gitschenen-16-7-15\/IMG_3891.jpg\"\n               data-thumbnail=\"https:\/\/www.freimarianne.ch\/wp-content\/gallery\/klewenalp-gitschenen-16-7-15\/thumbs\/thumbs_IMG_3891.jpg\"\n               data-image-id=\"10794\"\n               data-title=\"IMG_3891\"\n               data-description=\"\"\n               data-image-slug=\"img_3891-1\"\n               class=\"shutterset_11230\">\n                <img\n                    title=\"IMG_3891\"\n                    alt=\"IMG_3891\"\n                    src=\"https:\/\/www.freimarianne.ch\/wp-content\/gallery\/klewenalp-gitschenen-16-7-15\/thumbs\/thumbs_IMG_3891.jpg\"\n                    width=\"100\"\n                    height=\"75\"\n                    style=\"max-width:100%;\"\n                \/>\n            <\/a>\n        <\/div>\n\t\t\t\t\t\t\t<\/div> \n\t\t\t\n        \n\t\t\t\t<div id=\"ngg-image-2\" class=\"ngg-gallery-thumbnail-box\" >\n\t\t\t\t        <div class=\"ngg-gallery-thumbnail\">\n            <a href=\"https:\/\/www.freimarianne.ch\/wp-content\/gallery\/klewenalp-gitschenen-16-7-15\/IMG_3898.jpg\"\n               title=\"\"\n               data-src=\"https:\/\/www.freimarianne.ch\/wp-content\/gallery\/klewenalp-gitschenen-16-7-15\/IMG_3898.jpg\"\n               data-thumbnail=\"https:\/\/www.freimarianne.ch\/wp-content\/gallery\/klewenalp-gitschenen-16-7-15\/thumbs\/thumbs_IMG_3898.jpg\"\n               data-image-id=\"10795\"\n               data-title=\"IMG_3898\"\n               data-description=\"\"\n               data-image-slug=\"img_3898-1\"\n               class=\"shutterset_11230\">\n                <img\n                    title=\"IMG_3898\"\n                    alt=\"IMG_3898\"\n                    src=\"https:\/\/www.freimarianne.ch\/wp-content\/gallery\/klewenalp-gitschenen-16-7-15\/thumbs\/thumbs_IMG_3898.jpg\"\n                    width=\"100\"\n                    height=\"75\"\n                    style=\"max-width:100%;\"\n                \/>\n            <\/a>\n        <\/div>\n\t\t\t\t\t\t\t<\/div> \n\t\t\t\n        \n\t\t\t\t<div id=\"ngg-image-3\" class=\"ngg-gallery-thumbnail-box\" >\n\t\t\t\t        <div class=\"ngg-gallery-thumbnail\">\n            <a href=\"https:\/\/www.freimarianne.ch\/wp-content\/gallery\/klewenalp-gitschenen-16-7-15\/IMG_3901.jpg\"\n               title=\"\"\n               data-src=\"https:\/\/www.freimarianne.ch\/wp-content\/gallery\/klewenalp-gitschenen-16-7-15\/IMG_3901.jpg\"\n               data-thumbnail=\"https:\/\/www.freimarianne.ch\/wp-content\/gallery\/klewenalp-gitschenen-16-7-15\/thumbs\/thumbs_IMG_3901.jpg\"\n               data-image-id=\"10796\"\n               data-title=\"IMG_3901\"\n               data-description=\"\"\n               data-image-slug=\"img_3901-4\"\n               class=\"shutterset_11230\">\n                <img\n                    title=\"IMG_3901\"\n                    alt=\"IMG_3901\"\n                    src=\"https:\/\/www.freimarianne.ch\/wp-content\/gallery\/klewenalp-gitschenen-16-7-15\/thumbs\/thumbs_IMG_3901.jpg\"\n                    width=\"100\"\n                    height=\"75\"\n                    style=\"max-width:100%;\"\n                \/>\n            <\/a>\n        <\/div>\n\t\t\t\t\t\t\t<\/div> \n\t\t\t\n        \n\t\t\t\t<div id=\"ngg-image-4\" class=\"ngg-gallery-thumbnail-box\" >\n\t\t\t\t        <div class=\"ngg-gallery-thumbnail\">\n            <a href=\"https:\/\/www.freimarianne.ch\/wp-content\/gallery\/klewenalp-gitschenen-16-7-15\/IMG_3903.jpg\"\n               title=\"\"\n               data-src=\"https:\/\/www.freimarianne.ch\/wp-content\/gallery\/klewenalp-gitschenen-16-7-15\/IMG_3903.jpg\"\n               data-thumbnail=\"https:\/\/www.freimarianne.ch\/wp-content\/gallery\/klewenalp-gitschenen-16-7-15\/thumbs\/thumbs_IMG_3903.jpg\"\n               data-image-id=\"10797\"\n               data-title=\"IMG_3903\"\n               data-description=\"\"\n               data-image-slug=\"img_3903-4\"\n               class=\"shutterset_11230\">\n                <img\n                    title=\"IMG_3903\"\n                    alt=\"IMG_3903\"\n                    src=\"https:\/\/www.freimarianne.ch\/wp-content\/gallery\/klewenalp-gitschenen-16-7-15\/thumbs\/thumbs_IMG_3903.jpg\"\n                    width=\"100\"\n                    height=\"75\"\n                    style=\"max-width:100%;\"\n                \/>\n            <\/a>\n        <\/div>\n\t\t\t\t\t\t\t<\/div> \n\t\t\t\n        \n\t\t\t\t<div id=\"ngg-image-5\" class=\"ngg-gallery-thumbnail-box\" >\n\t\t\t\t        <div class=\"ngg-gallery-thumbnail\">\n            <a href=\"https:\/\/www.freimarianne.ch\/wp-content\/gallery\/klewenalp-gitschenen-16-7-15\/IMG_3908.jpg\"\n               title=\"\"\n               data-src=\"https:\/\/www.freimarianne.ch\/wp-content\/gallery\/klewenalp-gitschenen-16-7-15\/IMG_3908.jpg\"\n               data-thumbnail=\"https:\/\/www.freimarianne.ch\/wp-content\/gallery\/klewenalp-gitschenen-16-7-15\/thumbs\/thumbs_IMG_3908.jpg\"\n               data-image-id=\"10798\"\n               data-title=\"IMG_3908\"\n               data-description=\"\"\n               data-image-slug=\"img_3908-1\"\n               class=\"shutterset_11230\">\n                <img\n                    title=\"IMG_3908\"\n                    alt=\"IMG_3908\"\n                    src=\"https:\/\/www.freimarianne.ch\/wp-content\/gallery\/klewenalp-gitschenen-16-7-15\/thumbs\/thumbs_IMG_3908.jpg\"\n                    width=\"100\"\n                    height=\"75\"\n                    style=\"max-width:100%;\"\n                \/>\n            <\/a>\n        <\/div>\n\t\t\t\t\t\t\t<\/div> \n\t\t\t\n        \n\t\t\t\t<div id=\"ngg-image-6\" class=\"ngg-gallery-thumbnail-box\" >\n\t\t\t\t        <div class=\"ngg-gallery-thumbnail\">\n            <a href=\"https:\/\/www.freimarianne.ch\/wp-content\/gallery\/klewenalp-gitschenen-16-7-15\/IMG_3912.jpg\"\n               title=\"\"\n               data-src=\"https:\/\/www.freimarianne.ch\/wp-content\/gallery\/klewenalp-gitschenen-16-7-15\/IMG_3912.jpg\"\n               data-thumbnail=\"https:\/\/www.freimarianne.ch\/wp-content\/gallery\/klewenalp-gitschenen-16-7-15\/thumbs\/thumbs_IMG_3912.jpg\"\n               data-image-id=\"10799\"\n               data-title=\"IMG_3912\"\n               data-description=\"\"\n               data-image-slug=\"img_3912-3\"\n               class=\"shutterset_11230\">\n                <img\n                    title=\"IMG_3912\"\n                    alt=\"IMG_3912\"\n                    src=\"https:\/\/www.freimarianne.ch\/wp-content\/gallery\/klewenalp-gitschenen-16-7-15\/thumbs\/thumbs_IMG_3912.jpg\"\n                    width=\"100\"\n                    height=\"75\"\n                    style=\"max-width:100%;\"\n                \/>\n            <\/a>\n        <\/div>\n\t\t\t\t\t\t\t<\/div> \n\t\t\t\n        \n\t\t\t\t<div id=\"ngg-image-7\" class=\"ngg-gallery-thumbnail-box\" >\n\t\t\t\t        <div class=\"ngg-gallery-thumbnail\">\n            <a href=\"https:\/\/www.freimarianne.ch\/wp-content\/gallery\/klewenalp-gitschenen-16-7-15\/IMG_3914.jpg\"\n               title=\"\"\n               data-src=\"https:\/\/www.freimarianne.ch\/wp-content\/gallery\/klewenalp-gitschenen-16-7-15\/IMG_3914.jpg\"\n               data-thumbnail=\"https:\/\/www.freimarianne.ch\/wp-content\/gallery\/klewenalp-gitschenen-16-7-15\/thumbs\/thumbs_IMG_3914.jpg\"\n               data-image-id=\"10800\"\n               data-title=\"IMG_3914\"\n               data-description=\"\"\n               data-image-slug=\"img_3914\"\n               class=\"shutterset_11230\">\n                <img\n                    title=\"IMG_3914\"\n                    alt=\"IMG_3914\"\n                    src=\"https:\/\/www.freimarianne.ch\/wp-content\/gallery\/klewenalp-gitschenen-16-7-15\/thumbs\/thumbs_IMG_3914.jpg\"\n                    width=\"100\"\n                    height=\"75\"\n                    style=\"max-width:100%;\"\n                \/>\n            <\/a>\n        <\/div>\n\t\t\t\t\t\t\t<\/div> \n\t\t\t\n        \n\t\t\t\t<div id=\"ngg-image-8\" class=\"ngg-gallery-thumbnail-box\" >\n\t\t\t\t        <div class=\"ngg-gallery-thumbnail\">\n            <a href=\"https:\/\/www.freimarianne.ch\/wp-content\/gallery\/klewenalp-gitschenen-16-7-15\/IMG_3920.jpg\"\n               title=\"\"\n               data-src=\"https:\/\/www.freimarianne.ch\/wp-content\/gallery\/klewenalp-gitschenen-16-7-15\/IMG_3920.jpg\"\n               data-thumbnail=\"https:\/\/www.freimarianne.ch\/wp-content\/gallery\/klewenalp-gitschenen-16-7-15\/thumbs\/thumbs_IMG_3920.jpg\"\n               data-image-id=\"10801\"\n               data-title=\"IMG_3920\"\n               data-description=\"\"\n               data-image-slug=\"img_3920-3\"\n               class=\"shutterset_11230\">\n                <img\n                    title=\"IMG_3920\"\n                    alt=\"IMG_3920\"\n                    src=\"https:\/\/www.freimarianne.ch\/wp-content\/gallery\/klewenalp-gitschenen-16-7-15\/thumbs\/thumbs_IMG_3920.jpg\"\n                    width=\"100\"\n                    height=\"75\"\n                    style=\"max-width:100%;\"\n                \/>\n            <\/a>\n        <\/div>\n\t\t\t\t\t\t\t<\/div> \n\t\t\t\n        \n\t\t\t\t<div id=\"ngg-image-9\" class=\"ngg-gallery-thumbnail-box\" >\n\t\t\t\t        <div class=\"ngg-gallery-thumbnail\">\n            <a href=\"https:\/\/www.freimarianne.ch\/wp-content\/gallery\/klewenalp-gitschenen-16-7-15\/IMG_3928.jpg\"\n               title=\"\"\n               data-src=\"https:\/\/www.freimarianne.ch\/wp-content\/gallery\/klewenalp-gitschenen-16-7-15\/IMG_3928.jpg\"\n               data-thumbnail=\"https:\/\/www.freimarianne.ch\/wp-content\/gallery\/klewenalp-gitschenen-16-7-15\/thumbs\/thumbs_IMG_3928.jpg\"\n               data-image-id=\"10802\"\n               data-title=\"IMG_3928\"\n               data-description=\"\"\n               data-image-slug=\"img_3928\"\n               class=\"shutterset_11230\">\n                <img\n                    title=\"IMG_3928\"\n                    alt=\"IMG_3928\"\n                    src=\"https:\/\/www.freimarianne.ch\/wp-content\/gallery\/klewenalp-gitschenen-16-7-15\/thumbs\/thumbs_IMG_3928.jpg\"\n                    width=\"100\"\n                    height=\"75\"\n                    style=\"max-width:100%;\"\n                \/>\n            <\/a>\n        <\/div>\n\t\t\t\t\t\t\t<\/div> \n\t\t\t\n        \n\t\t\t\t<div id=\"ngg-image-10\" class=\"ngg-gallery-thumbnail-box\" >\n\t\t\t\t        <div class=\"ngg-gallery-thumbnail\">\n            <a href=\"https:\/\/www.freimarianne.ch\/wp-content\/gallery\/klewenalp-gitschenen-16-7-15\/IMG_3935.jpg\"\n               title=\"\"\n               data-src=\"https:\/\/www.freimarianne.ch\/wp-content\/gallery\/klewenalp-gitschenen-16-7-15\/IMG_3935.jpg\"\n               data-thumbnail=\"https:\/\/www.freimarianne.ch\/wp-content\/gallery\/klewenalp-gitschenen-16-7-15\/thumbs\/thumbs_IMG_3935.jpg\"\n               data-image-id=\"10803\"\n               data-title=\"IMG_3935\"\n               data-description=\"\"\n               data-image-slug=\"img_3935-1\"\n               class=\"shutterset_11230\">\n                <img\n                    title=\"IMG_3935\"\n                    alt=\"IMG_3935\"\n                    src=\"https:\/\/www.freimarianne.ch\/wp-content\/gallery\/klewenalp-gitschenen-16-7-15\/thumbs\/thumbs_IMG_3935.jpg\"\n                    width=\"100\"\n                    height=\"75\"\n                    style=\"max-width:100%;\"\n                \/>\n            <\/a>\n        <\/div>\n\t\t\t\t\t\t\t<\/div> \n\t\t\t\n        \n\t\t\t\t<div id=\"ngg-image-11\" class=\"ngg-gallery-thumbnail-box\" >\n\t\t\t\t        <div class=\"ngg-gallery-thumbnail\">\n            <a href=\"https:\/\/www.freimarianne.ch\/wp-content\/gallery\/klewenalp-gitschenen-16-7-15\/IMG_3945.jpg\"\n               title=\"\"\n               data-src=\"https:\/\/www.freimarianne.ch\/wp-content\/gallery\/klewenalp-gitschenen-16-7-15\/IMG_3945.jpg\"\n               data-thumbnail=\"https:\/\/www.freimarianne.ch\/wp-content\/gallery\/klewenalp-gitschenen-16-7-15\/thumbs\/thumbs_IMG_3945.jpg\"\n               data-image-id=\"10804\"\n               data-title=\"IMG_3945\"\n               data-description=\"\"\n               data-image-slug=\"img_3945-1\"\n               class=\"shutterset_11230\">\n                <img\n                    title=\"IMG_3945\"\n                    alt=\"IMG_3945\"\n                    src=\"https:\/\/www.freimarianne.ch\/wp-content\/gallery\/klewenalp-gitschenen-16-7-15\/thumbs\/thumbs_IMG_3945.jpg\"\n                    width=\"100\"\n                    height=\"75\"\n                    style=\"max-width:100%;\"\n                \/>\n            <\/a>\n        <\/div>\n\t\t\t\t\t\t\t<\/div> \n\t\t\t\n        \n\t\t\t\t<div id=\"ngg-image-12\" class=\"ngg-gallery-thumbnail-box\" >\n\t\t\t\t        <div class=\"ngg-gallery-thumbnail\">\n            <a href=\"https:\/\/www.freimarianne.ch\/wp-content\/gallery\/klewenalp-gitschenen-16-7-15\/IMG_3957.jpg\"\n               title=\"\"\n               data-src=\"https:\/\/www.freimarianne.ch\/wp-content\/gallery\/klewenalp-gitschenen-16-7-15\/IMG_3957.jpg\"\n               data-thumbnail=\"https:\/\/www.freimarianne.ch\/wp-content\/gallery\/klewenalp-gitschenen-16-7-15\/thumbs\/thumbs_IMG_3957.jpg\"\n               data-image-id=\"10805\"\n               data-title=\"IMG_3957\"\n               data-description=\"\"\n               data-image-slug=\"img_3957\"\n               class=\"shutterset_11230\">\n                <img\n                    title=\"IMG_3957\"\n                    alt=\"IMG_3957\"\n                    src=\"https:\/\/www.freimarianne.ch\/wp-content\/gallery\/klewenalp-gitschenen-16-7-15\/thumbs\/thumbs_IMG_3957.jpg\"\n                    width=\"100\"\n                    height=\"75\"\n                    style=\"max-width:100%;\"\n                \/>\n            <\/a>\n        <\/div>\n\t\t\t\t\t\t\t<\/div> \n\t\t\t\n        \n\t\t\t\t<div id=\"ngg-image-13\" class=\"ngg-gallery-thumbnail-box\" >\n\t\t\t\t        <div class=\"ngg-gallery-thumbnail\">\n            <a href=\"https:\/\/www.freimarianne.ch\/wp-content\/gallery\/klewenalp-gitschenen-16-7-15\/IMG_3960.jpg\"\n               title=\"\"\n               data-src=\"https:\/\/www.freimarianne.ch\/wp-content\/gallery\/klewenalp-gitschenen-16-7-15\/IMG_3960.jpg\"\n               data-thumbnail=\"https:\/\/www.freimarianne.ch\/wp-content\/gallery\/klewenalp-gitschenen-16-7-15\/thumbs\/thumbs_IMG_3960.jpg\"\n               data-image-id=\"10806\"\n               data-title=\"IMG_3960\"\n               data-description=\"\"\n               data-image-slug=\"img_3960-1\"\n               class=\"shutterset_11230\">\n                <img\n                    title=\"IMG_3960\"\n                    alt=\"IMG_3960\"\n                    src=\"https:\/\/www.freimarianne.ch\/wp-content\/gallery\/klewenalp-gitschenen-16-7-15\/thumbs\/thumbs_IMG_3960.jpg\"\n                    width=\"100\"\n                    height=\"75\"\n                    style=\"max-width:100%;\"\n                \/>\n            <\/a>\n        <\/div>\n\t\t\t\t\t\t\t<\/div> \n\t\t\t\n        \n\t\t\t\t<div id=\"ngg-image-14\" class=\"ngg-gallery-thumbnail-box\" >\n\t\t\t\t        <div class=\"ngg-gallery-thumbnail\">\n            <a href=\"https:\/\/www.freimarianne.ch\/wp-content\/gallery\/klewenalp-gitschenen-16-7-15\/IMG_3964.jpg\"\n               title=\"\"\n               data-src=\"https:\/\/www.freimarianne.ch\/wp-content\/gallery\/klewenalp-gitschenen-16-7-15\/IMG_3964.jpg\"\n               data-thumbnail=\"https:\/\/www.freimarianne.ch\/wp-content\/gallery\/klewenalp-gitschenen-16-7-15\/thumbs\/thumbs_IMG_3964.jpg\"\n               data-image-id=\"10807\"\n               data-title=\"IMG_3964\"\n               data-description=\"\"\n               data-image-slug=\"img_3964-3\"\n               class=\"shutterset_11230\">\n                <img\n                    title=\"IMG_3964\"\n                    alt=\"IMG_3964\"\n                    src=\"https:\/\/www.freimarianne.ch\/wp-content\/gallery\/klewenalp-gitschenen-16-7-15\/thumbs\/thumbs_IMG_3964.jpg\"\n                    width=\"100\"\n                    height=\"75\"\n                    style=\"max-width:100%;\"\n                \/>\n            <\/a>\n        <\/div>\n\t\t\t\t\t\t\t<\/div> \n\t\t\t\n        \n\t\t\t\t<div id=\"ngg-image-15\" class=\"ngg-gallery-thumbnail-box\" >\n\t\t\t\t        <div class=\"ngg-gallery-thumbnail\">\n            <a href=\"https:\/\/www.freimarianne.ch\/wp-content\/gallery\/klewenalp-gitschenen-16-7-15\/IMG_3970.jpg\"\n               title=\"\"\n               data-src=\"https:\/\/www.freimarianne.ch\/wp-content\/gallery\/klewenalp-gitschenen-16-7-15\/IMG_3970.jpg\"\n               data-thumbnail=\"https:\/\/www.freimarianne.ch\/wp-content\/gallery\/klewenalp-gitschenen-16-7-15\/thumbs\/thumbs_IMG_3970.jpg\"\n               data-image-id=\"10808\"\n               data-title=\"IMG_3970\"\n               data-description=\"\"\n               data-image-slug=\"img_3970-1\"\n               class=\"shutterset_11230\">\n                <img\n                    title=\"IMG_3970\"\n                    alt=\"IMG_3970\"\n                    src=\"https:\/\/www.freimarianne.ch\/wp-content\/gallery\/klewenalp-gitschenen-16-7-15\/thumbs\/thumbs_IMG_3970.jpg\"\n                    width=\"100\"\n                    height=\"75\"\n                    style=\"max-width:100%;\"\n                \/>\n            <\/a>\n        <\/div>\n\t\t\t\t\t\t\t<\/div> \n\t\t\t\n        \n\t\t\t\t<div id=\"ngg-image-16\" class=\"ngg-gallery-thumbnail-box\" >\n\t\t\t\t        <div class=\"ngg-gallery-thumbnail\">\n            <a href=\"https:\/\/www.freimarianne.ch\/wp-content\/gallery\/klewenalp-gitschenen-16-7-15\/IMG_3975.jpg\"\n               title=\"\"\n               data-src=\"https:\/\/www.freimarianne.ch\/wp-content\/gallery\/klewenalp-gitschenen-16-7-15\/IMG_3975.jpg\"\n               data-thumbnail=\"https:\/\/www.freimarianne.ch\/wp-content\/gallery\/klewenalp-gitschenen-16-7-15\/thumbs\/thumbs_IMG_3975.jpg\"\n               data-image-id=\"10809\"\n               data-title=\"IMG_3975\"\n               data-description=\"\"\n               data-image-slug=\"img_3975-3\"\n               class=\"shutterset_11230\">\n                <img\n                    title=\"IMG_3975\"\n                    alt=\"IMG_3975\"\n                    src=\"https:\/\/www.freimarianne.ch\/wp-content\/gallery\/klewenalp-gitschenen-16-7-15\/thumbs\/thumbs_IMG_3975.jpg\"\n                    width=\"100\"\n                    height=\"75\"\n                    style=\"max-width:100%;\"\n                \/>\n            <\/a>\n        <\/div>\n\t\t\t\t\t\t\t<\/div> \n\t\t\t\n        \n\t\t\t\t<div id=\"ngg-image-17\" class=\"ngg-gallery-thumbnail-box\" >\n\t\t\t\t        <div class=\"ngg-gallery-thumbnail\">\n            <a href=\"https:\/\/www.freimarianne.ch\/wp-content\/gallery\/klewenalp-gitschenen-16-7-15\/IMG_3981.jpg\"\n               title=\"\"\n               data-src=\"https:\/\/www.freimarianne.ch\/wp-content\/gallery\/klewenalp-gitschenen-16-7-15\/IMG_3981.jpg\"\n               data-thumbnail=\"https:\/\/www.freimarianne.ch\/wp-content\/gallery\/klewenalp-gitschenen-16-7-15\/thumbs\/thumbs_IMG_3981.jpg\"\n               data-image-id=\"10810\"\n               data-title=\"IMG_3981\"\n               data-description=\"\"\n               data-image-slug=\"img_3981\"\n               class=\"shutterset_11230\">\n                <img\n                    title=\"IMG_3981\"\n                    alt=\"IMG_3981\"\n                    src=\"https:\/\/www.freimarianne.ch\/wp-content\/gallery\/klewenalp-gitschenen-16-7-15\/thumbs\/thumbs_IMG_3981.jpg\"\n                    width=\"100\"\n                    height=\"75\"\n                    style=\"max-width:100%;\"\n                \/>\n            <\/a>\n        <\/div>\n\t\t\t\t\t\t\t<\/div> \n\t\t\t\n        \n\t\t\n\t\t<!-- Pagination -->\n\t<div class='ngg-clear'><\/div>\t<\/div>\n<\/p>\n","protected":false},"excerpt":{"rendered":"<p>Bergwanderung von der Klewenalp \u00fcber das Hint. Jochli nach Gitschenen Bereits um 9.00 h kann ich auf der Klewenalp losmarschieren. Die Zeitangaben auf dem Wegweiser sind f\u00fcr das Hinterjochli 2.10 h und f\u00fcr Gitschenen 3. 20h. Ich wandere auf dem Alpstr\u00e4sschen hinunter zum Stafel 1525m, von wo der Aufstieg \u00fcber das M\u00e4lchgadeli zur Ch\u00e4lenegg beginnt. [&hellip;]<\/p>\n","protected":false},"author":1,"featured_media":0,"parent":10369,"menu_order":11,"comment_status":"closed","ping_status":"closed","template":"","meta":{"ngg_post_thumbnail":0},"_links":{"self":[{"href":"https:\/\/www.freimarianne.ch\/index.php?rest_route=\/wp\/v2\/pages\/10875"}],"collection":[{"href":"https:\/\/www.freimarianne.ch\/index.php?rest_route=\/wp\/v2\/pages"}],"about":[{"href":"https:\/\/www.freimarianne.ch\/index.php?rest_route=\/wp\/v2\/types\/page"}],"author":[{"embeddable":true,"href":"https:\/\/www.freimarianne.ch\/index.php?rest_route=\/wp\/v2\/users\/1"}],"replies":[{"embeddable":true,"href":"https:\/\/www.freimarianne.ch\/index.php?rest_route=%2Fwp%2Fv2%2Fcomments&post=10875"}],"version-history":[{"count":5,"href":"https:\/\/www.freimarianne.ch\/index.php?rest_route=\/wp\/v2\/pages\/10875\/revisions"}],"predecessor-version":[{"id":11231,"href":"https:\/\/www.freimarianne.ch\/index.php?rest_route=\/wp\/v2\/pages\/10875\/revisions\/11231"}],"up":[{"embeddable":true,"href":"https:\/\/www.freimarianne.ch\/index.php?rest_route=\/wp\/v2\/pages\/10369"}],"wp:attachment":[{"href":"https:\/\/www.freimarianne.ch\/index.php?rest_route=%2Fwp%2Fv2%2Fmedia&parent=10875"}],"curies":[{"name":"wp","href":"https:\/\/api.w.org\/{rel}","templated":true}]}}