{"id":13463,"date":"2015-09-17T15:38:10","date_gmt":"2015-09-17T14:38:10","guid":{"rendered":"http:\/\/www.freimarianne.ch\/?page_id=13463"},"modified":"2015-09-17T16:23:22","modified_gmt":"2015-09-17T15:23:22","slug":"fischingen-tg-hornli-zh-15-9-2015","status":"publish","type":"page","link":"https:\/\/www.freimarianne.ch\/?page_id=13463","title":{"rendered":"Fischingen  TG &#8211; H\u00f6rnli  ZH  15.9.2015"},"content":{"rendered":"<p><strong>Wanderung von Fischingen TG \u00fcber Groot auf das H\u00f6rnli ZH und hinunter nach Steg<\/strong><br \/>\n<img loading=\"lazy\" class=\"alignleft size-full wp-image-13373\" src=\"http:\/\/www.freimarianne.ch\/wp-content\/uploads\/2015\/09\/IMG_2839_ho\u0308rnli_500.jpg\" alt=\"IMG_2839_ho\u0308rnli_500\" width=\"500\" height=\"416\" srcset=\"https:\/\/www.freimarianne.ch\/wp-content\/uploads\/2015\/09\/IMG_2839_ho\u0308rnli_500.jpg 500w, https:\/\/www.freimarianne.ch\/wp-content\/uploads\/2015\/09\/IMG_2839_ho\u0308rnli_500-300x250.jpg 300w, https:\/\/www.freimarianne.ch\/wp-content\/uploads\/2015\/09\/IMG_2839_ho\u0308rnli_500-361x300.jpg 361w\" sizes=\"(max-width: 500px) 100vw, 500px\" \/><br \/>\nIch starte in Fischingen, TG  um 11.30 h in Richtung Ootenegg.<br \/>\nZuvor habe ich kurz  das Benediktiner Kloster von aussen angeschaut ( hier ist die heilige Ida von Toggenburg in einer Kapelle neben der Klosterkirche begraben)<br \/>\nIch passiere auf der Strasse den Hof Neusch\u00fc\u00fcr und kann dann auf einen Wanderweg im Wald wechseln.<br \/>\nBevor ich aus dem Wald trete komme ich an einer kleinen, offenen Kapelle vorbei. Diese Kapelle ist der heiligen Ida geweiht.<br \/>\nOberhalb der  Ootenegg 840m  steht eine Mariens\u00e4ule. Von hier aus hat man eine pr\u00e4chtige Sicht  rundherum auf die gr\u00fcnen, meist bewaldeten H\u00fcgel. Ich passiere das Hofgut Ootenegg um  12.11 h und wandere nun wieder auf einem Fahrweg gegen H\u00f6ll  809m oder Hell, wo wieder ein einzelner Hof steht. Hier befindet  sich ein sch\u00f6nes, blumengeschm\u00fccktes Kruzifix.  Ich nehme dann den Wanderweg, der in den Wald und hinauf zum Grat  ( Graut)  f\u00fchrt. Hier gehe ich am Abhang einer steilen Flue, die nach Osten abf\u00e4llt. Ich mache Halt auf einer Bank auf der h\u00f6chsten Erhebung des Kanton Thurgau 991m. Ich befinde mich im Waldreservat H\u00f6llwald, das unter Naturschutz steht. Von hier oben sieht man hinaus ins gr\u00fcne Land und bis zum Bodensee. Gegen\u00fcber  liegt der H\u00fcgel der Iddaburg.<br \/>\nDer Weg von H\u00f6ll zum Aussichtspunkt ist ein sehr sch\u00f6ner, schmaler Weg , der sich in Kehren den Berg hinauf windet.<br \/>\nNach einer kurzen Pause gehe ich weiter und   hinunter   \u00fcber eine Weide mit Mutterk\u00fche !!  zum Hof Holestei 890m und von dort auf einer Teerstrasse hinauf nach Alewinde 914m. Hier befinde ich mich an der Strasse nach einerseits Fischingen und andererseits Sternenberg, Bauma  ( 13.26 h). Wie ich feststelle, gehe ich immer auf dem Schwabenweg. Ab hier  soll es noch eine Stunde bis zum H\u00f6rnli sein.<br \/>\nIch steige auf der Strasse hinauf zum Hof Chaltebrune 922m, um dann wieder  sp\u00e4ter auf einen Wanderweg im Wald zu kommen, der  mich  hinauf auf das H\u00f6rnli  1133m  f\u00fchrt, das am Rande des Naturschutzgebietes Alp Ergeten liegt. Bevor ich das  H\u00f6rnli erreiche, komme ich am Dreil\u00e4nderstein vorbei. Hier treffen die Grenzen der Kantone Z\u00fcrich, Thurgau und St. Gallen zusammen. Ab hier  gehe ich nicht mehr auf dem Schwabenweg sondern auf dem Jakobsweg ! ( 13.49 h) . Um 14.08 h bin ich auf dem H\u00f6rnli 1133m, wo es  windig und k\u00fchl ist, sodass ich nur kurz absitze, um den Abstieg zu planen. Wie ich sehe, gibt es auch die Variante nach Steg, wo die S26 f\u00e4hrt.<br \/>\n So steige ich zuerst auf der Fahrstrasse  \u00fcber Tanzplatz 970m und sp\u00e4ter auf Wanderwegen hinunter ins Tal zur Bahnstation Steg 695m, wo ich  um 15.07h ankomme. Um 15.341h f\u00fchrt ein Zug nach Winterthur.<br \/>\nLaut Swissmap:<br \/>\nDistanz: 11.9km; Aufstieg: 751m; Abstieg: 673m; Marschzeit: 4 h 9 min<br \/>\nIch war von  11.30 h   bis 15.07 h  unterwegs.<\/p>\n<p><!-- index.php -->\n<div\n\tclass=\"ngg-galleryoverview ngg-ajax-pagination-none\"\n\tid=\"ngg-gallery-13552-1\">\n\n    \t<div class=\"slideshowlink\">\n        <a href='https:\/\/www.freimarianne.ch\/index.php\/nggallery\/slideshow?page_id=13463'>[Show as slideshow]<\/a>\n\t\t\n\t<\/div>\n\t\t\t<!-- Thumbnails -->\n\t\t\t\t<div id=\"ngg-image-0\" class=\"ngg-gallery-thumbnail-box\" >\n\t\t\t\t        <div class=\"ngg-gallery-thumbnail\">\n            <a href=\"https:\/\/www.freimarianne.ch\/wp-content\/gallery\/hornli-zh-15-9-15\/IMG_2804.jpg\"\n               title=\"\"\n               data-src=\"https:\/\/www.freimarianne.ch\/wp-content\/gallery\/hornli-zh-15-9-15\/IMG_2804.jpg\"\n               data-thumbnail=\"https:\/\/www.freimarianne.ch\/wp-content\/gallery\/hornli-zh-15-9-15\/thumbs\/thumbs_IMG_2804.jpg\"\n               data-image-id=\"11708\"\n               data-title=\"IMG_2804\"\n               data-description=\"\"\n               data-image-slug=\"img_2804-3\"\n               class=\"shutterset_13552\">\n                <img\n                    title=\"IMG_2804\"\n                    alt=\"IMG_2804\"\n                    src=\"https:\/\/www.freimarianne.ch\/wp-content\/gallery\/hornli-zh-15-9-15\/thumbs\/thumbs_IMG_2804.jpg\"\n                    width=\"100\"\n                    height=\"75\"\n                    style=\"max-width:100%;\"\n                \/>\n            <\/a>\n        <\/div>\n\t\t\t\t\t\t\t<\/div> \n\t\t\t\n        \n\t\t\t\t<div id=\"ngg-image-1\" class=\"ngg-gallery-thumbnail-box\" >\n\t\t\t\t        <div class=\"ngg-gallery-thumbnail\">\n            <a href=\"https:\/\/www.freimarianne.ch\/wp-content\/gallery\/hornli-zh-15-9-15\/IMG_2806.jpg\"\n               title=\"\"\n               data-src=\"https:\/\/www.freimarianne.ch\/wp-content\/gallery\/hornli-zh-15-9-15\/IMG_2806.jpg\"\n               data-thumbnail=\"https:\/\/www.freimarianne.ch\/wp-content\/gallery\/hornli-zh-15-9-15\/thumbs\/thumbs_IMG_2806.jpg\"\n               data-image-id=\"11709\"\n               data-title=\"IMG_2806\"\n               data-description=\"\"\n               data-image-slug=\"img_2806-1\"\n               class=\"shutterset_13552\">\n                <img\n                    title=\"IMG_2806\"\n                    alt=\"IMG_2806\"\n                    src=\"https:\/\/www.freimarianne.ch\/wp-content\/gallery\/hornli-zh-15-9-15\/thumbs\/thumbs_IMG_2806.jpg\"\n                    width=\"100\"\n                    height=\"75\"\n                    style=\"max-width:100%;\"\n                \/>\n            <\/a>\n        <\/div>\n\t\t\t\t\t\t\t<\/div> \n\t\t\t\n        \n\t\t\t\t<div id=\"ngg-image-2\" class=\"ngg-gallery-thumbnail-box\" >\n\t\t\t\t        <div class=\"ngg-gallery-thumbnail\">\n            <a href=\"https:\/\/www.freimarianne.ch\/wp-content\/gallery\/hornli-zh-15-9-15\/IMG_2813.jpg\"\n               title=\"\"\n               data-src=\"https:\/\/www.freimarianne.ch\/wp-content\/gallery\/hornli-zh-15-9-15\/IMG_2813.jpg\"\n               data-thumbnail=\"https:\/\/www.freimarianne.ch\/wp-content\/gallery\/hornli-zh-15-9-15\/thumbs\/thumbs_IMG_2813.jpg\"\n               data-image-id=\"11710\"\n               data-title=\"IMG_2813\"\n               data-description=\"\"\n               data-image-slug=\"img_2813-3\"\n               class=\"shutterset_13552\">\n                <img\n                    title=\"IMG_2813\"\n                    alt=\"IMG_2813\"\n                    src=\"https:\/\/www.freimarianne.ch\/wp-content\/gallery\/hornli-zh-15-9-15\/thumbs\/thumbs_IMG_2813.jpg\"\n                    width=\"100\"\n                    height=\"75\"\n                    style=\"max-width:100%;\"\n                \/>\n            <\/a>\n        <\/div>\n\t\t\t\t\t\t\t<\/div> \n\t\t\t\n        \n\t\t\t\t<div id=\"ngg-image-3\" class=\"ngg-gallery-thumbnail-box\" >\n\t\t\t\t        <div class=\"ngg-gallery-thumbnail\">\n            <a href=\"https:\/\/www.freimarianne.ch\/wp-content\/gallery\/hornli-zh-15-9-15\/IMG_2814.jpg\"\n               title=\"\"\n               data-src=\"https:\/\/www.freimarianne.ch\/wp-content\/gallery\/hornli-zh-15-9-15\/IMG_2814.jpg\"\n               data-thumbnail=\"https:\/\/www.freimarianne.ch\/wp-content\/gallery\/hornli-zh-15-9-15\/thumbs\/thumbs_IMG_2814.jpg\"\n               data-image-id=\"11711\"\n               data-title=\"IMG_2814\"\n               data-description=\"\"\n               data-image-slug=\"img_2814-3\"\n               class=\"shutterset_13552\">\n                <img\n                    title=\"IMG_2814\"\n                    alt=\"IMG_2814\"\n                    src=\"https:\/\/www.freimarianne.ch\/wp-content\/gallery\/hornli-zh-15-9-15\/thumbs\/thumbs_IMG_2814.jpg\"\n                    width=\"100\"\n                    height=\"75\"\n                    style=\"max-width:100%;\"\n                \/>\n            <\/a>\n        <\/div>\n\t\t\t\t\t\t\t<\/div> \n\t\t\t\n        \n\t\t\t\t<div id=\"ngg-image-4\" class=\"ngg-gallery-thumbnail-box\" >\n\t\t\t\t        <div class=\"ngg-gallery-thumbnail\">\n            <a href=\"https:\/\/www.freimarianne.ch\/wp-content\/gallery\/hornli-zh-15-9-15\/IMG_2818.jpg\"\n               title=\"\"\n               data-src=\"https:\/\/www.freimarianne.ch\/wp-content\/gallery\/hornli-zh-15-9-15\/IMG_2818.jpg\"\n               data-thumbnail=\"https:\/\/www.freimarianne.ch\/wp-content\/gallery\/hornli-zh-15-9-15\/thumbs\/thumbs_IMG_2818.jpg\"\n               data-image-id=\"11712\"\n               data-title=\"IMG_2818\"\n               data-description=\"\"\n               data-image-slug=\"img_2818\"\n               class=\"shutterset_13552\">\n                <img\n                    title=\"IMG_2818\"\n                    alt=\"IMG_2818\"\n                    src=\"https:\/\/www.freimarianne.ch\/wp-content\/gallery\/hornli-zh-15-9-15\/thumbs\/thumbs_IMG_2818.jpg\"\n                    width=\"100\"\n                    height=\"75\"\n                    style=\"max-width:100%;\"\n                \/>\n            <\/a>\n        <\/div>\n\t\t\t\t\t\t\t<\/div> \n\t\t\t\n        \n\t\t\t\t<div id=\"ngg-image-5\" class=\"ngg-gallery-thumbnail-box\" >\n\t\t\t\t        <div class=\"ngg-gallery-thumbnail\">\n            <a href=\"https:\/\/www.freimarianne.ch\/wp-content\/gallery\/hornli-zh-15-9-15\/IMG_2819.jpg\"\n               title=\"\"\n               data-src=\"https:\/\/www.freimarianne.ch\/wp-content\/gallery\/hornli-zh-15-9-15\/IMG_2819.jpg\"\n               data-thumbnail=\"https:\/\/www.freimarianne.ch\/wp-content\/gallery\/hornli-zh-15-9-15\/thumbs\/thumbs_IMG_2819.jpg\"\n               data-image-id=\"11713\"\n               data-title=\"IMG_2819\"\n               data-description=\"\"\n               data-image-slug=\"img_2819\"\n               class=\"shutterset_13552\">\n                <img\n                    title=\"IMG_2819\"\n                    alt=\"IMG_2819\"\n                    src=\"https:\/\/www.freimarianne.ch\/wp-content\/gallery\/hornli-zh-15-9-15\/thumbs\/thumbs_IMG_2819.jpg\"\n                    width=\"100\"\n                    height=\"75\"\n                    style=\"max-width:100%;\"\n                \/>\n            <\/a>\n        <\/div>\n\t\t\t\t\t\t\t<\/div> \n\t\t\t\n        \n\t\t\t\t<div id=\"ngg-image-6\" class=\"ngg-gallery-thumbnail-box\" >\n\t\t\t\t        <div class=\"ngg-gallery-thumbnail\">\n            <a href=\"https:\/\/www.freimarianne.ch\/wp-content\/gallery\/hornli-zh-15-9-15\/IMG_2821.jpg\"\n               title=\"\"\n               data-src=\"https:\/\/www.freimarianne.ch\/wp-content\/gallery\/hornli-zh-15-9-15\/IMG_2821.jpg\"\n               data-thumbnail=\"https:\/\/www.freimarianne.ch\/wp-content\/gallery\/hornli-zh-15-9-15\/thumbs\/thumbs_IMG_2821.jpg\"\n               data-image-id=\"11714\"\n               data-title=\"IMG_2821\"\n               data-description=\"\"\n               data-image-slug=\"img_2821-3\"\n               class=\"shutterset_13552\">\n                <img\n                    title=\"IMG_2821\"\n                    alt=\"IMG_2821\"\n                    src=\"https:\/\/www.freimarianne.ch\/wp-content\/gallery\/hornli-zh-15-9-15\/thumbs\/thumbs_IMG_2821.jpg\"\n                    width=\"100\"\n                    height=\"75\"\n                    style=\"max-width:100%;\"\n                \/>\n            <\/a>\n        <\/div>\n\t\t\t\t\t\t\t<\/div> \n\t\t\t\n        \n\t\t\t\t<div id=\"ngg-image-7\" class=\"ngg-gallery-thumbnail-box\" >\n\t\t\t\t        <div class=\"ngg-gallery-thumbnail\">\n            <a href=\"https:\/\/www.freimarianne.ch\/wp-content\/gallery\/hornli-zh-15-9-15\/IMG_2824.jpg\"\n               title=\"\"\n               data-src=\"https:\/\/www.freimarianne.ch\/wp-content\/gallery\/hornli-zh-15-9-15\/IMG_2824.jpg\"\n               data-thumbnail=\"https:\/\/www.freimarianne.ch\/wp-content\/gallery\/hornli-zh-15-9-15\/thumbs\/thumbs_IMG_2824.jpg\"\n               data-image-id=\"11715\"\n               data-title=\"IMG_2824\"\n               data-description=\"\"\n               data-image-slug=\"img_2824-3\"\n               class=\"shutterset_13552\">\n                <img\n                    title=\"IMG_2824\"\n                    alt=\"IMG_2824\"\n                    src=\"https:\/\/www.freimarianne.ch\/wp-content\/gallery\/hornli-zh-15-9-15\/thumbs\/thumbs_IMG_2824.jpg\"\n                    width=\"100\"\n                    height=\"75\"\n                    style=\"max-width:100%;\"\n                \/>\n            <\/a>\n        <\/div>\n\t\t\t\t\t\t\t<\/div> \n\t\t\t\n        \n\t\t\t\t<div id=\"ngg-image-8\" class=\"ngg-gallery-thumbnail-box\" >\n\t\t\t\t        <div class=\"ngg-gallery-thumbnail\">\n            <a href=\"https:\/\/www.freimarianne.ch\/wp-content\/gallery\/hornli-zh-15-9-15\/IMG_2829.jpg\"\n               title=\"\"\n               data-src=\"https:\/\/www.freimarianne.ch\/wp-content\/gallery\/hornli-zh-15-9-15\/IMG_2829.jpg\"\n               data-thumbnail=\"https:\/\/www.freimarianne.ch\/wp-content\/gallery\/hornli-zh-15-9-15\/thumbs\/thumbs_IMG_2829.jpg\"\n               data-image-id=\"11716\"\n               data-title=\"IMG_2829\"\n               data-description=\"\"\n               data-image-slug=\"img_2829-3\"\n               class=\"shutterset_13552\">\n                <img\n                    title=\"IMG_2829\"\n                    alt=\"IMG_2829\"\n                    src=\"https:\/\/www.freimarianne.ch\/wp-content\/gallery\/hornli-zh-15-9-15\/thumbs\/thumbs_IMG_2829.jpg\"\n                    width=\"100\"\n                    height=\"75\"\n                    style=\"max-width:100%;\"\n                \/>\n            <\/a>\n        <\/div>\n\t\t\t\t\t\t\t<\/div> \n\t\t\t\n        \n\t\t\t\t<div id=\"ngg-image-9\" class=\"ngg-gallery-thumbnail-box\" >\n\t\t\t\t        <div class=\"ngg-gallery-thumbnail\">\n            <a href=\"https:\/\/www.freimarianne.ch\/wp-content\/gallery\/hornli-zh-15-9-15\/IMG_2837.jpg\"\n               title=\"\"\n               data-src=\"https:\/\/www.freimarianne.ch\/wp-content\/gallery\/hornli-zh-15-9-15\/IMG_2837.jpg\"\n               data-thumbnail=\"https:\/\/www.freimarianne.ch\/wp-content\/gallery\/hornli-zh-15-9-15\/thumbs\/thumbs_IMG_2837.jpg\"\n               data-image-id=\"11717\"\n               data-title=\"IMG_2837\"\n               data-description=\"\"\n               data-image-slug=\"img_2837-4\"\n               class=\"shutterset_13552\">\n                <img\n                    title=\"IMG_2837\"\n                    alt=\"IMG_2837\"\n                    src=\"https:\/\/www.freimarianne.ch\/wp-content\/gallery\/hornli-zh-15-9-15\/thumbs\/thumbs_IMG_2837.jpg\"\n                    width=\"100\"\n                    height=\"75\"\n                    style=\"max-width:100%;\"\n                \/>\n            <\/a>\n        <\/div>\n\t\t\t\t\t\t\t<\/div> \n\t\t\t\n        \n\t\t\t\t<div id=\"ngg-image-10\" class=\"ngg-gallery-thumbnail-box\" >\n\t\t\t\t        <div class=\"ngg-gallery-thumbnail\">\n            <a href=\"https:\/\/www.freimarianne.ch\/wp-content\/gallery\/hornli-zh-15-9-15\/IMG_2842.jpg\"\n               title=\"\"\n               data-src=\"https:\/\/www.freimarianne.ch\/wp-content\/gallery\/hornli-zh-15-9-15\/IMG_2842.jpg\"\n               data-thumbnail=\"https:\/\/www.freimarianne.ch\/wp-content\/gallery\/hornli-zh-15-9-15\/thumbs\/thumbs_IMG_2842.jpg\"\n               data-image-id=\"11718\"\n               data-title=\"IMG_2842\"\n               data-description=\"\"\n               data-image-slug=\"img_2842-3\"\n               class=\"shutterset_13552\">\n                <img\n                    title=\"IMG_2842\"\n                    alt=\"IMG_2842\"\n                    src=\"https:\/\/www.freimarianne.ch\/wp-content\/gallery\/hornli-zh-15-9-15\/thumbs\/thumbs_IMG_2842.jpg\"\n                    width=\"100\"\n                    height=\"75\"\n                    style=\"max-width:100%;\"\n                \/>\n            <\/a>\n        <\/div>\n\t\t\t\t\t\t\t<\/div> \n\t\t\t\n        \n\t\t\t\t<div id=\"ngg-image-11\" class=\"ngg-gallery-thumbnail-box\" >\n\t\t\t\t        <div class=\"ngg-gallery-thumbnail\">\n            <a href=\"https:\/\/www.freimarianne.ch\/wp-content\/gallery\/hornli-zh-15-9-15\/IMG_2850.jpg\"\n               title=\"\"\n               data-src=\"https:\/\/www.freimarianne.ch\/wp-content\/gallery\/hornli-zh-15-9-15\/IMG_2850.jpg\"\n               data-thumbnail=\"https:\/\/www.freimarianne.ch\/wp-content\/gallery\/hornli-zh-15-9-15\/thumbs\/thumbs_IMG_2850.jpg\"\n               data-image-id=\"11719\"\n               data-title=\"IMG_2850\"\n               data-description=\"\"\n               data-image-slug=\"img_2850-3\"\n               class=\"shutterset_13552\">\n                <img\n                    title=\"IMG_2850\"\n                    alt=\"IMG_2850\"\n                    src=\"https:\/\/www.freimarianne.ch\/wp-content\/gallery\/hornli-zh-15-9-15\/thumbs\/thumbs_IMG_2850.jpg\"\n                    width=\"100\"\n                    height=\"75\"\n                    style=\"max-width:100%;\"\n                \/>\n            <\/a>\n        <\/div>\n\t\t\t\t\t\t\t<\/div> \n\t\t\t\n        \n\t\t\t\t<div id=\"ngg-image-12\" class=\"ngg-gallery-thumbnail-box\" >\n\t\t\t\t        <div class=\"ngg-gallery-thumbnail\">\n            <a href=\"https:\/\/www.freimarianne.ch\/wp-content\/gallery\/hornli-zh-15-9-15\/IMG_2863.jpg\"\n               title=\"\"\n               data-src=\"https:\/\/www.freimarianne.ch\/wp-content\/gallery\/hornli-zh-15-9-15\/IMG_2863.jpg\"\n               data-thumbnail=\"https:\/\/www.freimarianne.ch\/wp-content\/gallery\/hornli-zh-15-9-15\/thumbs\/thumbs_IMG_2863.jpg\"\n               data-image-id=\"11720\"\n               data-title=\"IMG_2863\"\n               data-description=\"\"\n               data-image-slug=\"img_2863-1\"\n               class=\"shutterset_13552\">\n                <img\n                    title=\"IMG_2863\"\n                    alt=\"IMG_2863\"\n                    src=\"https:\/\/www.freimarianne.ch\/wp-content\/gallery\/hornli-zh-15-9-15\/thumbs\/thumbs_IMG_2863.jpg\"\n                    width=\"100\"\n                    height=\"75\"\n                    style=\"max-width:100%;\"\n                \/>\n            <\/a>\n        <\/div>\n\t\t\t\t\t\t\t<\/div> \n\t\t\t\n        \n\t\t\t\t<div id=\"ngg-image-13\" class=\"ngg-gallery-thumbnail-box\" >\n\t\t\t\t        <div class=\"ngg-gallery-thumbnail\">\n            <a href=\"https:\/\/www.freimarianne.ch\/wp-content\/gallery\/hornli-zh-15-9-15\/IMG_2866.jpg\"\n               title=\"\"\n               data-src=\"https:\/\/www.freimarianne.ch\/wp-content\/gallery\/hornli-zh-15-9-15\/IMG_2866.jpg\"\n               data-thumbnail=\"https:\/\/www.freimarianne.ch\/wp-content\/gallery\/hornli-zh-15-9-15\/thumbs\/thumbs_IMG_2866.jpg\"\n               data-image-id=\"11721\"\n               data-title=\"IMG_2866\"\n               data-description=\"\"\n               data-image-slug=\"img_2866-3\"\n               class=\"shutterset_13552\">\n                <img\n                    title=\"IMG_2866\"\n                    alt=\"IMG_2866\"\n                    src=\"https:\/\/www.freimarianne.ch\/wp-content\/gallery\/hornli-zh-15-9-15\/thumbs\/thumbs_IMG_2866.jpg\"\n                    width=\"100\"\n                    height=\"75\"\n                    style=\"max-width:100%;\"\n                \/>\n            <\/a>\n        <\/div>\n\t\t\t\t\t\t\t<\/div> \n\t\t\t\n        \n\t\t\t\t<div id=\"ngg-image-14\" class=\"ngg-gallery-thumbnail-box\" >\n\t\t\t\t        <div class=\"ngg-gallery-thumbnail\">\n            <a href=\"https:\/\/www.freimarianne.ch\/wp-content\/gallery\/hornli-zh-15-9-15\/IMG_2869.jpg\"\n               title=\"\"\n               data-src=\"https:\/\/www.freimarianne.ch\/wp-content\/gallery\/hornli-zh-15-9-15\/IMG_2869.jpg\"\n               data-thumbnail=\"https:\/\/www.freimarianne.ch\/wp-content\/gallery\/hornli-zh-15-9-15\/thumbs\/thumbs_IMG_2869.jpg\"\n               data-image-id=\"11722\"\n               data-title=\"IMG_2869\"\n               data-description=\"\"\n               data-image-slug=\"img_2869-1\"\n               class=\"shutterset_13552\">\n                <img\n                    title=\"IMG_2869\"\n                    alt=\"IMG_2869\"\n                    src=\"https:\/\/www.freimarianne.ch\/wp-content\/gallery\/hornli-zh-15-9-15\/thumbs\/thumbs_IMG_2869.jpg\"\n                    width=\"100\"\n                    height=\"75\"\n                    style=\"max-width:100%;\"\n                \/>\n            <\/a>\n        <\/div>\n\t\t\t\t\t\t\t<\/div> \n\t\t\t\n        \n\t\t\t\t<div id=\"ngg-image-15\" class=\"ngg-gallery-thumbnail-box\" >\n\t\t\t\t        <div class=\"ngg-gallery-thumbnail\">\n            <a href=\"https:\/\/www.freimarianne.ch\/wp-content\/gallery\/hornli-zh-15-9-15\/IMG_2871.jpg\"\n               title=\"\"\n               data-src=\"https:\/\/www.freimarianne.ch\/wp-content\/gallery\/hornli-zh-15-9-15\/IMG_2871.jpg\"\n               data-thumbnail=\"https:\/\/www.freimarianne.ch\/wp-content\/gallery\/hornli-zh-15-9-15\/thumbs\/thumbs_IMG_2871.jpg\"\n               data-image-id=\"11723\"\n               data-title=\"IMG_2871\"\n               data-description=\"\"\n               data-image-slug=\"img_2871-1\"\n               class=\"shutterset_13552\">\n                <img\n                    title=\"IMG_2871\"\n                    alt=\"IMG_2871\"\n                    src=\"https:\/\/www.freimarianne.ch\/wp-content\/gallery\/hornli-zh-15-9-15\/thumbs\/thumbs_IMG_2871.jpg\"\n                    width=\"100\"\n                    height=\"75\"\n                    style=\"max-width:100%;\"\n                \/>\n            <\/a>\n        <\/div>\n\t\t\t\t\t\t\t<\/div> \n\t\t\t\n        \n\t\t\t\t<div id=\"ngg-image-16\" class=\"ngg-gallery-thumbnail-box\" >\n\t\t\t\t        <div class=\"ngg-gallery-thumbnail\">\n            <a href=\"https:\/\/www.freimarianne.ch\/wp-content\/gallery\/hornli-zh-15-9-15\/IMG_2873.jpg\"\n               title=\"\"\n               data-src=\"https:\/\/www.freimarianne.ch\/wp-content\/gallery\/hornli-zh-15-9-15\/IMG_2873.jpg\"\n               data-thumbnail=\"https:\/\/www.freimarianne.ch\/wp-content\/gallery\/hornli-zh-15-9-15\/thumbs\/thumbs_IMG_2873.jpg\"\n               data-image-id=\"11724\"\n               data-title=\"IMG_2873\"\n               data-description=\"\"\n               data-image-slug=\"img_2873-2\"\n               class=\"shutterset_13552\">\n                <img\n                    title=\"IMG_2873\"\n                    alt=\"IMG_2873\"\n                    src=\"https:\/\/www.freimarianne.ch\/wp-content\/gallery\/hornli-zh-15-9-15\/thumbs\/thumbs_IMG_2873.jpg\"\n                    width=\"100\"\n                    height=\"75\"\n                    style=\"max-width:100%;\"\n                \/>\n            <\/a>\n        <\/div>\n\t\t\t\t\t\t\t<\/div> \n\t\t\t\n        \n\t\t\n\t\t<!-- Pagination -->\n\t<div class='ngg-clear'><\/div>\t<\/div>\n<\/p>\n","protected":false},"excerpt":{"rendered":"<p>Wanderung von Fischingen TG \u00fcber Groot auf das H\u00f6rnli ZH und hinunter nach Steg Ich starte in Fischingen, TG um 11.30 h in Richtung Ootenegg. Zuvor habe ich kurz das Benediktiner Kloster von aussen angeschaut ( hier ist die heilige Ida von Toggenburg in einer Kapelle neben der Klosterkirche begraben) Ich passiere auf der Strasse [&hellip;]<\/p>\n","protected":false},"author":1,"featured_media":0,"parent":13232,"menu_order":6,"comment_status":"closed","ping_status":"closed","template":"","meta":{"ngg_post_thumbnail":0},"_links":{"self":[{"href":"https:\/\/www.freimarianne.ch\/index.php?rest_route=\/wp\/v2\/pages\/13463"}],"collection":[{"href":"https:\/\/www.freimarianne.ch\/index.php?rest_route=\/wp\/v2\/pages"}],"about":[{"href":"https:\/\/www.freimarianne.ch\/index.php?rest_route=\/wp\/v2\/types\/page"}],"author":[{"embeddable":true,"href":"https:\/\/www.freimarianne.ch\/index.php?rest_route=\/wp\/v2\/users\/1"}],"replies":[{"embeddable":true,"href":"https:\/\/www.freimarianne.ch\/index.php?rest_route=%2Fwp%2Fv2%2Fcomments&post=13463"}],"version-history":[{"count":5,"href":"https:\/\/www.freimarianne.ch\/index.php?rest_route=\/wp\/v2\/pages\/13463\/revisions"}],"predecessor-version":[{"id":13554,"href":"https:\/\/www.freimarianne.ch\/index.php?rest_route=\/wp\/v2\/pages\/13463\/revisions\/13554"}],"up":[{"embeddable":true,"href":"https:\/\/www.freimarianne.ch\/index.php?rest_route=\/wp\/v2\/pages\/13232"}],"wp:attachment":[{"href":"https:\/\/www.freimarianne.ch\/index.php?rest_route=%2Fwp%2Fv2%2Fmedia&parent=13463"}],"curies":[{"name":"wp","href":"https:\/\/api.w.org\/{rel}","templated":true}]}}