{"id":16110,"date":"2016-03-31T09:00:05","date_gmt":"2016-03-31T08:00:05","guid":{"rendered":"http:\/\/www.freimarianne.ch\/?page_id=16110"},"modified":"2016-04-07T15:52:35","modified_gmt":"2016-04-07T14:52:35","slug":"arosa-gr-29-3-2016","status":"publish","type":"page","link":"https:\/\/www.freimarianne.ch\/?page_id=16110","title":{"rendered":"Arosa   GR   29.3.2016"},"content":{"rendered":"<p><strong>Winterwanderung in Arosa<\/strong><br \/>\nVom Pr\u00e4tschli nach Innerarosa  ca. 2 h<br \/>\nWir sind nach einer interessanten Fahrt um 11.09 in Arosa.<br \/>\nBald f\u00e4hrt der Bus auf das Pr\u00e4tschli 1892m.<br \/>\nWir gehen auf dem Winterwanderweg vom Pr\u00e4tschli 1892m  durch den Alrenwald zur Mittler H\u00fctte 2010m, Hinter H\u00fctte und hinauf gegen die Carmenah\u00fctte. Wieder hinunter auf den Wanderweg nach an der Alp  und hinunter zur Talstation der H\u00f6rnlibahn, wo wir gleich in den Bus zum Bahnhof steigen k\u00f6nnen.<br \/>\nWir konnten den ganzen Weg auf Schnee machen und am Schluss sehen wir die ersten kleinen Krokusse.<br \/>\nLaut Schweizmobil:<br \/>\nDistanz: 7.36km; Aufstieg: 229m, Abstieg: 294m; Marschzeit 2 h<\/p>\n\r\n\t<div class=\"slideshow_container slideshow_container_style-light\" style=\"height: 400px; \" data-slideshow-id=\"16118\" data-style-name=\"style-light\" data-style-version=\"2.3.1\" >\r\n\r\n\t\t\t\t\t<div class=\"slideshow_loading_icon\"><\/div>\r\n\t\t\r\n\t\t<div class=\"slideshow_content\" style=\"display: none;\">\r\n\r\n\t\t\t<div class=\"slideshow_view\">\r\n\t\t\t\t<div class=\"slideshow_slide slideshow_slide_image\">\r\n\t\t\t\t\t\t\t\t\t\t\t<img src=\"https:\/\/www.freimarianne.ch\/wp-content\/uploads\/2016\/03\/IMG_6416.jpg\" alt=\"IMG_6416\" width=\"400\" height=\"300\" \/>\r\n\t\t\t\t\t\t\t\t\t\t<div class=\"slideshow_description_box slideshow_transparent\">\r\n\t\t\t\t\t\t<div class=\"slideshow_title\">IMG_6416<\/div>\t\t\t\t\t\t\t\t\t\t\t<\/div>\r\n\t\t\t\t<\/div>\r\n\r\n\t\t\t\t\t\t<div style=\"clear: both;\"><\/div><\/div><div class=\"slideshow_view\">\r\n\t\t\t\t<div class=\"slideshow_slide slideshow_slide_image\">\r\n\t\t\t\t\t\t\t\t\t\t\t<img src=\"https:\/\/www.freimarianne.ch\/wp-content\/uploads\/2016\/03\/IMG_6410.jpg\" alt=\"IMG_6410\" width=\"400\" height=\"265\" \/>\r\n\t\t\t\t\t\t\t\t\t\t<div class=\"slideshow_description_box slideshow_transparent\">\r\n\t\t\t\t\t\t<div class=\"slideshow_title\">IMG_6410<\/div>\t\t\t\t\t\t\t\t\t\t\t<\/div>\r\n\t\t\t\t<\/div>\r\n\r\n\t\t\t\t\t\t<div style=\"clear: both;\"><\/div><\/div><div class=\"slideshow_view\">\r\n\t\t\t\t<div class=\"slideshow_slide slideshow_slide_image\">\r\n\t\t\t\t\t\t\t\t\t\t\t<img src=\"https:\/\/www.freimarianne.ch\/wp-content\/uploads\/2016\/03\/IMG_6408.jpg\" alt=\"Tiejer Flue 2781m, Furggahorn 2727m, Amselfluh 2768m, Schiesshorn 2605m\" width=\"400\" height=\"281\" \/>\r\n\t\t\t\t\t\t\t\t\t\t<div class=\"slideshow_description_box slideshow_transparent\">\r\n\t\t\t\t\t\t<div class=\"slideshow_title\">Tiejer Flue 2781m, Furggahorn 2727m, Amselfluh 2768m, Schiesshorn 2605m<\/div>\t\t\t\t\t\t\t\t\t\t\t<\/div>\r\n\t\t\t\t<\/div>\r\n\r\n\t\t\t\t\t\t<div style=\"clear: both;\"><\/div><\/div><div class=\"slideshow_view\">\r\n\t\t\t\t<div class=\"slideshow_slide slideshow_slide_image\">\r\n\t\t\t\t\t\t\t\t\t\t\t<img src=\"https:\/\/www.freimarianne.ch\/wp-content\/uploads\/2016\/03\/IMG_6396.jpg\" alt=\"Schiahorn, Ch\u00fcpfenflue 2658m, Mederger Flue 2706m, Tiejer Flue 2781m\" width=\"400\" height=\"300\" \/>\r\n\t\t\t\t\t\t\t\t\t\t<div class=\"slideshow_description_box slideshow_transparent\">\r\n\t\t\t\t\t\t<div class=\"slideshow_title\">Schiahorn, Ch\u00fcpfenflue 2658m, Mederger Flue 2706m, Tiejer Flue 2781m<\/div>\t\t\t\t\t\t\t\t\t\t\t<\/div>\r\n\t\t\t\t<\/div>\r\n\r\n\t\t\t\t\t\t<div style=\"clear: both;\"><\/div><\/div><div class=\"slideshow_view\">\r\n\t\t\t\t<div class=\"slideshow_slide slideshow_slide_image\">\r\n\t\t\t\t\t\t\t\t\t\t\t<img src=\"https:\/\/www.freimarianne.ch\/wp-content\/uploads\/2016\/03\/IMG_6398.jpg\" alt=\"IMG_6398\" width=\"400\" height=\"300\" \/>\r\n\t\t\t\t\t\t\t\t\t\t<div class=\"slideshow_description_box slideshow_transparent\">\r\n\t\t\t\t\t\t<div class=\"slideshow_title\">IMG_6398<\/div>\t\t\t\t\t\t\t\t\t\t\t<\/div>\r\n\t\t\t\t<\/div>\r\n\r\n\t\t\t\t\t\t<div style=\"clear: both;\"><\/div><\/div><div class=\"slideshow_view\">\r\n\t\t\t\t<div class=\"slideshow_slide slideshow_slide_image\">\r\n\t\t\t\t\t\t\t\t\t\t\t<img src=\"https:\/\/www.freimarianne.ch\/wp-content\/uploads\/2016\/03\/IMG_6394.jpg\" alt=\"Bruni in Arosa   vor re Medegerflue\" width=\"400\" height=\"300\" \/>\r\n\t\t\t\t\t\t\t\t\t\t<div class=\"slideshow_description_box slideshow_transparent\">\r\n\t\t\t\t\t\t<div class=\"slideshow_title\">Bruni in Arosa   vor re Medegerflue<\/div>\t\t\t\t\t\t\t\t\t\t\t<\/div>\r\n\t\t\t\t<\/div>\r\n\r\n\t\t\t\t\t\t<div style=\"clear: both;\"><\/div><\/div>\r\n\t\t<\/div>\r\n\r\n\t\t<div class=\"slideshow_controlPanel slideshow_transparent\" style=\"display: none;\"><ul><li class=\"slideshow_togglePlay\" data-play-text=\"Play\" data-pause-text=\"Pause\"><\/li><\/ul><\/div>\r\n\r\n\t\t<div class=\"slideshow_button slideshow_previous slideshow_transparent\" role=\"button\" data-previous-text=\"Previous\" style=\"display: none;\"><\/div>\r\n\t\t<div class=\"slideshow_button slideshow_next slideshow_transparent\" role=\"button\" data-next-text=\"Next\" style=\"display: none;\"><\/div>\r\n\r\n\t\t<div class=\"slideshow_pagination\" style=\"display: none;\" data-go-to-text=\"Go to slide\"><div class=\"slideshow_pagination_center\"><\/div><\/div>\r\n\r\n\t\t<!-- WordPress Slideshow Version 2.3.1 -->\r\n\r\n\t\t\t<\/div>\r\n\r\n\n","protected":false},"excerpt":{"rendered":"<p>Winterwanderung in Arosa Vom Pr\u00e4tschli nach Innerarosa ca. 2 h Wir sind nach einer interessanten Fahrt um 11.09 in Arosa. Bald f\u00e4hrt der Bus auf das Pr\u00e4tschli 1892m. Wir gehen auf dem Winterwanderweg vom Pr\u00e4tschli 1892m durch den Alrenwald zur Mittler H\u00fctte 2010m, Hinter H\u00fctte und hinauf gegen die Carmenah\u00fctte. Wieder hinunter auf den Wanderweg [&hellip;]<\/p>\n","protected":false},"author":1,"featured_media":0,"parent":14834,"menu_order":36,"comment_status":"closed","ping_status":"closed","template":"","meta":{"ngg_post_thumbnail":0},"_links":{"self":[{"href":"https:\/\/www.freimarianne.ch\/index.php?rest_route=\/wp\/v2\/pages\/16110"}],"collection":[{"href":"https:\/\/www.freimarianne.ch\/index.php?rest_route=\/wp\/v2\/pages"}],"about":[{"href":"https:\/\/www.freimarianne.ch\/index.php?rest_route=\/wp\/v2\/types\/page"}],"author":[{"embeddable":true,"href":"https:\/\/www.freimarianne.ch\/index.php?rest_route=\/wp\/v2\/users\/1"}],"replies":[{"embeddable":true,"href":"https:\/\/www.freimarianne.ch\/index.php?rest_route=%2Fwp%2Fv2%2Fcomments&post=16110"}],"version-history":[{"count":5,"href":"https:\/\/www.freimarianne.ch\/index.php?rest_route=\/wp\/v2\/pages\/16110\/revisions"}],"predecessor-version":[{"id":16546,"href":"https:\/\/www.freimarianne.ch\/index.php?rest_route=\/wp\/v2\/pages\/16110\/revisions\/16546"}],"up":[{"embeddable":true,"href":"https:\/\/www.freimarianne.ch\/index.php?rest_route=\/wp\/v2\/pages\/14834"}],"wp:attachment":[{"href":"https:\/\/www.freimarianne.ch\/index.php?rest_route=%2Fwp%2Fv2%2Fmedia&parent=16110"}],"curies":[{"name":"wp","href":"https:\/\/api.w.org\/{rel}","templated":true}]}}

<p><strong>Winterwanderung in Arosa</strong><br />
Vom Prätschli nach Innerarosa  ca. 2 h<br />
Wir sind nach einer interessanten Fahrt um 11.09 in Arosa.<br />
Bald fährt der Bus auf das Prätschli 1892m.<br />
Wir gehen auf dem Winterwanderweg vom Prätschli 1892m  durch den Alrenwald zur Mittler Hütte 2010m, Hinter Hütte und hinauf gegen die Carmenahütte. Wieder hinunter auf den Wanderweg nach an der Alp  und hinunter zur Talstation der Hörnlibahn, wo wir gleich in den Bus zum Bahnhof steigen können.<br />
Wir konnten den ganzen Weg auf Schnee machen und am Schluss sehen wir die ersten kleinen Krokusse.<br />
Laut Schweizmobil:<br />
Distanz: 7.36km; Aufstieg: 229m, Abstieg: 294m; Marschzeit 2 h</p>

	<div class="slideshow_container slideshow_container_style-light" style="height: 400px; " data-slideshow-id="16118" data-style-name="style-light" data-style-version="2.3.1" >

					<div class="slideshow_loading_icon"></div>
		
		<div class="slideshow_content" style="display: none;">

			<div class="slideshow_view">
				<div class="slideshow_slide slideshow_slide_image">
											<img src="https://www.freimarianne.ch/wp-content/uploads/2016/03/IMG_6416.jpg" alt="IMG_6416" width="400" height="300" />
										<div class="slideshow_description_box slideshow_transparent">
						<div class="slideshow_title">IMG_6416</div>											</div>
				</div>

						<div style="clear: both;"></div></div><div class="slideshow_view">
				<div class="slideshow_slide slideshow_slide_image">
											<img src="https://www.freimarianne.ch/wp-content/uploads/2016/03/IMG_6410.jpg" alt="IMG_6410" width="400" height="265" />
										<div class="slideshow_description_box slideshow_transparent">
						<div class="slideshow_title">IMG_6410</div>											</div>
				</div>

						<div style="clear: both;"></div></div><div class="slideshow_view">
				<div class="slideshow_slide slideshow_slide_image">
											<img src="https://www.freimarianne.ch/wp-content/uploads/2016/03/IMG_6408.jpg" alt="Tiejer Flue 2781m, Furggahorn 2727m, Amselfluh 2768m, Schiesshorn 2605m" width="400" height="281" />
										<div class="slideshow_description_box slideshow_transparent">
						<div class="slideshow_title">Tiejer Flue 2781m, Furggahorn 2727m, Amselfluh 2768m, Schiesshorn 2605m</div>											</div>
				</div>

						<div style="clear: both;"></div></div><div class="slideshow_view">
				<div class="slideshow_slide slideshow_slide_image">
											<img src="https://www.freimarianne.ch/wp-content/uploads/2016/03/IMG_6396.jpg" alt="Schiahorn, Chüpfenflue 2658m, Mederger Flue 2706m, Tiejer Flue 2781m" width="400" height="300" />
										<div class="slideshow_description_box slideshow_transparent">
						<div class="slideshow_title">Schiahorn, Chüpfenflue 2658m, Mederger Flue 2706m, Tiejer Flue 2781m</div>											</div>
				</div>

						<div style="clear: both;"></div></div><div class="slideshow_view">
				<div class="slideshow_slide slideshow_slide_image">
											<img src="https://www.freimarianne.ch/wp-content/uploads/2016/03/IMG_6398.jpg" alt="IMG_6398" width="400" height="300" />
										<div class="slideshow_description_box slideshow_transparent">
						<div class="slideshow_title">IMG_6398</div>											</div>
				</div>

						<div style="clear: both;"></div></div><div class="slideshow_view">
				<div class="slideshow_slide slideshow_slide_image">
											<img src="https://www.freimarianne.ch/wp-content/uploads/2016/03/IMG_6394.jpg" alt="Bruni in Arosa   vor re Medegerflue" width="400" height="300" />
										<div class="slideshow_description_box slideshow_transparent">
						<div class="slideshow_title">Bruni in Arosa   vor re Medegerflue</div>											</div>
				</div>

						<div style="clear: both;"></div></div>
		</div>

		<div class="slideshow_controlPanel slideshow_transparent" style="display: none;"><ul><li class="slideshow_togglePlay" data-play-text="Play" data-pause-text="Pause"></li></ul></div>

		<div class="slideshow_button slideshow_previous slideshow_transparent" role="button" data-previous-text="Previous" style="display: none;"></div>
		<div class="slideshow_button slideshow_next slideshow_transparent" role="button" data-next-text="Next" style="display: none;"></div>

		<div class="slideshow_pagination" style="display: none;" data-go-to-text="Go to slide"><div class="slideshow_pagination_center"></div></div>

		<!-- WordPress Slideshow Version 2.3.1 -->

			</div>

<p>Winterwanderung in Arosa Vom Prätschli nach Innerarosa ca. 2 h Wir sind nach einer interessanten Fahrt um 11.09 in Arosa. Bald fährt der Bus auf das Prätschli 1892m. Wir gehen auf dem Winterwanderweg vom Prätschli 1892m durch den Alrenwald zur Mittler Hütte 2010m, Hinter Hütte und hinauf gegen die Carmenahütte. Wieder hinunter auf den Wanderweg [&hellip;]</p>
