{"id":16566,"date":"2016-04-08T08:04:36","date_gmt":"2016-04-08T07:04:36","guid":{"rendered":"http:\/\/www.freimarianne.ch\/?page_id=16566"},"modified":"2016-04-08T08:29:52","modified_gmt":"2016-04-08T07:29:52","slug":"flueli-ranft-nw-5-4-2016","status":"publish","type":"page","link":"https:\/\/www.freimarianne.ch\/?page_id=16566","title":{"rendered":"Fl\u00fceli Ranft  NW  5.4.2016"},"content":{"rendered":"<p><strong>Wanderung am Sarnersee nach Sachseln und hinauf\u00a0 zum Fl\u00fceli Ranft<\/strong><\/p>\n<p><img loading=\"lazy\" class=\"size-full wp-image-16568\" src=\"http:\/\/www.freimarianne.ch\/wp-content\/uploads\/2016\/04\/IMG_6556_flu\u0308eli_5001.jpg\" alt=\"Sicht von der Fl\u00fceli Kapelle auf den Sarnersee\" width=\"500\" height=\"375\" srcset=\"https:\/\/www.freimarianne.ch\/wp-content\/uploads\/2016\/04\/IMG_6556_flu\u0308eli_5001.jpg 500w, https:\/\/www.freimarianne.ch\/wp-content\/uploads\/2016\/04\/IMG_6556_flu\u0308eli_5001-300x225.jpg 300w, https:\/\/www.freimarianne.ch\/wp-content\/uploads\/2016\/04\/IMG_6556_flu\u0308eli_5001-400x300.jpg 400w\" sizes=\"(max-width: 500px) 100vw, 500px\" \/><br \/>\nSicht von der Fl\u00fceli Kapelle auf den Sarnersee<\/p>\n<p>Das Wetter scheint heute im Gebiet Sarnen einigermassen gut zu sein.<br \/>\nWir wanderen dem Sarnersee entlang nach Sachseln, besuchen die Kirche und finden gleich den Einstieg in den Bruder Klausenweg, der gut beschildert ist. So sind wir mehr als eine Stunde unterwegs \u00fcber Endi, Lanzenb\u00fcel und Ifang bis wir endlich in Fl\u00fceli eintreffen. Diese kurze Wanderung durch die Wiesen war sehr angenehm und bietet Ausblicke auf den Sarnersee. Der Weiler Fl\u00fceli liegt auf einer Terrasse und wird dominiert von der Fl\u00fceli Kapelle auf der Flue (Fels), die wir nachher besichtigen werden.<br \/>\nWir steigen hinab in die Ranft, die Melchaa Schlucht, wo sich die beiden Kapellen und die Klause von Bruder Klaus befinden und besichtigen diese Orte.<br \/>\nWir kehren dann zur\u00fcck nach Fl\u00fceli und nehmen das Postauto nach Sachseln.<br \/>\nDies war ein sch\u00f6ner interessanter Ausflug auf einem Teil des Jakobsweges.<\/p>\n<p><!-- index.php -->\n<div\n\tclass=\"ngg-galleryoverview ngg-ajax-pagination-none\"\n\tid=\"ngg-gallery-16620-1\">\n\n    \t<div class=\"slideshowlink\">\n        <a href='https:\/\/www.freimarianne.ch\/index.php\/nggallery\/slideshow?page_id=16566'>[Show as slideshow]<\/a>\n\t\t\n\t<\/div>\n\t\t\t<!-- Thumbnails -->\n\t\t\t\t<div id=\"ngg-image-0\" class=\"ngg-gallery-thumbnail-box\" >\n\t\t\t\t        <div class=\"ngg-gallery-thumbnail\">\n            <a href=\"https:\/\/www.freimarianne.ch\/wp-content\/gallery\/flueli-ranft-5-4-2016\/IMG_6514.jpg\"\n               title=\"am Sarnersee\"\n               data-src=\"https:\/\/www.freimarianne.ch\/wp-content\/gallery\/flueli-ranft-5-4-2016\/IMG_6514.jpg\"\n               data-thumbnail=\"https:\/\/www.freimarianne.ch\/wp-content\/gallery\/flueli-ranft-5-4-2016\/thumbs\/thumbs_IMG_6514.jpg\"\n               data-image-id=\"12817\"\n               data-title=\"am Sarnersee\"\n               data-description=\"am Sarnersee\"\n               data-image-slug=\"img_6514-1\"\n               class=\"shutterset_16620\">\n                <img\n                    title=\"am Sarnersee\"\n                    alt=\"am Sarnersee\"\n                    src=\"https:\/\/www.freimarianne.ch\/wp-content\/gallery\/flueli-ranft-5-4-2016\/thumbs\/thumbs_IMG_6514.jpg\"\n                    width=\"100\"\n                    height=\"75\"\n                    style=\"max-width:100%;\"\n                \/>\n            <\/a>\n        <\/div>\n\t\t\t\t\t\t\t<\/div> \n\t\t\t\n        \n\t\t\t\t<div id=\"ngg-image-1\" class=\"ngg-gallery-thumbnail-box\" >\n\t\t\t\t        <div class=\"ngg-gallery-thumbnail\">\n            <a href=\"https:\/\/www.freimarianne.ch\/wp-content\/gallery\/flueli-ranft-5-4-2016\/IMG_6516.jpg\"\n               title=\"Blick zur\u00fcck auf Sarnen\"\n               data-src=\"https:\/\/www.freimarianne.ch\/wp-content\/gallery\/flueli-ranft-5-4-2016\/IMG_6516.jpg\"\n               data-thumbnail=\"https:\/\/www.freimarianne.ch\/wp-content\/gallery\/flueli-ranft-5-4-2016\/thumbs\/thumbs_IMG_6516.jpg\"\n               data-image-id=\"12818\"\n               data-title=\"Blick zur\u00c3\u00bcck auf Sarnen\"\n               data-description=\"Blick zur\u00fcck auf Sarnen\"\n               data-image-slug=\"img_6516\"\n               class=\"shutterset_16620\">\n                <img\n                    title=\"Blick zur\u00c3\u00bcck auf Sarnen\"\n                    alt=\"Blick zur\u00c3\u00bcck auf Sarnen\"\n                    src=\"https:\/\/www.freimarianne.ch\/wp-content\/gallery\/flueli-ranft-5-4-2016\/thumbs\/thumbs_IMG_6516.jpg\"\n                    width=\"100\"\n                    height=\"75\"\n                    style=\"max-width:100%;\"\n                \/>\n            <\/a>\n        <\/div>\n\t\t\t\t\t\t\t<\/div> \n\t\t\t\n        \n\t\t\t\t<div id=\"ngg-image-2\" class=\"ngg-gallery-thumbnail-box\" >\n\t\t\t\t        <div class=\"ngg-gallery-thumbnail\">\n            <a href=\"https:\/\/www.freimarianne.ch\/wp-content\/gallery\/flueli-ranft-5-4-2016\/IMG_6521.jpg\"\n               title=\"Dorfplatz von Sachseln\"\n               data-src=\"https:\/\/www.freimarianne.ch\/wp-content\/gallery\/flueli-ranft-5-4-2016\/IMG_6521.jpg\"\n               data-thumbnail=\"https:\/\/www.freimarianne.ch\/wp-content\/gallery\/flueli-ranft-5-4-2016\/thumbs\/thumbs_IMG_6521.jpg\"\n               data-image-id=\"12819\"\n               data-title=\"Dorfplatz von Sachseln\"\n               data-description=\"Dorfplatz von Sachseln\"\n               data-image-slug=\"img_6521-3\"\n               class=\"shutterset_16620\">\n                <img\n                    title=\"Dorfplatz von Sachseln\"\n                    alt=\"Dorfplatz von Sachseln\"\n                    src=\"https:\/\/www.freimarianne.ch\/wp-content\/gallery\/flueli-ranft-5-4-2016\/thumbs\/thumbs_IMG_6521.jpg\"\n                    width=\"100\"\n                    height=\"75\"\n                    style=\"max-width:100%;\"\n                \/>\n            <\/a>\n        <\/div>\n\t\t\t\t\t\t\t<\/div> \n\t\t\t\n        \n\t\t\t\t<div id=\"ngg-image-3\" class=\"ngg-gallery-thumbnail-box\" >\n\t\t\t\t        <div class=\"ngg-gallery-thumbnail\">\n            <a href=\"https:\/\/www.freimarianne.ch\/wp-content\/gallery\/flueli-ranft-5-4-2016\/IMG_6530.jpg\"\n               title=\"auf dem Bruder Klausenweg\"\n               data-src=\"https:\/\/www.freimarianne.ch\/wp-content\/gallery\/flueli-ranft-5-4-2016\/IMG_6530.jpg\"\n               data-thumbnail=\"https:\/\/www.freimarianne.ch\/wp-content\/gallery\/flueli-ranft-5-4-2016\/thumbs\/thumbs_IMG_6530.jpg\"\n               data-image-id=\"12820\"\n               data-title=\"auf dem Bruder Klausenweg\"\n               data-description=\"auf dem Bruder Klausenweg\"\n               data-image-slug=\"img_6530-1\"\n               class=\"shutterset_16620\">\n                <img\n                    title=\"auf dem Bruder Klausenweg\"\n                    alt=\"auf dem Bruder Klausenweg\"\n                    src=\"https:\/\/www.freimarianne.ch\/wp-content\/gallery\/flueli-ranft-5-4-2016\/thumbs\/thumbs_IMG_6530.jpg\"\n                    width=\"100\"\n                    height=\"75\"\n                    style=\"max-width:100%;\"\n                \/>\n            <\/a>\n        <\/div>\n\t\t\t\t\t\t\t<\/div> \n\t\t\t\n        \n\t\t\t\t<div id=\"ngg-image-4\" class=\"ngg-gallery-thumbnail-box\" >\n\t\t\t\t        <div class=\"ngg-gallery-thumbnail\">\n            <a href=\"https:\/\/www.freimarianne.ch\/wp-content\/gallery\/flueli-ranft-5-4-2016\/IMG_6533.jpg\"\n               title=\"auf dem Bruder Klausenweg\"\n               data-src=\"https:\/\/www.freimarianne.ch\/wp-content\/gallery\/flueli-ranft-5-4-2016\/IMG_6533.jpg\"\n               data-thumbnail=\"https:\/\/www.freimarianne.ch\/wp-content\/gallery\/flueli-ranft-5-4-2016\/thumbs\/thumbs_IMG_6533.jpg\"\n               data-image-id=\"12821\"\n               data-title=\"auf dem Bruder Klausenweg\"\n               data-description=\"auf dem Bruder Klausenweg\"\n               data-image-slug=\"img_6533\"\n               class=\"shutterset_16620\">\n                <img\n                    title=\"auf dem Bruder Klausenweg\"\n                    alt=\"auf dem Bruder Klausenweg\"\n                    src=\"https:\/\/www.freimarianne.ch\/wp-content\/gallery\/flueli-ranft-5-4-2016\/thumbs\/thumbs_IMG_6533.jpg\"\n                    width=\"100\"\n                    height=\"75\"\n                    style=\"max-width:100%;\"\n                \/>\n            <\/a>\n        <\/div>\n\t\t\t\t\t\t\t<\/div> \n\t\t\t\n        \n\t\t\t\t<div id=\"ngg-image-5\" class=\"ngg-gallery-thumbnail-box\" >\n\t\t\t\t        <div class=\"ngg-gallery-thumbnail\">\n            <a href=\"https:\/\/www.freimarianne.ch\/wp-content\/gallery\/flueli-ranft-5-4-2016\/IMG_6541.jpg\"\n               title=\"Wohnhaus von Bruder Klaus\"\n               data-src=\"https:\/\/www.freimarianne.ch\/wp-content\/gallery\/flueli-ranft-5-4-2016\/IMG_6541.jpg\"\n               data-thumbnail=\"https:\/\/www.freimarianne.ch\/wp-content\/gallery\/flueli-ranft-5-4-2016\/thumbs\/thumbs_IMG_6541.jpg\"\n               data-image-id=\"12822\"\n               data-title=\"Wohnhaus von Bruder Klaus\"\n               data-description=\"Wohnhaus von Bruder Klaus\"\n               data-image-slug=\"img_6541-1\"\n               class=\"shutterset_16620\">\n                <img\n                    title=\"Wohnhaus von Bruder Klaus\"\n                    alt=\"Wohnhaus von Bruder Klaus\"\n                    src=\"https:\/\/www.freimarianne.ch\/wp-content\/gallery\/flueli-ranft-5-4-2016\/thumbs\/thumbs_IMG_6541.jpg\"\n                    width=\"100\"\n                    height=\"75\"\n                    style=\"max-width:100%;\"\n                \/>\n            <\/a>\n        <\/div>\n\t\t\t\t\t\t\t<\/div> \n\t\t\t\n        \n\t\t\t\t<div id=\"ngg-image-6\" class=\"ngg-gallery-thumbnail-box\" >\n\t\t\t\t        <div class=\"ngg-gallery-thumbnail\">\n            <a href=\"https:\/\/www.freimarianne.ch\/wp-content\/gallery\/flueli-ranft-5-4-2016\/IMG_6547.jpg\"\n               title=\"Ranft mit den zwei Kapellen\"\n               data-src=\"https:\/\/www.freimarianne.ch\/wp-content\/gallery\/flueli-ranft-5-4-2016\/IMG_6547.jpg\"\n               data-thumbnail=\"https:\/\/www.freimarianne.ch\/wp-content\/gallery\/flueli-ranft-5-4-2016\/thumbs\/thumbs_IMG_6547.jpg\"\n               data-image-id=\"12823\"\n               data-title=\"Ranft mit den zwei Kapellen\"\n               data-description=\"Ranft mit den zwei Kapellen\"\n               data-image-slug=\"img_6547\"\n               class=\"shutterset_16620\">\n                <img\n                    title=\"Ranft mit den zwei Kapellen\"\n                    alt=\"Ranft mit den zwei Kapellen\"\n                    src=\"https:\/\/www.freimarianne.ch\/wp-content\/gallery\/flueli-ranft-5-4-2016\/thumbs\/thumbs_IMG_6547.jpg\"\n                    width=\"100\"\n                    height=\"75\"\n                    style=\"max-width:100%;\"\n                \/>\n            <\/a>\n        <\/div>\n\t\t\t\t\t\t\t<\/div> \n\t\t\t\n        \n\t\t\t\t<div id=\"ngg-image-7\" class=\"ngg-gallery-thumbnail-box\" >\n\t\t\t\t        <div class=\"ngg-gallery-thumbnail\">\n            <a href=\"https:\/\/www.freimarianne.ch\/wp-content\/gallery\/flueli-ranft-5-4-2016\/IMG_6548.jpg\"\n               title=\"Ranft; Schlucht der Melchaa\"\n               data-src=\"https:\/\/www.freimarianne.ch\/wp-content\/gallery\/flueli-ranft-5-4-2016\/IMG_6548.jpg\"\n               data-thumbnail=\"https:\/\/www.freimarianne.ch\/wp-content\/gallery\/flueli-ranft-5-4-2016\/thumbs\/thumbs_IMG_6548.jpg\"\n               data-image-id=\"12824\"\n               data-title=\"Ranft; Schlucht der Melchaa\"\n               data-description=\"Ranft; Schlucht der Melchaa\"\n               data-image-slug=\"img_6548-1\"\n               class=\"shutterset_16620\">\n                <img\n                    title=\"Ranft; Schlucht der Melchaa\"\n                    alt=\"Ranft; Schlucht der Melchaa\"\n                    src=\"https:\/\/www.freimarianne.ch\/wp-content\/gallery\/flueli-ranft-5-4-2016\/thumbs\/thumbs_IMG_6548.jpg\"\n                    width=\"100\"\n                    height=\"75\"\n                    style=\"max-width:100%;\"\n                \/>\n            <\/a>\n        <\/div>\n\t\t\t\t\t\t\t<\/div> \n\t\t\t\n        \n\t\t\t\t<div id=\"ngg-image-8\" class=\"ngg-gallery-thumbnail-box\" >\n\t\t\t\t        <div class=\"ngg-gallery-thumbnail\">\n            <a href=\"https:\/\/www.freimarianne.ch\/wp-content\/gallery\/flueli-ranft-5-4-2016\/IMG_6550.jpg\"\n               title=\"Untere Ranft  Kapelle\"\n               data-src=\"https:\/\/www.freimarianne.ch\/wp-content\/gallery\/flueli-ranft-5-4-2016\/IMG_6550.jpg\"\n               data-thumbnail=\"https:\/\/www.freimarianne.ch\/wp-content\/gallery\/flueli-ranft-5-4-2016\/thumbs\/thumbs_IMG_6550.jpg\"\n               data-image-id=\"12825\"\n               data-title=\"Untere Ranft  Kapelle\"\n               data-description=\"Untere Ranft  Kapelle\"\n               data-image-slug=\"img_6550\"\n               class=\"shutterset_16620\">\n                <img\n                    title=\"Untere Ranft  Kapelle\"\n                    alt=\"Untere Ranft  Kapelle\"\n                    src=\"https:\/\/www.freimarianne.ch\/wp-content\/gallery\/flueli-ranft-5-4-2016\/thumbs\/thumbs_IMG_6550.jpg\"\n                    width=\"100\"\n                    height=\"75\"\n                    style=\"max-width:100%;\"\n                \/>\n            <\/a>\n        <\/div>\n\t\t\t\t\t\t\t<\/div> \n\t\t\t\n        \n\t\t\t\t<div id=\"ngg-image-9\" class=\"ngg-gallery-thumbnail-box\" >\n\t\t\t\t        <div class=\"ngg-gallery-thumbnail\">\n            <a href=\"https:\/\/www.freimarianne.ch\/wp-content\/gallery\/flueli-ranft-5-4-2016\/IMG_6552.jpg\"\n               title=\"die Melchaa; Weg nach Niklausen\"\n               data-src=\"https:\/\/www.freimarianne.ch\/wp-content\/gallery\/flueli-ranft-5-4-2016\/IMG_6552.jpg\"\n               data-thumbnail=\"https:\/\/www.freimarianne.ch\/wp-content\/gallery\/flueli-ranft-5-4-2016\/thumbs\/thumbs_IMG_6552.jpg\"\n               data-image-id=\"12826\"\n               data-title=\"die Melchaa; Weg nach Niklausen\"\n               data-description=\"die Melchaa; Weg nach Niklausen\"\n               data-image-slug=\"img_6552\"\n               class=\"shutterset_16620\">\n                <img\n                    title=\"die Melchaa; Weg nach Niklausen\"\n                    alt=\"die Melchaa; Weg nach Niklausen\"\n                    src=\"https:\/\/www.freimarianne.ch\/wp-content\/gallery\/flueli-ranft-5-4-2016\/thumbs\/thumbs_IMG_6552.jpg\"\n                    width=\"100\"\n                    height=\"75\"\n                    style=\"max-width:100%;\"\n                \/>\n            <\/a>\n        <\/div>\n\t\t\t\t\t\t\t<\/div> \n\t\t\t\n        \n\t\t\t\t<div id=\"ngg-image-10\" class=\"ngg-gallery-thumbnail-box\" >\n\t\t\t\t        <div class=\"ngg-gallery-thumbnail\">\n            <a href=\"https:\/\/www.freimarianne.ch\/wp-content\/gallery\/flueli-ranft-5-4-2016\/IMG_6556.jpg\"\n               title=\"Sicht von der Fl\u00fceli Kapelle auf  den Sarnersee\"\n               data-src=\"https:\/\/www.freimarianne.ch\/wp-content\/gallery\/flueli-ranft-5-4-2016\/IMG_6556.jpg\"\n               data-thumbnail=\"https:\/\/www.freimarianne.ch\/wp-content\/gallery\/flueli-ranft-5-4-2016\/thumbs\/thumbs_IMG_6556.jpg\"\n               data-image-id=\"12827\"\n               data-title=\"Sicht von der Fl\u00c3\u00bceli Kapelle auf  den Sarnersee\"\n               data-description=\"Sicht von der Fl\u00fceli Kapelle auf  den Sarnersee\"\n               data-image-slug=\"img_6556\"\n               class=\"shutterset_16620\">\n                <img\n                    title=\"Sicht von der Fl\u00c3\u00bceli Kapelle auf  den Sarnersee\"\n                    alt=\"Sicht von der Fl\u00c3\u00bceli Kapelle auf  den Sarnersee\"\n                    src=\"https:\/\/www.freimarianne.ch\/wp-content\/gallery\/flueli-ranft-5-4-2016\/thumbs\/thumbs_IMG_6556.jpg\"\n                    width=\"100\"\n                    height=\"75\"\n                    style=\"max-width:100%;\"\n                \/>\n            <\/a>\n        <\/div>\n\t\t\t\t\t\t\t<\/div> \n\t\t\t\n        \n\t\t\t\t<div id=\"ngg-image-11\" class=\"ngg-gallery-thumbnail-box\" >\n\t\t\t\t        <div class=\"ngg-gallery-thumbnail\">\n            <a href=\"https:\/\/www.freimarianne.ch\/wp-content\/gallery\/flueli-ranft-5-4-2016\/IMG_6559.jpg\"\n               title=\"Sicht von der Fl\u00fceli Kapelle auf Fl\u00fceli\"\n               data-src=\"https:\/\/www.freimarianne.ch\/wp-content\/gallery\/flueli-ranft-5-4-2016\/IMG_6559.jpg\"\n               data-thumbnail=\"https:\/\/www.freimarianne.ch\/wp-content\/gallery\/flueli-ranft-5-4-2016\/thumbs\/thumbs_IMG_6559.jpg\"\n               data-image-id=\"12828\"\n               data-title=\"Sicht von der Fl\u00c3\u00bceli Kapelle auf Fl\u00c3\u00bceli\"\n               data-description=\"Sicht von der Fl\u00fceli Kapelle auf Fl\u00fceli\"\n               data-image-slug=\"img_6559\"\n               class=\"shutterset_16620\">\n                <img\n                    title=\"Sicht von der Fl\u00c3\u00bceli Kapelle auf Fl\u00c3\u00bceli\"\n                    alt=\"Sicht von der Fl\u00c3\u00bceli Kapelle auf Fl\u00c3\u00bceli\"\n                    src=\"https:\/\/www.freimarianne.ch\/wp-content\/gallery\/flueli-ranft-5-4-2016\/thumbs\/thumbs_IMG_6559.jpg\"\n                    width=\"100\"\n                    height=\"75\"\n                    style=\"max-width:100%;\"\n                \/>\n            <\/a>\n        <\/div>\n\t\t\t\t\t\t\t<\/div> \n\t\t\t\n        \n\t\t\n\t\t<!-- Pagination -->\n\t<div class='ngg-clear'><\/div>\t<\/div>\n<\/p>\n","protected":false},"excerpt":{"rendered":"<p>Wanderung am Sarnersee nach Sachseln und hinauf\u00a0 zum Fl\u00fceli Ranft Sicht von der Fl\u00fceli Kapelle auf den Sarnersee Das Wetter scheint heute im Gebiet Sarnen einigermassen gut zu sein. Wir wanderen dem Sarnersee entlang nach Sachseln, besuchen die Kirche und finden gleich den Einstieg in den Bruder Klausenweg, der gut beschildert ist. So sind wir [&hellip;]<\/p>\n","protected":false},"author":1,"featured_media":0,"parent":16547,"menu_order":3,"comment_status":"closed","ping_status":"closed","template":"","meta":{"ngg_post_thumbnail":0},"_links":{"self":[{"href":"https:\/\/www.freimarianne.ch\/index.php?rest_route=\/wp\/v2\/pages\/16566"}],"collection":[{"href":"https:\/\/www.freimarianne.ch\/index.php?rest_route=\/wp\/v2\/pages"}],"about":[{"href":"https:\/\/www.freimarianne.ch\/index.php?rest_route=\/wp\/v2\/types\/page"}],"author":[{"embeddable":true,"href":"https:\/\/www.freimarianne.ch\/index.php?rest_route=\/wp\/v2\/users\/1"}],"replies":[{"embeddable":true,"href":"https:\/\/www.freimarianne.ch\/index.php?rest_route=%2Fwp%2Fv2%2Fcomments&post=16566"}],"version-history":[{"count":7,"href":"https:\/\/www.freimarianne.ch\/index.php?rest_route=\/wp\/v2\/pages\/16566\/revisions"}],"predecessor-version":[{"id":16623,"href":"https:\/\/www.freimarianne.ch\/index.php?rest_route=\/wp\/v2\/pages\/16566\/revisions\/16623"}],"up":[{"embeddable":true,"href":"https:\/\/www.freimarianne.ch\/index.php?rest_route=\/wp\/v2\/pages\/16547"}],"wp:attachment":[{"href":"https:\/\/www.freimarianne.ch\/index.php?rest_route=%2Fwp%2Fv2%2Fmedia&parent=16566"}],"curies":[{"name":"wp","href":"https:\/\/api.w.org\/{rel}","templated":true}]}}