{"id":16854,"date":"2016-05-12T08:06:48","date_gmt":"2016-05-12T07:06:48","guid":{"rendered":"http:\/\/www.freimarianne.ch\/?page_id=16854"},"modified":"2016-05-12T10:19:47","modified_gmt":"2016-05-12T09:19:47","slug":"5-5-2016-obere-zettenalp-be","status":"publish","type":"page","link":"https:\/\/www.freimarianne.ch\/?page_id=16854","title":{"rendered":"Obere Zettenalp   BE  5.5.2016"},"content":{"rendered":"<p><strong>Fr\u00fchlingswanderung, die zur Winterwanderung wird<\/strong><\/p>\n<p>Von Schwanden\/ S\u00e4gi auf die Obere Zettenalp und\u00a0 \u00fcber die D\u00fcnzenegg hinunter nach Schwanden \/ S\u00e4gi.<\/p>\n<p>Geplant war die Wanderung \u00fcber die Zettenalp nach Innereriz!<\/p>\n<p><img loading=\"lazy\" class=\"alignleft size-full wp-image-16851\" src=\"http:\/\/www.freimarianne.ch\/wp-content\/uploads\/2016\/05\/IMG_6923_zettenalp_500.jpg\" alt=\"IMG_6923_zettenalp_500\" width=\"500\" height=\"375\" srcset=\"https:\/\/www.freimarianne.ch\/wp-content\/uploads\/2016\/05\/IMG_6923_zettenalp_500.jpg 500w, https:\/\/www.freimarianne.ch\/wp-content\/uploads\/2016\/05\/IMG_6923_zettenalp_500-300x225.jpg 300w, https:\/\/www.freimarianne.ch\/wp-content\/uploads\/2016\/05\/IMG_6923_zettenalp_500-400x300.jpg 400w\" sizes=\"(max-width: 500px) 100vw, 500px\" \/><br \/>\nHeute ist ein Bilderbuchtag!<br \/>\nUm 10.15h marschieren wir in Schwanden S\u00e4gi 1027m los\u00a0 und steigen die g\u00fcnen H\u00fcgel hinauf\u00a0 nach Stampf 1265m und dann weiter \u00fcber Weiden bis hinauf zur Obermatte 1390m, wo wir kurz rasten. Dann folgen wir dem Bergweg durch den Wald und m\u00fcssen bald einmal durch den Schnee stapfen.\u00a0 Leider kehren wir nicht um und k\u00e4mpfen uns weiter immer m\u00fchsamer durch den teilweise kniehohen Nassschnee. Endlich erreichen wir die Obere Zettenalp, wo wir auf braune Wiesen hoffen. Wir sehen hin\u00fcber\u00a0 auf das\u00a0 langgestreckte Gebiet der Zettenalp und wissen sofort, dass wir da nicht weiterkommen werden. Nun gilt es einen Abstieg zu finden.<br \/>\nWir stapfen hin\u00fcber zu den Alpgeb\u00e4uden der Oberen Zettenalp 1525m, wo auch ein Wegweiser steht. Von hier aus k\u00f6nnen wir \u00fcber die Schonegg und D\u00fcnzenegg zur\u00fcck nach Schwanden gehen.<br \/>\nAber\u00a0 noch m\u00fcssen wir durch den Schnee waten. Der apere H\u00fcgel des Pkt. 1551m ist unser n\u00e4chstes Ziel, m\u00fcssen wir und doch etwas vom anstrengeden Aufstieg erholen. Hier oben steht ein Tisch mit zwei B\u00e4nken &#8211; geade ideal f\u00fcr die Mittagspause. Die Krokusse auf der brauene Weise sind schon fast verbl\u00fcht. Wir geniessen\u00a0 die Sonne und die winterliche Stimmung und machen uns dann wohlgest\u00e4rkt wieder auf den Weg, der\u00a0 uns zun\u00e4chst auch noch eine Weile durch den Schnee f\u00fchrt, der aber je weite wir hinunterkomen desto weniger wird. Wir gehen dann auf einer Alpstrasse und nach der\u00a0 Schonegg auf Hartbelag zur D\u00fcnzenegg.<br \/>\nDie Landschaft ist sehr sch\u00f6n\u00a0 aber der Hartbelag ist nicht das, was man sicht unter einem Wanderweg vorstellt.<br \/>\nWir kommen dann gerade zum richtigen Zeitpunkt nach Schwanden S\u00e4gi und k\u00f6nnen bald einmal den Bus noch Obehofen hinunter nehmen.<br \/>\nHier geniessen wir die Stimmung am See und fahren dann mit dem Schiff nach Thun.<\/p>\n<p>Laut Schweizmobil:<br \/>\nDistanz: 8.85km; Aufstieg: 539m;\u00a0 Abstieg: 539m; Wanderzeit: 2 h 53 h<\/p>\n<p><!-- index.php -->\n<div\n\tclass=\"ngg-galleryoverview ngg-ajax-pagination-none\"\n\tid=\"ngg-gallery-16998-1\">\n\n    \t<div class=\"slideshowlink\">\n        <a href='https:\/\/www.freimarianne.ch\/index.php\/nggallery\/slideshow?page_id=16854'>[Show as slideshow]<\/a>\n\t\t\n\t<\/div>\n\t\t\t<!-- Thumbnails -->\n\t\t\t\t<div id=\"ngg-image-0\" class=\"ngg-gallery-thumbnail-box\" >\n\t\t\t\t        <div class=\"ngg-gallery-thumbnail\">\n            <a href=\"https:\/\/www.freimarianne.ch\/wp-content\/gallery\/ob-zettenalp-5-5-16\/IMG_6906.jpg\"\n               title=\"\"\n               data-src=\"https:\/\/www.freimarianne.ch\/wp-content\/gallery\/ob-zettenalp-5-5-16\/IMG_6906.jpg\"\n               data-thumbnail=\"https:\/\/www.freimarianne.ch\/wp-content\/gallery\/ob-zettenalp-5-5-16\/thumbs\/thumbs_IMG_6906.jpg\"\n               data-image-id=\"12875\"\n               data-title=\"IMG_6906\"\n               data-description=\"\"\n               data-image-slug=\"img_6906\"\n               class=\"shutterset_16998\">\n                <img\n                    title=\"IMG_6906\"\n                    alt=\"IMG_6906\"\n                    src=\"https:\/\/www.freimarianne.ch\/wp-content\/gallery\/ob-zettenalp-5-5-16\/thumbs\/thumbs_IMG_6906.jpg\"\n                    width=\"100\"\n                    height=\"75\"\n                    style=\"max-width:100%;\"\n                \/>\n            <\/a>\n        <\/div>\n\t\t\t\t\t\t\t<\/div> \n\t\t\t\n        \n\t\t\t\t<div id=\"ngg-image-1\" class=\"ngg-gallery-thumbnail-box\" >\n\t\t\t\t        <div class=\"ngg-gallery-thumbnail\">\n            <a href=\"https:\/\/www.freimarianne.ch\/wp-content\/gallery\/ob-zettenalp-5-5-16\/IMG_6907.jpg\"\n               title=\"\"\n               data-src=\"https:\/\/www.freimarianne.ch\/wp-content\/gallery\/ob-zettenalp-5-5-16\/IMG_6907.jpg\"\n               data-thumbnail=\"https:\/\/www.freimarianne.ch\/wp-content\/gallery\/ob-zettenalp-5-5-16\/thumbs\/thumbs_IMG_6907.jpg\"\n               data-image-id=\"12876\"\n               data-title=\"IMG_6907\"\n               data-description=\"\"\n               data-image-slug=\"img_6907-1\"\n               class=\"shutterset_16998\">\n                <img\n                    title=\"IMG_6907\"\n                    alt=\"IMG_6907\"\n                    src=\"https:\/\/www.freimarianne.ch\/wp-content\/gallery\/ob-zettenalp-5-5-16\/thumbs\/thumbs_IMG_6907.jpg\"\n                    width=\"100\"\n                    height=\"75\"\n                    style=\"max-width:100%;\"\n                \/>\n            <\/a>\n        <\/div>\n\t\t\t\t\t\t\t<\/div> \n\t\t\t\n        \n\t\t\t\t<div id=\"ngg-image-2\" class=\"ngg-gallery-thumbnail-box\" >\n\t\t\t\t        <div class=\"ngg-gallery-thumbnail\">\n            <a href=\"https:\/\/www.freimarianne.ch\/wp-content\/gallery\/ob-zettenalp-5-5-16\/IMG_6909.jpg\"\n               title=\"\"\n               data-src=\"https:\/\/www.freimarianne.ch\/wp-content\/gallery\/ob-zettenalp-5-5-16\/IMG_6909.jpg\"\n               data-thumbnail=\"https:\/\/www.freimarianne.ch\/wp-content\/gallery\/ob-zettenalp-5-5-16\/thumbs\/thumbs_IMG_6909.jpg\"\n               data-image-id=\"12877\"\n               data-title=\"IMG_6909\"\n               data-description=\"\"\n               data-image-slug=\"img_6909-1\"\n               class=\"shutterset_16998\">\n                <img\n                    title=\"IMG_6909\"\n                    alt=\"IMG_6909\"\n                    src=\"https:\/\/www.freimarianne.ch\/wp-content\/gallery\/ob-zettenalp-5-5-16\/thumbs\/thumbs_IMG_6909.jpg\"\n                    width=\"100\"\n                    height=\"75\"\n                    style=\"max-width:100%;\"\n                \/>\n            <\/a>\n        <\/div>\n\t\t\t\t\t\t\t<\/div> \n\t\t\t\n        \n\t\t\t\t<div id=\"ngg-image-3\" class=\"ngg-gallery-thumbnail-box\" >\n\t\t\t\t        <div class=\"ngg-gallery-thumbnail\">\n            <a href=\"https:\/\/www.freimarianne.ch\/wp-content\/gallery\/ob-zettenalp-5-5-16\/IMG_6912.jpg\"\n               title=\"\"\n               data-src=\"https:\/\/www.freimarianne.ch\/wp-content\/gallery\/ob-zettenalp-5-5-16\/IMG_6912.jpg\"\n               data-thumbnail=\"https:\/\/www.freimarianne.ch\/wp-content\/gallery\/ob-zettenalp-5-5-16\/thumbs\/thumbs_IMG_6912.jpg\"\n               data-image-id=\"12878\"\n               data-title=\"IMG_6912\"\n               data-description=\"\"\n               data-image-slug=\"img_6912-1\"\n               class=\"shutterset_16998\">\n                <img\n                    title=\"IMG_6912\"\n                    alt=\"IMG_6912\"\n                    src=\"https:\/\/www.freimarianne.ch\/wp-content\/gallery\/ob-zettenalp-5-5-16\/thumbs\/thumbs_IMG_6912.jpg\"\n                    width=\"100\"\n                    height=\"75\"\n                    style=\"max-width:100%;\"\n                \/>\n            <\/a>\n        <\/div>\n\t\t\t\t\t\t\t<\/div> \n\t\t\t\n        \n\t\t\t\t<div id=\"ngg-image-4\" class=\"ngg-gallery-thumbnail-box\" >\n\t\t\t\t        <div class=\"ngg-gallery-thumbnail\">\n            <a href=\"https:\/\/www.freimarianne.ch\/wp-content\/gallery\/ob-zettenalp-5-5-16\/IMG_6913.jpg\"\n               title=\"\"\n               data-src=\"https:\/\/www.freimarianne.ch\/wp-content\/gallery\/ob-zettenalp-5-5-16\/IMG_6913.jpg\"\n               data-thumbnail=\"https:\/\/www.freimarianne.ch\/wp-content\/gallery\/ob-zettenalp-5-5-16\/thumbs\/thumbs_IMG_6913.jpg\"\n               data-image-id=\"12879\"\n               data-title=\"IMG_6913\"\n               data-description=\"\"\n               data-image-slug=\"img_6913\"\n               class=\"shutterset_16998\">\n                <img\n                    title=\"IMG_6913\"\n                    alt=\"IMG_6913\"\n                    src=\"https:\/\/www.freimarianne.ch\/wp-content\/gallery\/ob-zettenalp-5-5-16\/thumbs\/thumbs_IMG_6913.jpg\"\n                    width=\"100\"\n                    height=\"75\"\n                    style=\"max-width:100%;\"\n                \/>\n            <\/a>\n        <\/div>\n\t\t\t\t\t\t\t<\/div> \n\t\t\t\n        \n\t\t\t\t<div id=\"ngg-image-5\" class=\"ngg-gallery-thumbnail-box\" >\n\t\t\t\t        <div class=\"ngg-gallery-thumbnail\">\n            <a href=\"https:\/\/www.freimarianne.ch\/wp-content\/gallery\/ob-zettenalp-5-5-16\/IMG_6919.jpg\"\n               title=\"\"\n               data-src=\"https:\/\/www.freimarianne.ch\/wp-content\/gallery\/ob-zettenalp-5-5-16\/IMG_6919.jpg\"\n               data-thumbnail=\"https:\/\/www.freimarianne.ch\/wp-content\/gallery\/ob-zettenalp-5-5-16\/thumbs\/thumbs_IMG_6919.jpg\"\n               data-image-id=\"12880\"\n               data-title=\"IMG_6919\"\n               data-description=\"\"\n               data-image-slug=\"img_6919-1\"\n               class=\"shutterset_16998\">\n                <img\n                    title=\"IMG_6919\"\n                    alt=\"IMG_6919\"\n                    src=\"https:\/\/www.freimarianne.ch\/wp-content\/gallery\/ob-zettenalp-5-5-16\/thumbs\/thumbs_IMG_6919.jpg\"\n                    width=\"100\"\n                    height=\"75\"\n                    style=\"max-width:100%;\"\n                \/>\n            <\/a>\n        <\/div>\n\t\t\t\t\t\t\t<\/div> \n\t\t\t\n        \n\t\t\t\t<div id=\"ngg-image-6\" class=\"ngg-gallery-thumbnail-box\" >\n\t\t\t\t        <div class=\"ngg-gallery-thumbnail\">\n            <a href=\"https:\/\/www.freimarianne.ch\/wp-content\/gallery\/ob-zettenalp-5-5-16\/IMG_6921.jpg\"\n               title=\"\"\n               data-src=\"https:\/\/www.freimarianne.ch\/wp-content\/gallery\/ob-zettenalp-5-5-16\/IMG_6921.jpg\"\n               data-thumbnail=\"https:\/\/www.freimarianne.ch\/wp-content\/gallery\/ob-zettenalp-5-5-16\/thumbs\/thumbs_IMG_6921.jpg\"\n               data-image-id=\"12881\"\n               data-title=\"IMG_6921\"\n               data-description=\"\"\n               data-image-slug=\"img_6921-4\"\n               class=\"shutterset_16998\">\n                <img\n                    title=\"IMG_6921\"\n                    alt=\"IMG_6921\"\n                    src=\"https:\/\/www.freimarianne.ch\/wp-content\/gallery\/ob-zettenalp-5-5-16\/thumbs\/thumbs_IMG_6921.jpg\"\n                    width=\"100\"\n                    height=\"75\"\n                    style=\"max-width:100%;\"\n                \/>\n            <\/a>\n        <\/div>\n\t\t\t\t\t\t\t<\/div> \n\t\t\t\n        \n\t\t\t\t<div id=\"ngg-image-7\" class=\"ngg-gallery-thumbnail-box\" >\n\t\t\t\t        <div class=\"ngg-gallery-thumbnail\">\n            <a href=\"https:\/\/www.freimarianne.ch\/wp-content\/gallery\/ob-zettenalp-5-5-16\/IMG_6927.jpg\"\n               title=\"\"\n               data-src=\"https:\/\/www.freimarianne.ch\/wp-content\/gallery\/ob-zettenalp-5-5-16\/IMG_6927.jpg\"\n               data-thumbnail=\"https:\/\/www.freimarianne.ch\/wp-content\/gallery\/ob-zettenalp-5-5-16\/thumbs\/thumbs_IMG_6927.jpg\"\n               data-image-id=\"12882\"\n               data-title=\"IMG_6927\"\n               data-description=\"\"\n               data-image-slug=\"img_6927\"\n               class=\"shutterset_16998\">\n                <img\n                    title=\"IMG_6927\"\n                    alt=\"IMG_6927\"\n                    src=\"https:\/\/www.freimarianne.ch\/wp-content\/gallery\/ob-zettenalp-5-5-16\/thumbs\/thumbs_IMG_6927.jpg\"\n                    width=\"100\"\n                    height=\"75\"\n                    style=\"max-width:100%;\"\n                \/>\n            <\/a>\n        <\/div>\n\t\t\t\t\t\t\t<\/div> \n\t\t\t\n        \n\t\t\t\t<div id=\"ngg-image-8\" class=\"ngg-gallery-thumbnail-box\" >\n\t\t\t\t        <div class=\"ngg-gallery-thumbnail\">\n            <a href=\"https:\/\/www.freimarianne.ch\/wp-content\/gallery\/ob-zettenalp-5-5-16\/IMG_6929.jpg\"\n               title=\"\"\n               data-src=\"https:\/\/www.freimarianne.ch\/wp-content\/gallery\/ob-zettenalp-5-5-16\/IMG_6929.jpg\"\n               data-thumbnail=\"https:\/\/www.freimarianne.ch\/wp-content\/gallery\/ob-zettenalp-5-5-16\/thumbs\/thumbs_IMG_6929.jpg\"\n               data-image-id=\"12883\"\n               data-title=\"IMG_6929\"\n               data-description=\"\"\n               data-image-slug=\"img_6929-1\"\n               class=\"shutterset_16998\">\n                <img\n                    title=\"IMG_6929\"\n                    alt=\"IMG_6929\"\n                    src=\"https:\/\/www.freimarianne.ch\/wp-content\/gallery\/ob-zettenalp-5-5-16\/thumbs\/thumbs_IMG_6929.jpg\"\n                    width=\"100\"\n                    height=\"75\"\n                    style=\"max-width:100%;\"\n                \/>\n            <\/a>\n        <\/div>\n\t\t\t\t\t\t\t<\/div> \n\t\t\t\n        \n\t\t\t\t<div id=\"ngg-image-9\" class=\"ngg-gallery-thumbnail-box\" >\n\t\t\t\t        <div class=\"ngg-gallery-thumbnail\">\n            <a href=\"https:\/\/www.freimarianne.ch\/wp-content\/gallery\/ob-zettenalp-5-5-16\/IMG_6931.jpg\"\n               title=\"\"\n               data-src=\"https:\/\/www.freimarianne.ch\/wp-content\/gallery\/ob-zettenalp-5-5-16\/IMG_6931.jpg\"\n               data-thumbnail=\"https:\/\/www.freimarianne.ch\/wp-content\/gallery\/ob-zettenalp-5-5-16\/thumbs\/thumbs_IMG_6931.jpg\"\n               data-image-id=\"12884\"\n               data-title=\"IMG_6931\"\n               data-description=\"\"\n               data-image-slug=\"img_6931-1\"\n               class=\"shutterset_16998\">\n                <img\n                    title=\"IMG_6931\"\n                    alt=\"IMG_6931\"\n                    src=\"https:\/\/www.freimarianne.ch\/wp-content\/gallery\/ob-zettenalp-5-5-16\/thumbs\/thumbs_IMG_6931.jpg\"\n                    width=\"100\"\n                    height=\"75\"\n                    style=\"max-width:100%;\"\n                \/>\n            <\/a>\n        <\/div>\n\t\t\t\t\t\t\t<\/div> \n\t\t\t\n        \n\t\t\t\t<div id=\"ngg-image-10\" class=\"ngg-gallery-thumbnail-box\" >\n\t\t\t\t        <div class=\"ngg-gallery-thumbnail\">\n            <a href=\"https:\/\/www.freimarianne.ch\/wp-content\/gallery\/ob-zettenalp-5-5-16\/IMG_6935.jpg\"\n               title=\"\"\n               data-src=\"https:\/\/www.freimarianne.ch\/wp-content\/gallery\/ob-zettenalp-5-5-16\/IMG_6935.jpg\"\n               data-thumbnail=\"https:\/\/www.freimarianne.ch\/wp-content\/gallery\/ob-zettenalp-5-5-16\/thumbs\/thumbs_IMG_6935.jpg\"\n               data-image-id=\"12885\"\n               data-title=\"IMG_6935\"\n               data-description=\"\"\n               data-image-slug=\"img_6935\"\n               class=\"shutterset_16998\">\n                <img\n                    title=\"IMG_6935\"\n                    alt=\"IMG_6935\"\n                    src=\"https:\/\/www.freimarianne.ch\/wp-content\/gallery\/ob-zettenalp-5-5-16\/thumbs\/thumbs_IMG_6935.jpg\"\n                    width=\"100\"\n                    height=\"75\"\n                    style=\"max-width:100%;\"\n                \/>\n            <\/a>\n        <\/div>\n\t\t\t\t\t\t\t<\/div> \n\t\t\t\n        \n\t\t\t\t<div id=\"ngg-image-11\" class=\"ngg-gallery-thumbnail-box\" >\n\t\t\t\t        <div class=\"ngg-gallery-thumbnail\">\n            <a href=\"https:\/\/www.freimarianne.ch\/wp-content\/gallery\/ob-zettenalp-5-5-16\/IMG_6940.jpg\"\n               title=\"\"\n               data-src=\"https:\/\/www.freimarianne.ch\/wp-content\/gallery\/ob-zettenalp-5-5-16\/IMG_6940.jpg\"\n               data-thumbnail=\"https:\/\/www.freimarianne.ch\/wp-content\/gallery\/ob-zettenalp-5-5-16\/thumbs\/thumbs_IMG_6940.jpg\"\n               data-image-id=\"12886\"\n               data-title=\"IMG_6940\"\n               data-description=\"\"\n               data-image-slug=\"img_6940-3\"\n               class=\"shutterset_16998\">\n                <img\n                    title=\"IMG_6940\"\n                    alt=\"IMG_6940\"\n                    src=\"https:\/\/www.freimarianne.ch\/wp-content\/gallery\/ob-zettenalp-5-5-16\/thumbs\/thumbs_IMG_6940.jpg\"\n                    width=\"100\"\n                    height=\"75\"\n                    style=\"max-width:100%;\"\n                \/>\n            <\/a>\n        <\/div>\n\t\t\t\t\t\t\t<\/div> \n\t\t\t\n        \n\t\t\t\t<div id=\"ngg-image-12\" class=\"ngg-gallery-thumbnail-box\" >\n\t\t\t\t        <div class=\"ngg-gallery-thumbnail\">\n            <a href=\"https:\/\/www.freimarianne.ch\/wp-content\/gallery\/ob-zettenalp-5-5-16\/IMG_6944.jpg\"\n               title=\"\"\n               data-src=\"https:\/\/www.freimarianne.ch\/wp-content\/gallery\/ob-zettenalp-5-5-16\/IMG_6944.jpg\"\n               data-thumbnail=\"https:\/\/www.freimarianne.ch\/wp-content\/gallery\/ob-zettenalp-5-5-16\/thumbs\/thumbs_IMG_6944.jpg\"\n               data-image-id=\"12887\"\n               data-title=\"IMG_6944\"\n               data-description=\"\"\n               data-image-slug=\"img_6944-1\"\n               class=\"shutterset_16998\">\n                <img\n                    title=\"IMG_6944\"\n                    alt=\"IMG_6944\"\n                    src=\"https:\/\/www.freimarianne.ch\/wp-content\/gallery\/ob-zettenalp-5-5-16\/thumbs\/thumbs_IMG_6944.jpg\"\n                    width=\"100\"\n                    height=\"75\"\n                    style=\"max-width:100%;\"\n                \/>\n            <\/a>\n        <\/div>\n\t\t\t\t\t\t\t<\/div> \n\t\t\t\n        \n\t\t\t\t<div id=\"ngg-image-13\" class=\"ngg-gallery-thumbnail-box\" >\n\t\t\t\t        <div class=\"ngg-gallery-thumbnail\">\n            <a href=\"https:\/\/www.freimarianne.ch\/wp-content\/gallery\/ob-zettenalp-5-5-16\/IMG_6952.jpg\"\n               title=\"\"\n               data-src=\"https:\/\/www.freimarianne.ch\/wp-content\/gallery\/ob-zettenalp-5-5-16\/IMG_6952.jpg\"\n               data-thumbnail=\"https:\/\/www.freimarianne.ch\/wp-content\/gallery\/ob-zettenalp-5-5-16\/thumbs\/thumbs_IMG_6952.jpg\"\n               data-image-id=\"12888\"\n               data-title=\"IMG_6952\"\n               data-description=\"\"\n               data-image-slug=\"img_6952\"\n               class=\"shutterset_16998\">\n                <img\n                    title=\"IMG_6952\"\n                    alt=\"IMG_6952\"\n                    src=\"https:\/\/www.freimarianne.ch\/wp-content\/gallery\/ob-zettenalp-5-5-16\/thumbs\/thumbs_IMG_6952.jpg\"\n                    width=\"100\"\n                    height=\"75\"\n                    style=\"max-width:100%;\"\n                \/>\n            <\/a>\n        <\/div>\n\t\t\t\t\t\t\t<\/div> \n\t\t\t\n        \n\t\t\t\t<div id=\"ngg-image-14\" class=\"ngg-gallery-thumbnail-box\" >\n\t\t\t\t        <div class=\"ngg-gallery-thumbnail\">\n            <a href=\"https:\/\/www.freimarianne.ch\/wp-content\/gallery\/ob-zettenalp-5-5-16\/IMG_6959.jpg\"\n               title=\"\"\n               data-src=\"https:\/\/www.freimarianne.ch\/wp-content\/gallery\/ob-zettenalp-5-5-16\/IMG_6959.jpg\"\n               data-thumbnail=\"https:\/\/www.freimarianne.ch\/wp-content\/gallery\/ob-zettenalp-5-5-16\/thumbs\/thumbs_IMG_6959.jpg\"\n               data-image-id=\"12889\"\n               data-title=\"IMG_6959\"\n               data-description=\"\"\n               data-image-slug=\"img_6959-3\"\n               class=\"shutterset_16998\">\n                <img\n                    title=\"IMG_6959\"\n                    alt=\"IMG_6959\"\n                    src=\"https:\/\/www.freimarianne.ch\/wp-content\/gallery\/ob-zettenalp-5-5-16\/thumbs\/thumbs_IMG_6959.jpg\"\n                    width=\"100\"\n                    height=\"75\"\n                    style=\"max-width:100%;\"\n                \/>\n            <\/a>\n        <\/div>\n\t\t\t\t\t\t\t<\/div> \n\t\t\t\n        \n\t\t\t\t<div id=\"ngg-image-15\" class=\"ngg-gallery-thumbnail-box\" >\n\t\t\t\t        <div class=\"ngg-gallery-thumbnail\">\n            <a href=\"https:\/\/www.freimarianne.ch\/wp-content\/gallery\/ob-zettenalp-5-5-16\/IMG_6960.jpg\"\n               title=\"\"\n               data-src=\"https:\/\/www.freimarianne.ch\/wp-content\/gallery\/ob-zettenalp-5-5-16\/IMG_6960.jpg\"\n               data-thumbnail=\"https:\/\/www.freimarianne.ch\/wp-content\/gallery\/ob-zettenalp-5-5-16\/thumbs\/thumbs_IMG_6960.jpg\"\n               data-image-id=\"12890\"\n               data-title=\"IMG_6960\"\n               data-description=\"\"\n               data-image-slug=\"img_6960-1\"\n               class=\"shutterset_16998\">\n                <img\n                    title=\"IMG_6960\"\n                    alt=\"IMG_6960\"\n                    src=\"https:\/\/www.freimarianne.ch\/wp-content\/gallery\/ob-zettenalp-5-5-16\/thumbs\/thumbs_IMG_6960.jpg\"\n                    width=\"100\"\n                    height=\"75\"\n                    style=\"max-width:100%;\"\n                \/>\n            <\/a>\n        <\/div>\n\t\t\t\t\t\t\t<\/div> \n\t\t\t\n        \n\t\t\n\t\t<!-- Pagination -->\n\t<div class='ngg-clear'><\/div>\t<\/div>\n<\/p>\n","protected":false},"excerpt":{"rendered":"<p>Fr\u00fchlingswanderung, die zur Winterwanderung wird Von Schwanden\/ S\u00e4gi auf die Obere Zettenalp und\u00a0 \u00fcber die D\u00fcnzenegg hinunter nach Schwanden \/ S\u00e4gi. Geplant war die Wanderung \u00fcber die Zettenalp nach Innereriz! Heute ist ein Bilderbuchtag! Um 10.15h marschieren wir in Schwanden S\u00e4gi 1027m los\u00a0 und steigen die g\u00fcnen H\u00fcgel hinauf\u00a0 nach Stampf 1265m und dann weiter [&hellip;]<\/p>\n","protected":false},"author":1,"featured_media":0,"parent":16547,"menu_order":8,"comment_status":"closed","ping_status":"closed","template":"","meta":{"ngg_post_thumbnail":0},"_links":{"self":[{"href":"https:\/\/www.freimarianne.ch\/index.php?rest_route=\/wp\/v2\/pages\/16854"}],"collection":[{"href":"https:\/\/www.freimarianne.ch\/index.php?rest_route=\/wp\/v2\/pages"}],"about":[{"href":"https:\/\/www.freimarianne.ch\/index.php?rest_route=\/wp\/v2\/types\/page"}],"author":[{"embeddable":true,"href":"https:\/\/www.freimarianne.ch\/index.php?rest_route=\/wp\/v2\/users\/1"}],"replies":[{"embeddable":true,"href":"https:\/\/www.freimarianne.ch\/index.php?rest_route=%2Fwp%2Fv2%2Fcomments&post=16854"}],"version-history":[{"count":5,"href":"https:\/\/www.freimarianne.ch\/index.php?rest_route=\/wp\/v2\/pages\/16854\/revisions"}],"predecessor-version":[{"id":16999,"href":"https:\/\/www.freimarianne.ch\/index.php?rest_route=\/wp\/v2\/pages\/16854\/revisions\/16999"}],"up":[{"embeddable":true,"href":"https:\/\/www.freimarianne.ch\/index.php?rest_route=\/wp\/v2\/pages\/16547"}],"wp:attachment":[{"href":"https:\/\/www.freimarianne.ch\/index.php?rest_route=%2Fwp%2Fv2%2Fmedia&parent=16854"}],"curies":[{"name":"wp","href":"https:\/\/api.w.org\/{rel}","templated":true}]}}