{"id":17184,"date":"2016-06-13T16:42:39","date_gmt":"2016-06-13T15:42:39","guid":{"rendered":"http:\/\/www.freimarianne.ch\/?page_id=17184"},"modified":"2016-06-19T09:08:10","modified_gmt":"2016-06-19T08:08:10","slug":"15-6-2016-kroatien","status":"publish","type":"page","link":"https:\/\/www.freimarianne.ch\/?page_id=17184","title":{"rendered":"2.Tag::  Vis &#8211; Kor\u010dula"},"content":{"rendered":"<p><strong>15.6.2016<\/strong><\/p>\n<p><strong>2.Tag: Wanderung auf der Insel Vis <\/strong><\/p>\n<p><img loading=\"lazy\" class=\"alignleft size-full wp-image-17163\" src=\"http:\/\/www.freimarianne.ch\/wp-content\/uploads\/2016\/06\/IMG_7246_titel_15.5.jpg\" alt=\"IMG_7246_titel_15.5\" width=\"500\" height=\"375\" srcset=\"https:\/\/www.freimarianne.ch\/wp-content\/uploads\/2016\/06\/IMG_7246_titel_15.5.jpg 500w, https:\/\/www.freimarianne.ch\/wp-content\/uploads\/2016\/06\/IMG_7246_titel_15.5-300x225.jpg 300w, https:\/\/www.freimarianne.ch\/wp-content\/uploads\/2016\/06\/IMG_7246_titel_15.5-400x300.jpg 400w\" sizes=\"(max-width: 500px) 100vw, 500px\" \/><\/p>\n<p>Wir fahren von Vis mit dem Bus in die Berge hinauf und wandern in einem weiten Bogen durch die W\u00e4lder und durch die Macchia bis oberhalb des St\u00e4dtchens Komiza. Von dort geht der Weg zur\u00fcck nach Vis.<br \/>\nWir verlassen die Insel und das Schiff nimmt Kurs Richtung der Insel<br \/>\nKor\u010dula. Kor\u010dula hat auch eine der sch\u00f6nsten Altst\u00e4dte Dalmatiens und wird wegen ihres festungs\u00e4hnlichen Aussehens oft als \u201eKlein-Dubrovnik\u201c bezeichnet. Es gilt auch als Geburtsstadt des ber\u00fchmten Seefahrers und Entdeckers Marco Polo.<br \/>\nWir machen einen Bummel durch die das St\u00e4dtchen und erinnern uns an unseren Besuch des Ortes im Fr\u00fchling 2011.<br \/>\n\u00dcbernachtung im Hafen von Kor\u010dula.<\/p>\n<p><!-- index.php -->\n<div\n\tclass=\"ngg-galleryoverview ngg-ajax-pagination-none\"\n\tid=\"ngg-gallery-17993-1\">\n\n    \t<div class=\"slideshowlink\">\n        <a href='https:\/\/www.freimarianne.ch\/index.php\/nggallery\/slideshow?page_id=17184'>[Show as slideshow]<\/a>\n\t\t\n\t<\/div>\n\t\t\t<!-- Thumbnails -->\n\t\t\t\t<div id=\"ngg-image-0\" class=\"ngg-gallery-thumbnail-box\" >\n\t\t\t\t        <div class=\"ngg-gallery-thumbnail\">\n            <a href=\"https:\/\/www.freimarianne.ch\/wp-content\/gallery\/kroatien-15-5-16\/IMG_7201.jpg\"\n               title=\"Besuch der H\u00f6hlen der Partisanen\"\n               data-src=\"https:\/\/www.freimarianne.ch\/wp-content\/gallery\/kroatien-15-5-16\/IMG_7201.jpg\"\n               data-thumbnail=\"https:\/\/www.freimarianne.ch\/wp-content\/gallery\/kroatien-15-5-16\/thumbs\/thumbs_IMG_7201.jpg\"\n               data-image-id=\"12995\"\n               data-title=\"Besuch der H\u00c3\u00b6hlen der Partisanen\"\n               data-description=\"Besuch der H\u00f6hlen der Partisanen\"\n               data-image-slug=\"img_7201\"\n               class=\"shutterset_17993\">\n                <img\n                    title=\"Besuch der H\u00c3\u00b6hlen der Partisanen\"\n                    alt=\"Besuch der H\u00c3\u00b6hlen der Partisanen\"\n                    src=\"https:\/\/www.freimarianne.ch\/wp-content\/gallery\/kroatien-15-5-16\/thumbs\/thumbs_IMG_7201.jpg\"\n                    width=\"100\"\n                    height=\"75\"\n                    style=\"max-width:100%;\"\n                \/>\n            <\/a>\n        <\/div>\n\t\t\t\t\t\t\t<\/div> \n\t\t\t\n        \n\t\t\t\t<div id=\"ngg-image-1\" class=\"ngg-gallery-thumbnail-box\" >\n\t\t\t\t        <div class=\"ngg-gallery-thumbnail\">\n            <a href=\"https:\/\/www.freimarianne.ch\/wp-content\/gallery\/kroatien-15-5-16\/IMG_7202.jpg\"\n               title=\"\u00c4stige Graslilie (Anthericum ramosum)\"\n               data-src=\"https:\/\/www.freimarianne.ch\/wp-content\/gallery\/kroatien-15-5-16\/IMG_7202.jpg\"\n               data-thumbnail=\"https:\/\/www.freimarianne.ch\/wp-content\/gallery\/kroatien-15-5-16\/thumbs\/thumbs_IMG_7202.jpg\"\n               data-image-id=\"12996\"\n               data-title=\"\u00c3\u0084stige Graslilie (Anthericum ramosum)\"\n               data-description=\"\u00c4stige Graslilie (Anthericum ramosum)\"\n               data-image-slug=\"img_7202\"\n               class=\"shutterset_17993\">\n                <img\n                    title=\"\u00c3\u0084stige Graslilie (Anthericum ramosum)\"\n                    alt=\"\u00c3\u0084stige Graslilie (Anthericum ramosum)\"\n                    src=\"https:\/\/www.freimarianne.ch\/wp-content\/gallery\/kroatien-15-5-16\/thumbs\/thumbs_IMG_7202.jpg\"\n                    width=\"100\"\n                    height=\"75\"\n                    style=\"max-width:100%;\"\n                \/>\n            <\/a>\n        <\/div>\n\t\t\t\t\t\t\t<\/div> \n\t\t\t\n        \n\t\t\t\t<div id=\"ngg-image-2\" class=\"ngg-gallery-thumbnail-box\" >\n\t\t\t\t        <div class=\"ngg-gallery-thumbnail\">\n            <a href=\"https:\/\/www.freimarianne.ch\/wp-content\/gallery\/kroatien-15-5-16\/IMG_7205.jpg\"\n               title=\"Zystrose\"\n               data-src=\"https:\/\/www.freimarianne.ch\/wp-content\/gallery\/kroatien-15-5-16\/IMG_7205.jpg\"\n               data-thumbnail=\"https:\/\/www.freimarianne.ch\/wp-content\/gallery\/kroatien-15-5-16\/thumbs\/thumbs_IMG_7205.jpg\"\n               data-image-id=\"12997\"\n               data-title=\"Zystrose\"\n               data-description=\"Zystrose\"\n               data-image-slug=\"img_7205-1\"\n               class=\"shutterset_17993\">\n                <img\n                    title=\"Zystrose\"\n                    alt=\"Zystrose\"\n                    src=\"https:\/\/www.freimarianne.ch\/wp-content\/gallery\/kroatien-15-5-16\/thumbs\/thumbs_IMG_7205.jpg\"\n                    width=\"100\"\n                    height=\"75\"\n                    style=\"max-width:100%;\"\n                \/>\n            <\/a>\n        <\/div>\n\t\t\t\t\t\t\t<\/div> \n\t\t\t\n        \n\t\t\t\t<div id=\"ngg-image-3\" class=\"ngg-gallery-thumbnail-box\" >\n\t\t\t\t        <div class=\"ngg-gallery-thumbnail\">\n            <a href=\"https:\/\/www.freimarianne.ch\/wp-content\/gallery\/kroatien-15-5-16\/IMG_7208.jpg\"\n               title=\"Sicht auf die Hochebene mit dem ehemaligen Flugplatz\"\n               data-src=\"https:\/\/www.freimarianne.ch\/wp-content\/gallery\/kroatien-15-5-16\/IMG_7208.jpg\"\n               data-thumbnail=\"https:\/\/www.freimarianne.ch\/wp-content\/gallery\/kroatien-15-5-16\/thumbs\/thumbs_IMG_7208.jpg\"\n               data-image-id=\"12998\"\n               data-title=\"Sicht auf die Hochebene mit dem ehemaligen Flugplatz\"\n               data-description=\"Sicht auf die Hochebene mit dem ehemaligen Flugplatz\"\n               data-image-slug=\"img_7208\"\n               class=\"shutterset_17993\">\n                <img\n                    title=\"Sicht auf die Hochebene mit dem ehemaligen Flugplatz\"\n                    alt=\"Sicht auf die Hochebene mit dem ehemaligen Flugplatz\"\n                    src=\"https:\/\/www.freimarianne.ch\/wp-content\/gallery\/kroatien-15-5-16\/thumbs\/thumbs_IMG_7208.jpg\"\n                    width=\"100\"\n                    height=\"75\"\n                    style=\"max-width:100%;\"\n                \/>\n            <\/a>\n        <\/div>\n\t\t\t\t\t\t\t<\/div> \n\t\t\t\n        \n\t\t\t\t<div id=\"ngg-image-4\" class=\"ngg-gallery-thumbnail-box\" >\n\t\t\t\t        <div class=\"ngg-gallery-thumbnail\">\n            <a href=\"https:\/\/www.freimarianne.ch\/wp-content\/gallery\/kroatien-15-5-16\/IMG_7209.jpg\"\n               title=\"Besuch der H\u00f6hlen der Partisanen\"\n               data-src=\"https:\/\/www.freimarianne.ch\/wp-content\/gallery\/kroatien-15-5-16\/IMG_7209.jpg\"\n               data-thumbnail=\"https:\/\/www.freimarianne.ch\/wp-content\/gallery\/kroatien-15-5-16\/thumbs\/thumbs_IMG_7209.jpg\"\n               data-image-id=\"12999\"\n               data-title=\"Besuch der H\u00c3\u00b6hlen der Partisanen\"\n               data-description=\"Besuch der H\u00f6hlen der Partisanen\"\n               data-image-slug=\"img_7209\"\n               class=\"shutterset_17993\">\n                <img\n                    title=\"Besuch der H\u00c3\u00b6hlen der Partisanen\"\n                    alt=\"Besuch der H\u00c3\u00b6hlen der Partisanen\"\n                    src=\"https:\/\/www.freimarianne.ch\/wp-content\/gallery\/kroatien-15-5-16\/thumbs\/thumbs_IMG_7209.jpg\"\n                    width=\"100\"\n                    height=\"75\"\n                    style=\"max-width:100%;\"\n                \/>\n            <\/a>\n        <\/div>\n\t\t\t\t\t\t\t<\/div> \n\t\t\t\n        \n\t\t\t\t<div id=\"ngg-image-5\" class=\"ngg-gallery-thumbnail-box\" >\n\t\t\t\t        <div class=\"ngg-gallery-thumbnail\">\n            <a href=\"https:\/\/www.freimarianne.ch\/wp-content\/gallery\/kroatien-15-5-16\/IMG_7212.jpg\"\n               title=\"Sicht auf Komiza\"\n               data-src=\"https:\/\/www.freimarianne.ch\/wp-content\/gallery\/kroatien-15-5-16\/IMG_7212.jpg\"\n               data-thumbnail=\"https:\/\/www.freimarianne.ch\/wp-content\/gallery\/kroatien-15-5-16\/thumbs\/thumbs_IMG_7212.jpg\"\n               data-image-id=\"13000\"\n               data-title=\"Sicht auf Komiza\"\n               data-description=\"Sicht auf Komiza\"\n               data-image-slug=\"img_7212\"\n               class=\"shutterset_17993\">\n                <img\n                    title=\"Sicht auf Komiza\"\n                    alt=\"Sicht auf Komiza\"\n                    src=\"https:\/\/www.freimarianne.ch\/wp-content\/gallery\/kroatien-15-5-16\/thumbs\/thumbs_IMG_7212.jpg\"\n                    width=\"100\"\n                    height=\"75\"\n                    style=\"max-width:100%;\"\n                \/>\n            <\/a>\n        <\/div>\n\t\t\t\t\t\t\t<\/div> \n\t\t\t\n        \n\t\t\t\t<div id=\"ngg-image-6\" class=\"ngg-gallery-thumbnail-box\" >\n\t\t\t\t        <div class=\"ngg-gallery-thumbnail\">\n            <a href=\"https:\/\/www.freimarianne.ch\/wp-content\/gallery\/kroatien-15-5-16\/IMG_7213.jpg\"\n               title=\"Sicht auf Komiza\"\n               data-src=\"https:\/\/www.freimarianne.ch\/wp-content\/gallery\/kroatien-15-5-16\/IMG_7213.jpg\"\n               data-thumbnail=\"https:\/\/www.freimarianne.ch\/wp-content\/gallery\/kroatien-15-5-16\/thumbs\/thumbs_IMG_7213.jpg\"\n               data-image-id=\"13001\"\n               data-title=\"Sicht auf Komiza\"\n               data-description=\"Sicht auf Komiza\"\n               data-image-slug=\"img_7213-1\"\n               class=\"shutterset_17993\">\n                <img\n                    title=\"Sicht auf Komiza\"\n                    alt=\"Sicht auf Komiza\"\n                    src=\"https:\/\/www.freimarianne.ch\/wp-content\/gallery\/kroatien-15-5-16\/thumbs\/thumbs_IMG_7213.jpg\"\n                    width=\"100\"\n                    height=\"75\"\n                    style=\"max-width:100%;\"\n                \/>\n            <\/a>\n        <\/div>\n\t\t\t\t\t\t\t<\/div> \n\t\t\t\n        \n\t\t\t\t<div id=\"ngg-image-7\" class=\"ngg-gallery-thumbnail-box\" >\n\t\t\t\t        <div class=\"ngg-gallery-thumbnail\">\n            <a href=\"https:\/\/www.freimarianne.ch\/wp-content\/gallery\/kroatien-15-5-16\/IMG_7215.jpg\"\n               title=\"Sicht auf Komiza\"\n               data-src=\"https:\/\/www.freimarianne.ch\/wp-content\/gallery\/kroatien-15-5-16\/IMG_7215.jpg\"\n               data-thumbnail=\"https:\/\/www.freimarianne.ch\/wp-content\/gallery\/kroatien-15-5-16\/thumbs\/thumbs_IMG_7215.jpg\"\n               data-image-id=\"13002\"\n               data-title=\"Sicht auf Komiza\"\n               data-description=\"Sicht auf Komiza\"\n               data-image-slug=\"img_7215-1\"\n               class=\"shutterset_17993\">\n                <img\n                    title=\"Sicht auf Komiza\"\n                    alt=\"Sicht auf Komiza\"\n                    src=\"https:\/\/www.freimarianne.ch\/wp-content\/gallery\/kroatien-15-5-16\/thumbs\/thumbs_IMG_7215.jpg\"\n                    width=\"100\"\n                    height=\"75\"\n                    style=\"max-width:100%;\"\n                \/>\n            <\/a>\n        <\/div>\n\t\t\t\t\t\t\t<\/div> \n\t\t\t\n        \n\t\t\t\t<div id=\"ngg-image-8\" class=\"ngg-gallery-thumbnail-box\" >\n\t\t\t\t        <div class=\"ngg-gallery-thumbnail\">\n            <a href=\"https:\/\/www.freimarianne.ch\/wp-content\/gallery\/kroatien-15-5-16\/IMG_7225.jpg\"\n               title=\"Jungfer im Gr\u00fcnen (Nigella damascena)\"\n               data-src=\"https:\/\/www.freimarianne.ch\/wp-content\/gallery\/kroatien-15-5-16\/IMG_7225.jpg\"\n               data-thumbnail=\"https:\/\/www.freimarianne.ch\/wp-content\/gallery\/kroatien-15-5-16\/thumbs\/thumbs_IMG_7225.jpg\"\n               data-image-id=\"13003\"\n               data-title=\"Jungfer im Gr\u00fcnen (Nigella damascena)\"\n               data-description=\"Jungfer im Gr\u00fcnen (Nigella damascena)\"\n               data-image-slug=\"img_7225-2\"\n               class=\"shutterset_17993\">\n                <img\n                    title=\"Jungfer im Gr\u00fcnen (Nigella damascena)\"\n                    alt=\"Jungfer im Gr\u00fcnen (Nigella damascena)\"\n                    src=\"https:\/\/www.freimarianne.ch\/wp-content\/gallery\/kroatien-15-5-16\/thumbs\/thumbs_IMG_7225.jpg\"\n                    width=\"100\"\n                    height=\"75\"\n                    style=\"max-width:100%;\"\n                \/>\n            <\/a>\n        <\/div>\n\t\t\t\t\t\t\t<\/div> \n\t\t\t\n        \n\t\t\t\t<div id=\"ngg-image-9\" class=\"ngg-gallery-thumbnail-box\" >\n\t\t\t\t        <div class=\"ngg-gallery-thumbnail\">\n            <a href=\"https:\/\/www.freimarianne.ch\/wp-content\/gallery\/kroatien-15-5-16\/IMG_7233.jpg\"\n               title=\"Ankunft Insel Kor\u010dula\"\n               data-src=\"https:\/\/www.freimarianne.ch\/wp-content\/gallery\/kroatien-15-5-16\/IMG_7233.jpg\"\n               data-thumbnail=\"https:\/\/www.freimarianne.ch\/wp-content\/gallery\/kroatien-15-5-16\/thumbs\/thumbs_IMG_7233.jpg\"\n               data-image-id=\"13004\"\n               data-title=\"Ankunft Insel Kor\u00c4\u008dula\"\n               data-description=\"Ankunft Insel Kor\u010dula\"\n               data-image-slug=\"img_7233-1\"\n               class=\"shutterset_17993\">\n                <img\n                    title=\"Ankunft Insel Kor\u00c4\u008dula\"\n                    alt=\"Ankunft Insel Kor\u00c4\u008dula\"\n                    src=\"https:\/\/www.freimarianne.ch\/wp-content\/gallery\/kroatien-15-5-16\/thumbs\/thumbs_IMG_7233.jpg\"\n                    width=\"100\"\n                    height=\"75\"\n                    style=\"max-width:100%;\"\n                \/>\n            <\/a>\n        <\/div>\n\t\t\t\t\t\t\t<\/div> \n\t\t\t\n        \n\t\t\t\t<div id=\"ngg-image-10\" class=\"ngg-gallery-thumbnail-box\" >\n\t\t\t\t        <div class=\"ngg-gallery-thumbnail\">\n            <a href=\"https:\/\/www.freimarianne.ch\/wp-content\/gallery\/kroatien-15-5-16\/IMG_7234.jpg\"\n               title=\"Insel Kor\u010dula\"\n               data-src=\"https:\/\/www.freimarianne.ch\/wp-content\/gallery\/kroatien-15-5-16\/IMG_7234.jpg\"\n               data-thumbnail=\"https:\/\/www.freimarianne.ch\/wp-content\/gallery\/kroatien-15-5-16\/thumbs\/thumbs_IMG_7234.jpg\"\n               data-image-id=\"13005\"\n               data-title=\"Insel Kor\u00c4\u008dula\"\n               data-description=\"Insel Kor\u010dula\"\n               data-image-slug=\"img_7234-2\"\n               class=\"shutterset_17993\">\n                <img\n                    title=\"Insel Kor\u00c4\u008dula\"\n                    alt=\"Insel Kor\u00c4\u008dula\"\n                    src=\"https:\/\/www.freimarianne.ch\/wp-content\/gallery\/kroatien-15-5-16\/thumbs\/thumbs_IMG_7234.jpg\"\n                    width=\"100\"\n                    height=\"75\"\n                    style=\"max-width:100%;\"\n                \/>\n            <\/a>\n        <\/div>\n\t\t\t\t\t\t\t<\/div> \n\t\t\t\n        \n\t\t\t\t<div id=\"ngg-image-11\" class=\"ngg-gallery-thumbnail-box\" >\n\t\t\t\t        <div class=\"ngg-gallery-thumbnail\">\n            <a href=\"https:\/\/www.freimarianne.ch\/wp-content\/gallery\/kroatien-15-5-16\/IMG_7241.jpg\"\n               title=\"Kirche von Kor\u010dula\"\n               data-src=\"https:\/\/www.freimarianne.ch\/wp-content\/gallery\/kroatien-15-5-16\/IMG_7241.jpg\"\n               data-thumbnail=\"https:\/\/www.freimarianne.ch\/wp-content\/gallery\/kroatien-15-5-16\/thumbs\/thumbs_IMG_7241.jpg\"\n               data-image-id=\"13006\"\n               data-title=\"Kirche von Kor\u00c4\u008dula\"\n               data-description=\"Kirche von Kor\u010dula\"\n               data-image-slug=\"img_7241-1\"\n               class=\"shutterset_17993\">\n                <img\n                    title=\"Kirche von Kor\u00c4\u008dula\"\n                    alt=\"Kirche von Kor\u00c4\u008dula\"\n                    src=\"https:\/\/www.freimarianne.ch\/wp-content\/gallery\/kroatien-15-5-16\/thumbs\/thumbs_IMG_7241.jpg\"\n                    width=\"100\"\n                    height=\"75\"\n                    style=\"max-width:100%;\"\n                \/>\n            <\/a>\n        <\/div>\n\t\t\t\t\t\t\t<\/div> \n\t\t\t\n        \n\t\t\t\t<div id=\"ngg-image-12\" class=\"ngg-gallery-thumbnail-box\" >\n\t\t\t\t        <div class=\"ngg-gallery-thumbnail\">\n            <a href=\"https:\/\/www.freimarianne.ch\/wp-content\/gallery\/kroatien-15-5-16\/IMG_7246.jpg\"\n               title=\"Kor\u010dula\"\n               data-src=\"https:\/\/www.freimarianne.ch\/wp-content\/gallery\/kroatien-15-5-16\/IMG_7246.jpg\"\n               data-thumbnail=\"https:\/\/www.freimarianne.ch\/wp-content\/gallery\/kroatien-15-5-16\/thumbs\/thumbs_IMG_7246.jpg\"\n               data-image-id=\"13007\"\n               data-title=\"Kor\u00c4\u008dula\"\n               data-description=\"Kor\u010dula\"\n               data-image-slug=\"img_7246-1\"\n               class=\"shutterset_17993\">\n                <img\n                    title=\"Kor\u00c4\u008dula\"\n                    alt=\"Kor\u00c4\u008dula\"\n                    src=\"https:\/\/www.freimarianne.ch\/wp-content\/gallery\/kroatien-15-5-16\/thumbs\/thumbs_IMG_7246.jpg\"\n                    width=\"100\"\n                    height=\"75\"\n                    style=\"max-width:100%;\"\n                \/>\n            <\/a>\n        <\/div>\n\t\t\t\t\t\t\t<\/div> \n\t\t\t\n        \n\t\t\t\t<div id=\"ngg-image-13\" class=\"ngg-gallery-thumbnail-box\" >\n\t\t\t\t        <div class=\"ngg-gallery-thumbnail\">\n            <a href=\"https:\/\/www.freimarianne.ch\/wp-content\/gallery\/kroatien-15-5-16\/IMG_7248.jpg\"\n               title=\"Marianne in Kor\u010dula\"\n               data-src=\"https:\/\/www.freimarianne.ch\/wp-content\/gallery\/kroatien-15-5-16\/IMG_7248.jpg\"\n               data-thumbnail=\"https:\/\/www.freimarianne.ch\/wp-content\/gallery\/kroatien-15-5-16\/thumbs\/thumbs_IMG_7248.jpg\"\n               data-image-id=\"13008\"\n               data-title=\"Marianne in Kor\u00c4\u008dula\"\n               data-description=\"Marianne in Kor\u010dula\"\n               data-image-slug=\"img_7248-2\"\n               class=\"shutterset_17993\">\n                <img\n                    title=\"Marianne in Kor\u00c4\u008dula\"\n                    alt=\"Marianne in Kor\u00c4\u008dula\"\n                    src=\"https:\/\/www.freimarianne.ch\/wp-content\/gallery\/kroatien-15-5-16\/thumbs\/thumbs_IMG_7248.jpg\"\n                    width=\"100\"\n                    height=\"75\"\n                    style=\"max-width:100%;\"\n                \/>\n            <\/a>\n        <\/div>\n\t\t\t\t\t\t\t<\/div> \n\t\t\t\n        \n\t\t\t\t<div id=\"ngg-image-14\" class=\"ngg-gallery-thumbnail-box\" >\n\t\t\t\t        <div class=\"ngg-gallery-thumbnail\">\n            <a href=\"https:\/\/www.freimarianne.ch\/wp-content\/gallery\/kroatien-15-5-16\/IMG_7249.jpg\"\n               title=\"Kor\u010dula; Haus mit Engeln\"\n               data-src=\"https:\/\/www.freimarianne.ch\/wp-content\/gallery\/kroatien-15-5-16\/IMG_7249.jpg\"\n               data-thumbnail=\"https:\/\/www.freimarianne.ch\/wp-content\/gallery\/kroatien-15-5-16\/thumbs\/thumbs_IMG_7249.jpg\"\n               data-image-id=\"13009\"\n               data-title=\"Kor\u00c4\u008dula; Haus mit Engeln\"\n               data-description=\"Kor\u010dula; Haus mit Engeln\"\n               data-image-slug=\"img_7249-3\"\n               class=\"shutterset_17993\">\n                <img\n                    title=\"Kor\u00c4\u008dula; Haus mit Engeln\"\n                    alt=\"Kor\u00c4\u008dula; Haus mit Engeln\"\n                    src=\"https:\/\/www.freimarianne.ch\/wp-content\/gallery\/kroatien-15-5-16\/thumbs\/thumbs_IMG_7249.jpg\"\n                    width=\"100\"\n                    height=\"75\"\n                    style=\"max-width:100%;\"\n                \/>\n            <\/a>\n        <\/div>\n\t\t\t\t\t\t\t<\/div> \n\t\t\t\n        \n\t\t\n\t\t<!-- Pagination -->\n\t<div class='ngg-clear'><\/div>\t<\/div>\n<\/p>\n","protected":false},"excerpt":{"rendered":"<p>15.6.2016 2.Tag: Wanderung auf der Insel Vis Wir fahren von Vis mit dem Bus in die Berge hinauf und wandern in einem weiten Bogen durch die W\u00e4lder und durch die Macchia bis oberhalb des St\u00e4dtchens Komiza. Von dort geht der Weg zur\u00fcck nach Vis. Wir verlassen die Insel und das Schiff nimmt Kurs Richtung der [&hellip;]<\/p>\n","protected":false},"author":1,"featured_media":0,"parent":17153,"menu_order":2,"comment_status":"closed","ping_status":"closed","template":"","meta":{"ngg_post_thumbnail":0},"_links":{"self":[{"href":"https:\/\/www.freimarianne.ch\/index.php?rest_route=\/wp\/v2\/pages\/17184"}],"collection":[{"href":"https:\/\/www.freimarianne.ch\/index.php?rest_route=\/wp\/v2\/pages"}],"about":[{"href":"https:\/\/www.freimarianne.ch\/index.php?rest_route=\/wp\/v2\/types\/page"}],"author":[{"embeddable":true,"href":"https:\/\/www.freimarianne.ch\/index.php?rest_route=\/wp\/v2\/users\/1"}],"replies":[{"embeddable":true,"href":"https:\/\/www.freimarianne.ch\/index.php?rest_route=%2Fwp%2Fv2%2Fcomments&post=17184"}],"version-history":[{"count":8,"href":"https:\/\/www.freimarianne.ch\/index.php?rest_route=\/wp\/v2\/pages\/17184\/revisions"}],"predecessor-version":[{"id":18291,"href":"https:\/\/www.freimarianne.ch\/index.php?rest_route=\/wp\/v2\/pages\/17184\/revisions\/18291"}],"up":[{"embeddable":true,"href":"https:\/\/www.freimarianne.ch\/index.php?rest_route=\/wp\/v2\/pages\/17153"}],"wp:attachment":[{"href":"https:\/\/www.freimarianne.ch\/index.php?rest_route=%2Fwp%2Fv2%2Fmedia&parent=17184"}],"curies":[{"name":"wp","href":"https:\/\/api.w.org\/{rel}","templated":true}]}}