{"id":17198,"date":"2016-06-13T16:59:05","date_gmt":"2016-06-13T15:59:05","guid":{"rendered":"http:\/\/www.freimarianne.ch\/?page_id=17198"},"modified":"2016-06-19T09:16:58","modified_gmt":"2016-06-19T08:16:58","slug":"19-5-2016-kroatien","status":"publish","type":"page","link":"https:\/\/www.freimarianne.ch\/?page_id=17198","title":{"rendered":"6.Tag:  Pelje\u0161ac"},"content":{"rendered":"<p><strong>19.5.2016<\/strong><\/p>\n<p><strong>6.Tag: Halbinsel Pelje\u0161ac<\/strong><\/p>\n<p><img loading=\"lazy\" class=\"alignleft size-full wp-image-17166\" src=\"http:\/\/www.freimarianne.ch\/wp-content\/uploads\/2016\/06\/IMG_7472_titel_19.5.jpg\" alt=\"IMG_7472_titel_19.5\" width=\"500\" height=\"352\" srcset=\"https:\/\/www.freimarianne.ch\/wp-content\/uploads\/2016\/06\/IMG_7472_titel_19.5.jpg 500w, https:\/\/www.freimarianne.ch\/wp-content\/uploads\/2016\/06\/IMG_7472_titel_19.5-300x211.jpg 300w, https:\/\/www.freimarianne.ch\/wp-content\/uploads\/2016\/06\/IMG_7472_titel_19.5-426x300.jpg 426w\" sizes=\"(max-width: 500px) 100vw, 500px\" \/><br \/>\nDas Schiff bringt uns zuerst nach Orebi\u0107\u00a0 auf der Halbinsel Pelje\u0161ac.<br \/>\nDas Wetter\u00a0 scheint nicht allzu versprechend zu sein. Schon als wir losmarschieren\u00a0 m\u00fcssen wir Regenkleidung anlegen.<br \/>\nVon Orebi\u0107 aus wandern wir zum Kloster der \u201eJungfrau der Engel\u201c. Weiter geht es\u00a0 im str\u00f6menden Regen am Hang des Berges Sv.Ilija entlang, durch das verlassene Dorf \u010cukovac nach Ku\u010di\u0161te, wo uns unser Schiff erwartet.<br \/>\nIm Gegensatz zu dieser Wanderung im Jahre 2011 ist diese heutige Wanderung eine eher traurige\u00a0 Unternehmung. Wir sind froh, als wir wieder auf dem Schiff sind, das uns in einer langen Fahrt nach Omis auf dem\u00a0 Festland\u00a0 bringt.Wir bringen unsere nassen Schuhe zum Trocken in den Maschinenraum des Schiffes.<br \/>\nIn einer langen Fahr erreichen wir am sp\u00e4ten Nachmittag das St\u00e4dtchen Omis auf dem Festland.<br \/>\nAuch diesen Ort kennen wir schon vom letzten Mal. Es gibt einen Spaziergang und und einenAperitiv\u00a0 im malerischen St\u00e4dtchen.<\/p>\n<p><!-- index.php -->\n<div\n\tclass=\"ngg-galleryoverview ngg-ajax-pagination-none\"\n\tid=\"ngg-gallery-18042-1\">\n\n    \t<div class=\"slideshowlink\">\n        <a href='https:\/\/www.freimarianne.ch\/index.php\/nggallery\/slideshow?page_id=17198'>[Show as slideshow]<\/a>\n\t\t\n\t<\/div>\n\t\t\t<!-- Thumbnails -->\n\t\t\t\t<div id=\"ngg-image-0\" class=\"ngg-gallery-thumbnail-box\" >\n\t\t\t\t        <div class=\"ngg-gallery-thumbnail\">\n            <a href=\"https:\/\/www.freimarianne.ch\/wp-content\/gallery\/kroatien-19-5-16\/IMG_7470.jpg\"\n               title=\"es begint zu regnen\"\n               data-src=\"https:\/\/www.freimarianne.ch\/wp-content\/gallery\/kroatien-19-5-16\/IMG_7470.jpg\"\n               data-thumbnail=\"https:\/\/www.freimarianne.ch\/wp-content\/gallery\/kroatien-19-5-16\/thumbs\/thumbs_IMG_7470.jpg\"\n               data-image-id=\"13346\"\n               data-title=\"es begint zu regnen\"\n               data-description=\"es begint zu regnen\"\n               data-image-slug=\"img_7470\"\n               class=\"shutterset_18042\">\n                <img\n                    title=\"es begint zu regnen\"\n                    alt=\"es begint zu regnen\"\n                    src=\"https:\/\/www.freimarianne.ch\/wp-content\/gallery\/kroatien-19-5-16\/thumbs\/thumbs_IMG_7470.jpg\"\n                    width=\"100\"\n                    height=\"75\"\n                    style=\"max-width:100%;\"\n                \/>\n            <\/a>\n        <\/div>\n\t\t\t\t\t\t\t<\/div> \n\t\t\t\n        \n\t\t\t\t<div id=\"ngg-image-1\" class=\"ngg-gallery-thumbnail-box\" >\n\t\t\t\t        <div class=\"ngg-gallery-thumbnail\">\n            <a href=\"https:\/\/www.freimarianne.ch\/wp-content\/gallery\/kroatien-19-5-16\/IMG_7471.jpg\"\n               title=\"Kloster der \u201eJungfrau der Engel\u201c auf Pelje\u0161ac\"\n               data-src=\"https:\/\/www.freimarianne.ch\/wp-content\/gallery\/kroatien-19-5-16\/IMG_7471.jpg\"\n               data-thumbnail=\"https:\/\/www.freimarianne.ch\/wp-content\/gallery\/kroatien-19-5-16\/thumbs\/thumbs_IMG_7471.jpg\"\n               data-image-id=\"13347\"\n               data-title=\"Kloster der \u00e2\u0080\u009eJungfrau der Engel\u00e2\u0080\u009c auf Pelje\u00c5\u00a1ac\"\n               data-description=\"Kloster der \u201eJungfrau der Engel\u201c auf Pelje\u0161ac\"\n               data-image-slug=\"img_7471-1\"\n               class=\"shutterset_18042\">\n                <img\n                    title=\"Kloster der \u00e2\u0080\u009eJungfrau der Engel\u00e2\u0080\u009c auf Pelje\u00c5\u00a1ac\"\n                    alt=\"Kloster der \u00e2\u0080\u009eJungfrau der Engel\u00e2\u0080\u009c auf Pelje\u00c5\u00a1ac\"\n                    src=\"https:\/\/www.freimarianne.ch\/wp-content\/gallery\/kroatien-19-5-16\/thumbs\/thumbs_IMG_7471.jpg\"\n                    width=\"100\"\n                    height=\"75\"\n                    style=\"max-width:100%;\"\n                \/>\n            <\/a>\n        <\/div>\n\t\t\t\t\t\t\t<\/div> \n\t\t\t\n        \n\t\t\t\t<div id=\"ngg-image-2\" class=\"ngg-gallery-thumbnail-box\" >\n\t\t\t\t        <div class=\"ngg-gallery-thumbnail\">\n            <a href=\"https:\/\/www.freimarianne.ch\/wp-content\/gallery\/kroatien-19-5-16\/IMG_7473.jpg\"\n               title=\"Wandern im Regen\"\n               data-src=\"https:\/\/www.freimarianne.ch\/wp-content\/gallery\/kroatien-19-5-16\/IMG_7473.jpg\"\n               data-thumbnail=\"https:\/\/www.freimarianne.ch\/wp-content\/gallery\/kroatien-19-5-16\/thumbs\/thumbs_IMG_7473.jpg\"\n               data-image-id=\"13348\"\n               data-title=\"Wandern im Regen\"\n               data-description=\"Wandern im Regen\"\n               data-image-slug=\"img_7473-1\"\n               class=\"shutterset_18042\">\n                <img\n                    title=\"Wandern im Regen\"\n                    alt=\"Wandern im Regen\"\n                    src=\"https:\/\/www.freimarianne.ch\/wp-content\/gallery\/kroatien-19-5-16\/thumbs\/thumbs_IMG_7473.jpg\"\n                    width=\"100\"\n                    height=\"75\"\n                    style=\"max-width:100%;\"\n                \/>\n            <\/a>\n        <\/div>\n\t\t\t\t\t\t\t<\/div> \n\t\t\t\n        \n\t\t\t\t<div id=\"ngg-image-3\" class=\"ngg-gallery-thumbnail-box\" >\n\t\t\t\t        <div class=\"ngg-gallery-thumbnail\">\n            <a href=\"https:\/\/www.freimarianne.ch\/wp-content\/gallery\/kroatien-19-5-16\/IMG_7475.jpg\"\n               title=\"Wandern im Regen\"\n               data-src=\"https:\/\/www.freimarianne.ch\/wp-content\/gallery\/kroatien-19-5-16\/IMG_7475.jpg\"\n               data-thumbnail=\"https:\/\/www.freimarianne.ch\/wp-content\/gallery\/kroatien-19-5-16\/thumbs\/thumbs_IMG_7475.jpg\"\n               data-image-id=\"13349\"\n               data-title=\"Wandern im Regen\"\n               data-description=\"Wandern im Regen\"\n               data-image-slug=\"img_7475-1\"\n               class=\"shutterset_18042\">\n                <img\n                    title=\"Wandern im Regen\"\n                    alt=\"Wandern im Regen\"\n                    src=\"https:\/\/www.freimarianne.ch\/wp-content\/gallery\/kroatien-19-5-16\/thumbs\/thumbs_IMG_7475.jpg\"\n                    width=\"100\"\n                    height=\"75\"\n                    style=\"max-width:100%;\"\n                \/>\n            <\/a>\n        <\/div>\n\t\t\t\t\t\t\t<\/div> \n\t\t\t\n        \n\t\t\t\t<div id=\"ngg-image-4\" class=\"ngg-gallery-thumbnail-box\" >\n\t\t\t\t        <div class=\"ngg-gallery-thumbnail\">\n            <a href=\"https:\/\/www.freimarianne.ch\/wp-content\/gallery\/kroatien-19-5-16\/IMG_7478.jpg\"\n               title=\"\"\n               data-src=\"https:\/\/www.freimarianne.ch\/wp-content\/gallery\/kroatien-19-5-16\/IMG_7478.jpg\"\n               data-thumbnail=\"https:\/\/www.freimarianne.ch\/wp-content\/gallery\/kroatien-19-5-16\/thumbs\/thumbs_IMG_7478.jpg\"\n               data-image-id=\"13350\"\n               data-title=\"IMG_7478\"\n               data-description=\"\"\n               data-image-slug=\"img_7478-1\"\n               class=\"shutterset_18042\">\n                <img\n                    title=\"IMG_7478\"\n                    alt=\"IMG_7478\"\n                    src=\"https:\/\/www.freimarianne.ch\/wp-content\/gallery\/kroatien-19-5-16\/thumbs\/thumbs_IMG_7478.jpg\"\n                    width=\"100\"\n                    height=\"75\"\n                    style=\"max-width:100%;\"\n                \/>\n            <\/a>\n        <\/div>\n\t\t\t\t\t\t\t<\/div> \n\t\t\t\n        \n\t\t\t\t<div id=\"ngg-image-5\" class=\"ngg-gallery-thumbnail-box\" >\n\t\t\t\t        <div class=\"ngg-gallery-thumbnail\">\n            <a href=\"https:\/\/www.freimarianne.ch\/wp-content\/gallery\/kroatien-19-5-16\/IMG_7484.jpg\"\n               title=\"Omis auf dem Festland\"\n               data-src=\"https:\/\/www.freimarianne.ch\/wp-content\/gallery\/kroatien-19-5-16\/IMG_7484.jpg\"\n               data-thumbnail=\"https:\/\/www.freimarianne.ch\/wp-content\/gallery\/kroatien-19-5-16\/thumbs\/thumbs_IMG_7484.jpg\"\n               data-image-id=\"13351\"\n               data-title=\"Omis auf dem Festland\"\n               data-description=\"Omis auf dem Festland\"\n               data-image-slug=\"img_7484\"\n               class=\"shutterset_18042\">\n                <img\n                    title=\"Omis auf dem Festland\"\n                    alt=\"Omis auf dem Festland\"\n                    src=\"https:\/\/www.freimarianne.ch\/wp-content\/gallery\/kroatien-19-5-16\/thumbs\/thumbs_IMG_7484.jpg\"\n                    width=\"100\"\n                    height=\"75\"\n                    style=\"max-width:100%;\"\n                \/>\n            <\/a>\n        <\/div>\n\t\t\t\t\t\t\t<\/div> \n\t\t\t\n        \n\t\t\t\t<div id=\"ngg-image-6\" class=\"ngg-gallery-thumbnail-box\" >\n\t\t\t\t        <div class=\"ngg-gallery-thumbnail\">\n            <a href=\"https:\/\/www.freimarianne.ch\/wp-content\/gallery\/kroatien-19-5-16\/IMG_7485.jpg\"\n               title=\"\"\n               data-src=\"https:\/\/www.freimarianne.ch\/wp-content\/gallery\/kroatien-19-5-16\/IMG_7485.jpg\"\n               data-thumbnail=\"https:\/\/www.freimarianne.ch\/wp-content\/gallery\/kroatien-19-5-16\/thumbs\/thumbs_IMG_7485.jpg\"\n               data-image-id=\"13352\"\n               data-title=\"IMG_7485\"\n               data-description=\"\"\n               data-image-slug=\"img_7485\"\n               class=\"shutterset_18042\">\n                <img\n                    title=\"IMG_7485\"\n                    alt=\"IMG_7485\"\n                    src=\"https:\/\/www.freimarianne.ch\/wp-content\/gallery\/kroatien-19-5-16\/thumbs\/thumbs_IMG_7485.jpg\"\n                    width=\"100\"\n                    height=\"75\"\n                    style=\"max-width:100%;\"\n                \/>\n            <\/a>\n        <\/div>\n\t\t\t\t\t\t\t<\/div> \n\t\t\t\n        \n\t\t\t\t<div id=\"ngg-image-7\" class=\"ngg-gallery-thumbnail-box\" >\n\t\t\t\t        <div class=\"ngg-gallery-thumbnail\">\n            <a href=\"https:\/\/www.freimarianne.ch\/wp-content\/gallery\/kroatien-19-5-16\/IMG_7486.jpg\"\n               title=\"\"\n               data-src=\"https:\/\/www.freimarianne.ch\/wp-content\/gallery\/kroatien-19-5-16\/IMG_7486.jpg\"\n               data-thumbnail=\"https:\/\/www.freimarianne.ch\/wp-content\/gallery\/kroatien-19-5-16\/thumbs\/thumbs_IMG_7486.jpg\"\n               data-image-id=\"13353\"\n               data-title=\"IMG_7486\"\n               data-description=\"\"\n               data-image-slug=\"img_7486-1\"\n               class=\"shutterset_18042\">\n                <img\n                    title=\"IMG_7486\"\n                    alt=\"IMG_7486\"\n                    src=\"https:\/\/www.freimarianne.ch\/wp-content\/gallery\/kroatien-19-5-16\/thumbs\/thumbs_IMG_7486.jpg\"\n                    width=\"100\"\n                    height=\"75\"\n                    style=\"max-width:100%;\"\n                \/>\n            <\/a>\n        <\/div>\n\t\t\t\t\t\t\t<\/div> \n\t\t\t\n        \n\t\t\t\t<div id=\"ngg-image-8\" class=\"ngg-gallery-thumbnail-box\" >\n\t\t\t\t        <div class=\"ngg-gallery-thumbnail\">\n            <a href=\"https:\/\/www.freimarianne.ch\/wp-content\/gallery\/kroatien-19-5-16\/IMG_7487.jpg\"\n               title=\"\"\n               data-src=\"https:\/\/www.freimarianne.ch\/wp-content\/gallery\/kroatien-19-5-16\/IMG_7487.jpg\"\n               data-thumbnail=\"https:\/\/www.freimarianne.ch\/wp-content\/gallery\/kroatien-19-5-16\/thumbs\/thumbs_IMG_7487.jpg\"\n               data-image-id=\"13354\"\n               data-title=\"IMG_7487\"\n               data-description=\"\"\n               data-image-slug=\"img_7487\"\n               class=\"shutterset_18042\">\n                <img\n                    title=\"IMG_7487\"\n                    alt=\"IMG_7487\"\n                    src=\"https:\/\/www.freimarianne.ch\/wp-content\/gallery\/kroatien-19-5-16\/thumbs\/thumbs_IMG_7487.jpg\"\n                    width=\"100\"\n                    height=\"75\"\n                    style=\"max-width:100%;\"\n                \/>\n            <\/a>\n        <\/div>\n\t\t\t\t\t\t\t<\/div> \n\t\t\t\n        \n\t\t\t\t<div id=\"ngg-image-9\" class=\"ngg-gallery-thumbnail-box\" >\n\t\t\t\t        <div class=\"ngg-gallery-thumbnail\">\n            <a href=\"https:\/\/www.freimarianne.ch\/wp-content\/gallery\/kroatien-19-5-16\/IMG_7489.jpg\"\n               title=\"Omis  mit Fluss Cetina\"\n               data-src=\"https:\/\/www.freimarianne.ch\/wp-content\/gallery\/kroatien-19-5-16\/IMG_7489.jpg\"\n               data-thumbnail=\"https:\/\/www.freimarianne.ch\/wp-content\/gallery\/kroatien-19-5-16\/thumbs\/thumbs_IMG_7489.jpg\"\n               data-image-id=\"13355\"\n               data-title=\"Omis  mit Fluss Cetina\"\n               data-description=\"Omis  mit Fluss Cetina\"\n               data-image-slug=\"img_7489-4\"\n               class=\"shutterset_18042\">\n                <img\n                    title=\"Omis  mit Fluss Cetina\"\n                    alt=\"Omis  mit Fluss Cetina\"\n                    src=\"https:\/\/www.freimarianne.ch\/wp-content\/gallery\/kroatien-19-5-16\/thumbs\/thumbs_IMG_7489.jpg\"\n                    width=\"100\"\n                    height=\"75\"\n                    style=\"max-width:100%;\"\n                \/>\n            <\/a>\n        <\/div>\n\t\t\t\t\t\t\t<\/div> \n\t\t\t\n        \n\t\t\t\t<div id=\"ngg-image-10\" class=\"ngg-gallery-thumbnail-box\" >\n\t\t\t\t        <div class=\"ngg-gallery-thumbnail\">\n            <a href=\"https:\/\/www.freimarianne.ch\/wp-content\/gallery\/kroatien-19-5-16\/IMG_7491.jpg\"\n               title=\"Omis  mit Fluss Cetina\"\n               data-src=\"https:\/\/www.freimarianne.ch\/wp-content\/gallery\/kroatien-19-5-16\/IMG_7491.jpg\"\n               data-thumbnail=\"https:\/\/www.freimarianne.ch\/wp-content\/gallery\/kroatien-19-5-16\/thumbs\/thumbs_IMG_7491.jpg\"\n               data-image-id=\"13356\"\n               data-title=\"Omis  mit Fluss Cetina\"\n               data-description=\"Omis  mit Fluss Cetina\"\n               data-image-slug=\"img_7491-4\"\n               class=\"shutterset_18042\">\n                <img\n                    title=\"Omis  mit Fluss Cetina\"\n                    alt=\"Omis  mit Fluss Cetina\"\n                    src=\"https:\/\/www.freimarianne.ch\/wp-content\/gallery\/kroatien-19-5-16\/thumbs\/thumbs_IMG_7491.jpg\"\n                    width=\"100\"\n                    height=\"75\"\n                    style=\"max-width:100%;\"\n                \/>\n            <\/a>\n        <\/div>\n\t\t\t\t\t\t\t<\/div> \n\t\t\t\n        \n\t\t\t\t<div id=\"ngg-image-11\" class=\"ngg-gallery-thumbnail-box\" >\n\t\t\t\t        <div class=\"ngg-gallery-thumbnail\">\n            <a href=\"https:\/\/www.freimarianne.ch\/wp-content\/gallery\/kroatien-19-5-16\/IMG_7495.jpg\"\n               title=\"\"\n               data-src=\"https:\/\/www.freimarianne.ch\/wp-content\/gallery\/kroatien-19-5-16\/IMG_7495.jpg\"\n               data-thumbnail=\"https:\/\/www.freimarianne.ch\/wp-content\/gallery\/kroatien-19-5-16\/thumbs\/thumbs_IMG_7495.jpg\"\n               data-image-id=\"13357\"\n               data-title=\"IMG_7495\"\n               data-description=\"\"\n               data-image-slug=\"img_7495\"\n               class=\"shutterset_18042\">\n                <img\n                    title=\"IMG_7495\"\n                    alt=\"IMG_7495\"\n                    src=\"https:\/\/www.freimarianne.ch\/wp-content\/gallery\/kroatien-19-5-16\/thumbs\/thumbs_IMG_7495.jpg\"\n                    width=\"100\"\n                    height=\"75\"\n                    style=\"max-width:100%;\"\n                \/>\n            <\/a>\n        <\/div>\n\t\t\t\t\t\t\t<\/div> \n\t\t\t\n        \n\t\t\t\t<div id=\"ngg-image-12\" class=\"ngg-gallery-thumbnail-box\" >\n\t\t\t\t        <div class=\"ngg-gallery-thumbnail\">\n            <a href=\"https:\/\/www.freimarianne.ch\/wp-content\/gallery\/kroatien-19-5-16\/IMG_7496.jpg\"\n               title=\"Bruni im Omis\"\n               data-src=\"https:\/\/www.freimarianne.ch\/wp-content\/gallery\/kroatien-19-5-16\/IMG_7496.jpg\"\n               data-thumbnail=\"https:\/\/www.freimarianne.ch\/wp-content\/gallery\/kroatien-19-5-16\/thumbs\/thumbs_IMG_7496.jpg\"\n               data-image-id=\"13358\"\n               data-title=\"Bruni im Omis\"\n               data-description=\"Bruni im Omis\"\n               data-image-slug=\"img_7496-2\"\n               class=\"shutterset_18042\">\n                <img\n                    title=\"Bruni im Omis\"\n                    alt=\"Bruni im Omis\"\n                    src=\"https:\/\/www.freimarianne.ch\/wp-content\/gallery\/kroatien-19-5-16\/thumbs\/thumbs_IMG_7496.jpg\"\n                    width=\"100\"\n                    height=\"75\"\n                    style=\"max-width:100%;\"\n                \/>\n            <\/a>\n        <\/div>\n\t\t\t\t\t\t\t<\/div> \n\t\t\t\n        \n\t\t\t\t<div id=\"ngg-image-13\" class=\"ngg-gallery-thumbnail-box\" >\n\t\t\t\t        <div class=\"ngg-gallery-thumbnail\">\n            <a href=\"https:\/\/www.freimarianne.ch\/wp-content\/gallery\/kroatien-19-5-16\/IMG_7502.jpg\"\n               title=\"Ueli, Marianne und Bruni im Omis\"\n               data-src=\"https:\/\/www.freimarianne.ch\/wp-content\/gallery\/kroatien-19-5-16\/IMG_7502.jpg\"\n               data-thumbnail=\"https:\/\/www.freimarianne.ch\/wp-content\/gallery\/kroatien-19-5-16\/thumbs\/thumbs_IMG_7502.jpg\"\n               data-image-id=\"13359\"\n               data-title=\"Ueli, Marianne und Bruni im Omis\"\n               data-description=\"Ueli, Marianne und Bruni im Omis\"\n               data-image-slug=\"img_7502-1\"\n               class=\"shutterset_18042\">\n                <img\n                    title=\"Ueli, Marianne und Bruni im Omis\"\n                    alt=\"Ueli, Marianne und Bruni im Omis\"\n                    src=\"https:\/\/www.freimarianne.ch\/wp-content\/gallery\/kroatien-19-5-16\/thumbs\/thumbs_IMG_7502.jpg\"\n                    width=\"100\"\n                    height=\"75\"\n                    style=\"max-width:100%;\"\n                \/>\n            <\/a>\n        <\/div>\n\t\t\t\t\t\t\t<\/div> \n\t\t\t\n        \n\t\t\t\t<div id=\"ngg-image-14\" class=\"ngg-gallery-thumbnail-box\" >\n\t\t\t\t        <div class=\"ngg-gallery-thumbnail\">\n            <a href=\"https:\/\/www.freimarianne.ch\/wp-content\/gallery\/kroatien-19-5-16\/IMG_7504.jpg\"\n               title=\"Bruni, Herbert und Ueli in Omis\"\n               data-src=\"https:\/\/www.freimarianne.ch\/wp-content\/gallery\/kroatien-19-5-16\/IMG_7504.jpg\"\n               data-thumbnail=\"https:\/\/www.freimarianne.ch\/wp-content\/gallery\/kroatien-19-5-16\/thumbs\/thumbs_IMG_7504.jpg\"\n               data-image-id=\"13360\"\n               data-title=\"Bruni, Herbert und Ueli in Omis\"\n               data-description=\"Bruni, Herbert und Ueli in Omis\"\n               data-image-slug=\"img_7504-1\"\n               class=\"shutterset_18042\">\n                <img\n                    title=\"Bruni, Herbert und Ueli in Omis\"\n                    alt=\"Bruni, Herbert und Ueli in Omis\"\n                    src=\"https:\/\/www.freimarianne.ch\/wp-content\/gallery\/kroatien-19-5-16\/thumbs\/thumbs_IMG_7504.jpg\"\n                    width=\"100\"\n                    height=\"75\"\n                    style=\"max-width:100%;\"\n                \/>\n            <\/a>\n        <\/div>\n\t\t\t\t\t\t\t<\/div> \n\t\t\t\n        \n\t\t\n\t\t<!-- Pagination -->\n\t<div class='ngg-clear'><\/div>\t<\/div>\n<\/p>\n","protected":false},"excerpt":{"rendered":"<p>19.5.2016 6.Tag: Halbinsel Pelje\u0161ac Das Schiff bringt uns zuerst nach Orebi\u0107\u00a0 auf der Halbinsel Pelje\u0161ac. Das Wetter\u00a0 scheint nicht allzu versprechend zu sein. Schon als wir losmarschieren\u00a0 m\u00fcssen wir Regenkleidung anlegen. Von Orebi\u0107 aus wandern wir zum Kloster der \u201eJungfrau der Engel\u201c. Weiter geht es\u00a0 im str\u00f6menden Regen am Hang des Berges Sv.Ilija entlang, durch [&hellip;]<\/p>\n","protected":false},"author":1,"featured_media":0,"parent":17153,"menu_order":6,"comment_status":"closed","ping_status":"closed","template":"","meta":{"ngg_post_thumbnail":0},"_links":{"self":[{"href":"https:\/\/www.freimarianne.ch\/index.php?rest_route=\/wp\/v2\/pages\/17198"}],"collection":[{"href":"https:\/\/www.freimarianne.ch\/index.php?rest_route=\/wp\/v2\/pages"}],"about":[{"href":"https:\/\/www.freimarianne.ch\/index.php?rest_route=\/wp\/v2\/types\/page"}],"author":[{"embeddable":true,"href":"https:\/\/www.freimarianne.ch\/index.php?rest_route=\/wp\/v2\/users\/1"}],"replies":[{"embeddable":true,"href":"https:\/\/www.freimarianne.ch\/index.php?rest_route=%2Fwp%2Fv2%2Fcomments&post=17198"}],"version-history":[{"count":11,"href":"https:\/\/www.freimarianne.ch\/index.php?rest_route=\/wp\/v2\/pages\/17198\/revisions"}],"predecessor-version":[{"id":18297,"href":"https:\/\/www.freimarianne.ch\/index.php?rest_route=\/wp\/v2\/pages\/17198\/revisions\/18297"}],"up":[{"embeddable":true,"href":"https:\/\/www.freimarianne.ch\/index.php?rest_route=\/wp\/v2\/pages\/17153"}],"wp:attachment":[{"href":"https:\/\/www.freimarianne.ch\/index.php?rest_route=%2Fwp%2Fv2%2Fmedia&parent=17198"}],"curies":[{"name":"wp","href":"https:\/\/api.w.org\/{rel}","templated":true}]}}