{"id":21901,"date":"2016-12-12T17:58:30","date_gmt":"2016-12-12T16:58:30","guid":{"rendered":"http:\/\/www.freimarianne.ch\/?page_id=21901"},"modified":"2016-12-20T16:17:51","modified_gmt":"2016-12-20T15:17:51","slug":"fluhli-sorenberg-3-12-2016","status":"publish","type":"page","link":"https:\/\/www.freimarianne.ch\/?page_id=21901","title":{"rendered":"Fl\u00fchli &#8211; S\u00f6renberg  3.12.2016"},"content":{"rendered":"<p><strong>Emmenuferweg von Fl\u00fchli nach S\u00f6renberg<\/strong><\/p>\n<p>[slideshow_deploy id=&#8217;21911&#8217;&#093;<br \/>\nIch versuche, heute dem Hochnebel zu entfliehen. Nach  Meteoblue solle es heute in S\u00f6renberg sonnig werden!<br \/>\nIch beschliesse, den Emmenuferweg  ab Fl\u00fchli zu erkunden, was sich anf\u00e4nglich als etwas langweilig herausstellt. Aber so sind eben die Flusswege!  Fl\u00fchli liegt auch noch unter der Hochnebeldecke und so  marschiere ich z\u00fcgig, um mich warm zu halten.<br \/>\nNach der Hirseggbr\u00fccke steigt der Weg an  durch den Wald  zum Usser S\u00f6reb\u00e4rgli 1098m. In diesem Gebiet liegt der Birkenhof, von wo aus man im Winter   auf dem Winterwanderweg nach Rischli wandern kann ( insofern es Schnee hat).<br \/>\nNach den Hof  f\u00fchrt der Pfad wieder hinunter zur Emme und der nachfolgende  Abschnitt ist reizvoll. Der Pfad endet allerdings bei der ARA und man muss auf der Strasse nach Rischli gehen. Hier finde ich die Postautohaltestelle Camping, wo ich den Bus nehme. Ich habe keine Lust im nun  zwar sonnigen S\u00f6renberg auf der Autostrasse zu gehen!<\/p>\n<p>Diese kurze Wanderung  diente  zur Erkundung und Ert\u00fcchtigung und l\u00e4sst mir Zeit, auf der R\u00fcckfahrt noch einen Stop im Kambly Laden in Trubschachen zu machen, wo ein Vorweihnachts -Andrang herrscht &#8211; findet hier auch gleichzeitig ein Weihnachstmarkt statt!<\/p>\n<p>Laut Schweizmobil:<br \/>\nDistanz: 6.69 km; Aufstieg: 314m; Abstieg: 88m; Marschzeit: 1. 58 min<\/p>\n","protected":false},"excerpt":{"rendered":"<p>Emmenuferweg von Fl\u00fchli nach S\u00f6renberg Ich versuche, heute dem Hochnebel zu entfliehen. Nach Meteoblue solle es heute in S\u00f6renberg sonnig werden! Ich beschliesse, den Emmenuferweg ab Fl\u00fchli zu erkunden, was sich anf\u00e4nglich als etwas langweilig herausstellt. Aber so sind eben die Flusswege! Fl\u00fchli liegt auch noch unter der Hochnebeldecke und so marschiere ich z\u00fcgig, um [&hellip;]<\/p>\n","protected":false},"author":1,"featured_media":0,"parent":21879,"menu_order":2,"comment_status":"closed","ping_status":"closed","template":"","meta":{"ngg_post_thumbnail":0},"_links":{"self":[{"href":"https:\/\/www.freimarianne.ch\/index.php?rest_route=\/wp\/v2\/pages\/21901"}],"collection":[{"href":"https:\/\/www.freimarianne.ch\/index.php?rest_route=\/wp\/v2\/pages"}],"about":[{"href":"https:\/\/www.freimarianne.ch\/index.php?rest_route=\/wp\/v2\/types\/page"}],"author":[{"embeddable":true,"href":"https:\/\/www.freimarianne.ch\/index.php?rest_route=\/wp\/v2\/users\/1"}],"replies":[{"embeddable":true,"href":"https:\/\/www.freimarianne.ch\/index.php?rest_route=%2Fwp%2Fv2%2Fcomments&post=21901"}],"version-history":[{"count":4,"href":"https:\/\/www.freimarianne.ch\/index.php?rest_route=\/wp\/v2\/pages\/21901\/revisions"}],"predecessor-version":[{"id":21915,"href":"https:\/\/www.freimarianne.ch\/index.php?rest_route=\/wp\/v2\/pages\/21901\/revisions\/21915"}],"up":[{"embeddable":true,"href":"https:\/\/www.freimarianne.ch\/index.php?rest_route=\/wp\/v2\/pages\/21879"}],"wp:attachment":[{"href":"https:\/\/www.freimarianne.ch\/index.php?rest_route=%2Fwp%2Fv2%2Fmedia&parent=21901"}],"curies":[{"name":"wp","href":"https:\/\/api.w.org\/{rel}","templated":true}]}}