{"id":2391,"date":"2011-11-27T12:01:48","date_gmt":"2011-11-27T11:01:48","guid":{"rendered":"http:\/\/www.freimarianne.ch\/?page_id=2391"},"modified":"2020-09-07T15:00:00","modified_gmt":"2020-09-07T14:00:00","slug":"niederhorn-12-11-2011","status":"publish","type":"page","link":"https:\/\/www.freimarianne.ch\/?page_id=2391","title":{"rendered":"Niederhorn 12.11.2011"},"content":{"rendered":"<p><strong>Bergwanderung auf das Niederhorn und das Gemmenalphorn<\/strong><br \/>\nFahrt von der Beatenbucht mit der Standseilbahn auf den Beatenberg 1121m. Von dort aus zu Fuss steil hinauf auf Vorsaas 1581m. Dann dem Hang entlang in langen Schleifen hinauf auf das Niederhorn 1934m. Von dort aus \u00fcber Burgfeldstand 2063m \u00fcber den Guggisgrat zum Gemmenalphorn 2061m. Hinunter \u00fcber Alp Oberberg 1818m nach Waldegg ( leider muss man teilweise auf der Teerstrasse gehen). Aufstieg 980m, Abstieg 1181m; ca. 5.30 hr<br \/>\n<img loading=\"lazy\" class=\"alignleft size-full wp-image-2400\" title=\"IMG_1294_niedh_12.11\" src=\"http:\/\/www.freimarianne.ch\/wp-content\/uploads\/2011\/11\/IMG_1294_niedh_12.11.jpg\" alt=\"\" width=\"500\" height=\"333\" srcset=\"https:\/\/www.freimarianne.ch\/wp-content\/uploads\/2011\/11\/IMG_1294_niedh_12.11.jpg 500w, https:\/\/www.freimarianne.ch\/wp-content\/uploads\/2011\/11\/IMG_1294_niedh_12.11-300x199.jpg 300w\" sizes=\"(max-width: 500px) 100vw, 500px\" \/><br \/>\nFotos mit Canon IXUS aufgenommen<br \/>\n<ul class=\"ngg-breadcrumbs\">\n    <\/ul>\n<div class=\"ngg-albumoverview\">\t\n\t<!-- List of galleries -->\n\t\n\t<div class=\"ngg-album\">\n\t\t<div class=\"ngg-albumtitle\"><a href=\"https:\/\/www.freimarianne.ch\/index.php\/nggallery\/ixus-niederhorn-12-11-11-2\/ixus-niederhorn-12-11-2011?page_id=2391\">IXUS Niederhorn 12.11.2011<\/a><\/div>\n\t\t\t<div class=\"ngg-albumcontent\">\n\t\t\t\t<div class=\"ngg-thumbnail\">\n\t\t\t\t\t<a href=\"https:\/\/www.freimarianne.ch\/index.php\/nggallery\/ixus-niederhorn-12-11-11-2\/ixus-niederhorn-12-11-2011?page_id=2391\"><img class=\"Thumb\" alt=\"IXUS Niederhorn 12.11.2011\" src=\"https:\/\/www.freimarianne.ch\/wp-content\/gallery\/niederhorn-12-11-2011\/cache\/img_3497.jpg-nggid043909-ngg0dyn-91x68-00f0w010c011r110f110r010t010.jpg\"\/><\/a>\n\t\t\t\t<\/div>\n\t\t\t\t<div class=\"ngg-description\">\n\t\t\t\t<p><\/p>\n\t\t\t\t\t\t\t\t<p class=\"ngg-album-gallery-image-counter\"><strong>32<\/strong>&nbsp;Photos<\/p>\n\t\t\t\t\t\t\t<\/div>\n\t\t<\/div>\n\t<\/div>\n\n \t \t\n\t<!-- Pagination -->\n \t<div class='ngg-clear'><\/div> \t\n<\/div>\n\n<br \/>\nFotos mit EOS600D aufgenommen<br \/>\n<ul class=\"ngg-breadcrumbs\">\n    <\/ul>\n<div class=\"ngg-albumoverview\">\t\n\t<!-- List of galleries -->\n\t\n\t<div class=\"ngg-album\">\n\t\t<div class=\"ngg-albumtitle\"><a href=\"https:\/\/www.freimarianne.ch\/index.php\/nggallery\/eos-niederhorn-12-11-2011\/eos-niederhorn-12-11-2011?page_id=2391\">EOS Niederhorn 12.11.2011<\/a><\/div>\n\t\t\t<div class=\"ngg-albumcontent\">\n\t\t\t\t<div class=\"ngg-thumbnail\">\n\t\t\t\t\t<a href=\"https:\/\/www.freimarianne.ch\/index.php\/nggallery\/eos-niederhorn-12-11-2011\/eos-niederhorn-12-11-2011?page_id=2391\"><img class=\"Thumb\" alt=\"EOS Niederhorn 12.11.2011\" src=\"https:\/\/www.freimarianne.ch\/wp-content\/gallery\/eos-niederhorn-12-11-2011\/cache\/img_1303.jpg-nggid043924-ngg0dyn-91x68-00f0w010c011r110f110r010t010.jpg\"\/><\/a>\n\t\t\t\t<\/div>\n\t\t\t\t<div class=\"ngg-description\">\n\t\t\t\t<p><\/p>\n\t\t\t\t\t\t\t\t<p class=\"ngg-album-gallery-image-counter\"><strong>31<\/strong>&nbsp;Photos<\/p>\n\t\t\t\t\t\t\t<\/div>\n\t\t<\/div>\n\t<\/div>\n\n \t \t\n\t<!-- Pagination -->\n \t<div class='ngg-clear'><\/div> \t\n<\/div>\n\n<\/p>\n","protected":false},"excerpt":{"rendered":"<p>Bergwanderung auf das Niederhorn und das Gemmenalphorn Fahrt von der Beatenbucht mit der Standseilbahn auf den Beatenberg 1121m. Von dort aus zu Fuss steil hinauf auf Vorsaas 1581m. Dann dem Hang entlang in langen Schleifen hinauf auf das Niederhorn 1934m. Von dort aus \u00fcber Burgfeldstand 2063m \u00fcber den Guggisgrat zum Gemmenalphorn 2061m. Hinunter \u00fcber Alp [&hellip;]<\/p>\n","protected":false},"author":1,"featured_media":0,"parent":2301,"menu_order":4,"comment_status":"closed","ping_status":"closed","template":"","meta":{"ngg_post_thumbnail":0},"_links":{"self":[{"href":"https:\/\/www.freimarianne.ch\/index.php?rest_route=\/wp\/v2\/pages\/2391"}],"collection":[{"href":"https:\/\/www.freimarianne.ch\/index.php?rest_route=\/wp\/v2\/pages"}],"about":[{"href":"https:\/\/www.freimarianne.ch\/index.php?rest_route=\/wp\/v2\/types\/page"}],"author":[{"embeddable":true,"href":"https:\/\/www.freimarianne.ch\/index.php?rest_route=\/wp\/v2\/users\/1"}],"replies":[{"embeddable":true,"href":"https:\/\/www.freimarianne.ch\/index.php?rest_route=%2Fwp%2Fv2%2Fcomments&post=2391"}],"version-history":[{"count":16,"href":"https:\/\/www.freimarianne.ch\/index.php?rest_route=\/wp\/v2\/pages\/2391\/revisions"}],"predecessor-version":[{"id":43901,"href":"https:\/\/www.freimarianne.ch\/index.php?rest_route=\/wp\/v2\/pages\/2391\/revisions\/43901"}],"up":[{"embeddable":true,"href":"https:\/\/www.freimarianne.ch\/index.php?rest_route=\/wp\/v2\/pages\/2301"}],"wp:attachment":[{"href":"https:\/\/www.freimarianne.ch\/index.php?rest_route=%2Fwp%2Fv2%2Fmedia&parent=2391"}],"curies":[{"name":"wp","href":"https:\/\/api.w.org\/{rel}","templated":true}]}}