{"id":23983,"date":"2017-05-29T14:30:40","date_gmt":"2017-05-29T13:30:40","guid":{"rendered":"http:\/\/www.freimarianne.ch\/?page_id=23983"},"modified":"2017-05-29T15:09:15","modified_gmt":"2017-05-29T14:09:15","slug":"sorenberg-lu-23-5-2017","status":"publish","type":"page","link":"https:\/\/www.freimarianne.ch\/?page_id=23983","title":{"rendered":"S\u00f6renberg  LU  23.5.2017"},"content":{"rendered":"<p><strong>Wanderung von S\u00f6renberg nach Salwiden &#8211; gegen die Blattenegg &#8211; Salwideli &#8211; Wagliseiboden &#8211; Schlund &#8211; Hirsegg<\/strong><\/p>\n<p><img loading=\"lazy\" class=\"size-full wp-image-23977\" src=\"http:\/\/www.freimarianne.ch\/wp-content\/uploads\/2017\/05\/so\u0308renb_500.jpg\" alt=\"\" width=\"500\" height=\"375\" srcset=\"https:\/\/www.freimarianne.ch\/wp-content\/uploads\/2017\/05\/so\u0308renb_500.jpg 500w, https:\/\/www.freimarianne.ch\/wp-content\/uploads\/2017\/05\/so\u0308renb_500-300x225.jpg 300w, https:\/\/www.freimarianne.ch\/wp-content\/uploads\/2017\/05\/so\u0308renb_500-400x300.jpg 400w\" sizes=\"(max-width: 500px) 100vw, 500px\" \/><br \/>\nSchibeng\u00fctsch<\/p>\n<p>Von S\u00f6renberg aus nehme ich den Wanderweg, der in der N\u00e4he der beiden Skilifte gerade hinauf f\u00fchrt.<br \/>\nOben treffe ich auf den Weg, der von der Rossweid herkommt. So gelange ich auf Salwiden. Von dort aus muss ich auf der Alpstrasse gehen, um nach Blatten zu kommen.<br \/>\nDies ist eine Rundwanderung im Moorgebiet! Aber ich bin auf der Strasse weit weg vom Moor ! \u00dcber Blattenschwand und Salwide Zopf komme ich zum Salwidel 1351m, von wo ich kurz auf einem weichen Wanderweg nach Wagliseiboden gehen kann. Leider muss ich dann sogar lange auf der Teerstrasse und dann wieder auf der Alpstrasse nach Schlund hinaufsteigen, was mich total frustriert. Endlich erreiche die Abzweigung durch das Moor, wo es wirklich sehr sch\u00f6n ist. Nach einer weiteren Teerstrecke nach dem St\u00e4cheleggstall verl\u00e4uft der letzte Abschnitt der Wanderung zur Hirsegg auf einem Wanderweg.<\/p>\n<p>Ich habe die Route der ausgeschreibenen Enzianwanderung vorgelaufen! Die Schwalbenwurzenziane werden erst im August bl\u00fchen aber die Wanderstrecke auf so viel Hartbelag ist wirklich nicht empfehlenswert!<\/p>\n<p>Laut Schweizmobil:<br \/>\nDistanz: 14.49km; Aufstieg: 615m; Abstieg: 697m; Marschzeit: 4 h 26 min<\/p>\n<p><a href=\"https:\/\/map.wanderland.ch\/?lang=de&amp;route=all&amp;bgLayer=pk&amp;resolution=10&amp;X=643472&amp;Y=185305&amp;layers=Wanderland%2CStation&amp;trackId=3492551\">Karte Schweizmobil:<\/a><\/p>\n<p><!-- index.php -->\n<div\n\tclass=\"ngg-galleryoverview ngg-ajax-pagination-none\"\n\tid=\"ngg-gallery-24202-1\">\n\n    \t<div class=\"slideshowlink\">\n        <a href='https:\/\/www.freimarianne.ch\/index.php\/nggallery\/slideshow?page_id=23983'>[Show as slideshow]<\/a>\n\t\t\n\t<\/div>\n\t\t\t<!-- Thumbnails -->\n\t\t\t\t<div id=\"ngg-image-0\" class=\"ngg-gallery-thumbnail-box\" >\n\t\t\t\t        <div class=\"ngg-gallery-thumbnail\">\n            <a href=\"https:\/\/www.freimarianne.ch\/wp-content\/gallery\/sorenberg-23-5-17\/IMG_-7580-82.jpg\"\n               title=\"Brienzerrothornkette\"\n               data-src=\"https:\/\/www.freimarianne.ch\/wp-content\/gallery\/sorenberg-23-5-17\/IMG_-7580-82.jpg\"\n               data-thumbnail=\"https:\/\/www.freimarianne.ch\/wp-content\/gallery\/sorenberg-23-5-17\/thumbs\/thumbs_IMG_-7580-82.jpg\"\n               data-image-id=\"15728\"\n               data-title=\"Brienzerrothornkette\"\n               data-description=\"Brienzerrothornkette\"\n               data-image-slug=\"img_-7580-82\"\n               class=\"shutterset_24202\">\n                <img\n                    title=\"Brienzerrothornkette\"\n                    alt=\"Brienzerrothornkette\"\n                    src=\"https:\/\/www.freimarianne.ch\/wp-content\/gallery\/sorenberg-23-5-17\/thumbs\/thumbs_IMG_-7580-82.jpg\"\n                    width=\"100\"\n                    height=\"75\"\n                    style=\"max-width:100%;\"\n                \/>\n            <\/a>\n        <\/div>\n\t\t\t\t\t\t\t<\/div> \n\t\t\t\n        \n\t\t\t\t<div id=\"ngg-image-1\" class=\"ngg-gallery-thumbnail-box\" >\n\t\t\t\t        <div class=\"ngg-gallery-thumbnail\">\n            <a href=\"https:\/\/www.freimarianne.ch\/wp-content\/gallery\/sorenberg-23-5-17\/IMG_7537.jpg\"\n               title=\"ein sch\u00f6ner Wanderweg hinauf zur Salwide\"\n               data-src=\"https:\/\/www.freimarianne.ch\/wp-content\/gallery\/sorenberg-23-5-17\/IMG_7537.jpg\"\n               data-thumbnail=\"https:\/\/www.freimarianne.ch\/wp-content\/gallery\/sorenberg-23-5-17\/thumbs\/thumbs_IMG_7537.jpg\"\n               data-image-id=\"15727\"\n               data-title=\"ein sch\u00c3\u00b6ner Wanderweg hinauf zur Salwide\"\n               data-description=\"ein sch\u00f6ner Wanderweg hinauf zur Salwide\"\n               data-image-slug=\"img_7537-1\"\n               class=\"shutterset_24202\">\n                <img\n                    title=\"ein sch\u00c3\u00b6ner Wanderweg hinauf zur Salwide\"\n                    alt=\"ein sch\u00c3\u00b6ner Wanderweg hinauf zur Salwide\"\n                    src=\"https:\/\/www.freimarianne.ch\/wp-content\/gallery\/sorenberg-23-5-17\/thumbs\/thumbs_IMG_7537.jpg\"\n                    width=\"100\"\n                    height=\"75\"\n                    style=\"max-width:100%;\"\n                \/>\n            <\/a>\n        <\/div>\n\t\t\t\t\t\t\t<\/div> \n\t\t\t\n        \n\t\t\t\t<div id=\"ngg-image-2\" class=\"ngg-gallery-thumbnail-box\" >\n\t\t\t\t        <div class=\"ngg-gallery-thumbnail\">\n            <a href=\"https:\/\/www.freimarianne.ch\/wp-content\/gallery\/sorenberg-23-5-17\/IMG_7538.jpg\"\n               title=\"Brienzerrothornkette\"\n               data-src=\"https:\/\/www.freimarianne.ch\/wp-content\/gallery\/sorenberg-23-5-17\/IMG_7538.jpg\"\n               data-thumbnail=\"https:\/\/www.freimarianne.ch\/wp-content\/gallery\/sorenberg-23-5-17\/thumbs\/thumbs_IMG_7538.jpg\"\n               data-image-id=\"15726\"\n               data-title=\"Brienzerrothornkette\"\n               data-description=\"Brienzerrothornkette\"\n               data-image-slug=\"img_7538-1\"\n               class=\"shutterset_24202\">\n                <img\n                    title=\"Brienzerrothornkette\"\n                    alt=\"Brienzerrothornkette\"\n                    src=\"https:\/\/www.freimarianne.ch\/wp-content\/gallery\/sorenberg-23-5-17\/thumbs\/thumbs_IMG_7538.jpg\"\n                    width=\"100\"\n                    height=\"75\"\n                    style=\"max-width:100%;\"\n                \/>\n            <\/a>\n        <\/div>\n\t\t\t\t\t\t\t<\/div> \n\t\t\t\n        \n\t\t\t\t<div id=\"ngg-image-3\" class=\"ngg-gallery-thumbnail-box\" >\n\t\t\t\t        <div class=\"ngg-gallery-thumbnail\">\n            <a href=\"https:\/\/www.freimarianne.ch\/wp-content\/gallery\/sorenberg-23-5-17\/IMG_7543.jpg\"\n               title=\"Sumpfdotterblume, Caltha palustris\"\n               data-src=\"https:\/\/www.freimarianne.ch\/wp-content\/gallery\/sorenberg-23-5-17\/IMG_7543.jpg\"\n               data-thumbnail=\"https:\/\/www.freimarianne.ch\/wp-content\/gallery\/sorenberg-23-5-17\/thumbs\/thumbs_IMG_7543.jpg\"\n               data-image-id=\"15725\"\n               data-title=\"Sumpfdotterblume, Caltha palustris\"\n               data-description=\"Sumpfdotterblume, Caltha palustris\"\n               data-image-slug=\"img_7543\"\n               class=\"shutterset_24202\">\n                <img\n                    title=\"Sumpfdotterblume, Caltha palustris\"\n                    alt=\"Sumpfdotterblume, Caltha palustris\"\n                    src=\"https:\/\/www.freimarianne.ch\/wp-content\/gallery\/sorenberg-23-5-17\/thumbs\/thumbs_IMG_7543.jpg\"\n                    width=\"100\"\n                    height=\"75\"\n                    style=\"max-width:100%;\"\n                \/>\n            <\/a>\n        <\/div>\n\t\t\t\t\t\t\t<\/div> \n\t\t\t\n        \n\t\t\t\t<div id=\"ngg-image-4\" class=\"ngg-gallery-thumbnail-box\" >\n\t\t\t\t        <div class=\"ngg-gallery-thumbnail\">\n            <a href=\"https:\/\/www.freimarianne.ch\/wp-content\/gallery\/sorenberg-23-5-17\/IMG_7544.jpg\"\n               title=\"mit Schrattenflue\"\n               data-src=\"https:\/\/www.freimarianne.ch\/wp-content\/gallery\/sorenberg-23-5-17\/IMG_7544.jpg\"\n               data-thumbnail=\"https:\/\/www.freimarianne.ch\/wp-content\/gallery\/sorenberg-23-5-17\/thumbs\/thumbs_IMG_7544.jpg\"\n               data-image-id=\"15724\"\n               data-title=\"mit Schrattenflue\"\n               data-description=\"mit Schrattenflue\"\n               data-image-slug=\"img_7544-4\"\n               class=\"shutterset_24202\">\n                <img\n                    title=\"mit Schrattenflue\"\n                    alt=\"mit Schrattenflue\"\n                    src=\"https:\/\/www.freimarianne.ch\/wp-content\/gallery\/sorenberg-23-5-17\/thumbs\/thumbs_IMG_7544.jpg\"\n                    width=\"100\"\n                    height=\"75\"\n                    style=\"max-width:100%;\"\n                \/>\n            <\/a>\n        <\/div>\n\t\t\t\t\t\t\t<\/div> \n\t\t\t\n        \n\t\t\t\t<div id=\"ngg-image-5\" class=\"ngg-gallery-thumbnail-box\" >\n\t\t\t\t        <div class=\"ngg-gallery-thumbnail\">\n            <a href=\"https:\/\/www.freimarianne.ch\/wp-content\/gallery\/sorenberg-23-5-17\/IMG_7552.jpg\"\n               title=\"Hohgant, Schibeng\u00fctsch\"\n               data-src=\"https:\/\/www.freimarianne.ch\/wp-content\/gallery\/sorenberg-23-5-17\/IMG_7552.jpg\"\n               data-thumbnail=\"https:\/\/www.freimarianne.ch\/wp-content\/gallery\/sorenberg-23-5-17\/thumbs\/thumbs_IMG_7552.jpg\"\n               data-image-id=\"15723\"\n               data-title=\"Hohgant, Schibeng\u00c3\u00bctsch\"\n               data-description=\"Hohgant, Schibeng\u00fctsch\"\n               data-image-slug=\"img_7552-1\"\n               class=\"shutterset_24202\">\n                <img\n                    title=\"Hohgant, Schibeng\u00c3\u00bctsch\"\n                    alt=\"Hohgant, Schibeng\u00c3\u00bctsch\"\n                    src=\"https:\/\/www.freimarianne.ch\/wp-content\/gallery\/sorenberg-23-5-17\/thumbs\/thumbs_IMG_7552.jpg\"\n                    width=\"100\"\n                    height=\"75\"\n                    style=\"max-width:100%;\"\n                \/>\n            <\/a>\n        <\/div>\n\t\t\t\t\t\t\t<\/div> \n\t\t\t\n        \n\t\t\t\t<div id=\"ngg-image-6\" class=\"ngg-gallery-thumbnail-box\" >\n\t\t\t\t        <div class=\"ngg-gallery-thumbnail\">\n            <a href=\"https:\/\/www.freimarianne.ch\/wp-content\/gallery\/sorenberg-23-5-17\/IMG_7557.jpg\"\n               title=\"Sicht gegen Rothornkette\"\n               data-src=\"https:\/\/www.freimarianne.ch\/wp-content\/gallery\/sorenberg-23-5-17\/IMG_7557.jpg\"\n               data-thumbnail=\"https:\/\/www.freimarianne.ch\/wp-content\/gallery\/sorenberg-23-5-17\/thumbs\/thumbs_IMG_7557.jpg\"\n               data-image-id=\"15722\"\n               data-title=\"Sicht gegen Rothornkette\"\n               data-description=\"Sicht gegen Rothornkette\"\n               data-image-slug=\"img_7557\"\n               class=\"shutterset_24202\">\n                <img\n                    title=\"Sicht gegen Rothornkette\"\n                    alt=\"Sicht gegen Rothornkette\"\n                    src=\"https:\/\/www.freimarianne.ch\/wp-content\/gallery\/sorenberg-23-5-17\/thumbs\/thumbs_IMG_7557.jpg\"\n                    width=\"100\"\n                    height=\"75\"\n                    style=\"max-width:100%;\"\n                \/>\n            <\/a>\n        <\/div>\n\t\t\t\t\t\t\t<\/div> \n\t\t\t\n        \n\t\t\t\t<div id=\"ngg-image-7\" class=\"ngg-gallery-thumbnail-box\" >\n\t\t\t\t        <div class=\"ngg-gallery-thumbnail\">\n            <a href=\"https:\/\/www.freimarianne.ch\/wp-content\/gallery\/sorenberg-23-5-17\/IMG_7566.jpg\"\n               title=\"Talgrund bei Blatten\"\n               data-src=\"https:\/\/www.freimarianne.ch\/wp-content\/gallery\/sorenberg-23-5-17\/IMG_7566.jpg\"\n               data-thumbnail=\"https:\/\/www.freimarianne.ch\/wp-content\/gallery\/sorenberg-23-5-17\/thumbs\/thumbs_IMG_7566.jpg\"\n               data-image-id=\"15721\"\n               data-title=\"Talgrund bei Blatten\"\n               data-description=\"Talgrund bei Blatten\"\n               data-image-slug=\"img_7566-3\"\n               class=\"shutterset_24202\">\n                <img\n                    title=\"Talgrund bei Blatten\"\n                    alt=\"Talgrund bei Blatten\"\n                    src=\"https:\/\/www.freimarianne.ch\/wp-content\/gallery\/sorenberg-23-5-17\/thumbs\/thumbs_IMG_7566.jpg\"\n                    width=\"100\"\n                    height=\"75\"\n                    style=\"max-width:100%;\"\n                \/>\n            <\/a>\n        <\/div>\n\t\t\t\t\t\t\t<\/div> \n\t\t\t\n        \n\t\t\t\t<div id=\"ngg-image-8\" class=\"ngg-gallery-thumbnail-box\" >\n\t\t\t\t        <div class=\"ngg-gallery-thumbnail\">\n            <a href=\"https:\/\/www.freimarianne.ch\/wp-content\/gallery\/sorenberg-23-5-17\/IMG_7575.jpg\"\n               title=\"Salwideli 1353m\"\n               data-src=\"https:\/\/www.freimarianne.ch\/wp-content\/gallery\/sorenberg-23-5-17\/IMG_7575.jpg\"\n               data-thumbnail=\"https:\/\/www.freimarianne.ch\/wp-content\/gallery\/sorenberg-23-5-17\/thumbs\/thumbs_IMG_7575.jpg\"\n               data-image-id=\"15720\"\n               data-title=\"Salwideli 1353m\"\n               data-description=\"Salwideli 1353m\"\n               data-image-slug=\"img_7575-3\"\n               class=\"shutterset_24202\">\n                <img\n                    title=\"Salwideli 1353m\"\n                    alt=\"Salwideli 1353m\"\n                    src=\"https:\/\/www.freimarianne.ch\/wp-content\/gallery\/sorenberg-23-5-17\/thumbs\/thumbs_IMG_7575.jpg\"\n                    width=\"100\"\n                    height=\"75\"\n                    style=\"max-width:100%;\"\n                \/>\n            <\/a>\n        <\/div>\n\t\t\t\t\t\t\t<\/div> \n\t\t\t\n        \n\t\t\t\t<div id=\"ngg-image-9\" class=\"ngg-gallery-thumbnail-box\" >\n\t\t\t\t        <div class=\"ngg-gallery-thumbnail\">\n            <a href=\"https:\/\/www.freimarianne.ch\/wp-content\/gallery\/sorenberg-23-5-17\/IMG_7585.jpg\"\n               title=\"Restaurant bei Schlund\"\n               data-src=\"https:\/\/www.freimarianne.ch\/wp-content\/gallery\/sorenberg-23-5-17\/IMG_7585.jpg\"\n               data-thumbnail=\"https:\/\/www.freimarianne.ch\/wp-content\/gallery\/sorenberg-23-5-17\/thumbs\/thumbs_IMG_7585.jpg\"\n               data-image-id=\"15719\"\n               data-title=\"Restaurant bei Schlund\"\n               data-description=\"Restaurant bei Schlund\"\n               data-image-slug=\"img_7585-3\"\n               class=\"shutterset_24202\">\n                <img\n                    title=\"Restaurant bei Schlund\"\n                    alt=\"Restaurant bei Schlund\"\n                    src=\"https:\/\/www.freimarianne.ch\/wp-content\/gallery\/sorenberg-23-5-17\/thumbs\/thumbs_IMG_7585.jpg\"\n                    width=\"100\"\n                    height=\"75\"\n                    style=\"max-width:100%;\"\n                \/>\n            <\/a>\n        <\/div>\n\t\t\t\t\t\t\t<\/div> \n\t\t\t\n        \n\t\t\t\t<div id=\"ngg-image-10\" class=\"ngg-gallery-thumbnail-box\" >\n\t\t\t\t        <div class=\"ngg-gallery-thumbnail\">\n            <a href=\"https:\/\/www.freimarianne.ch\/wp-content\/gallery\/sorenberg-23-5-17\/IMG_7589.jpg\"\n               title=\"Weg durch  das Moorgebiet\"\n               data-src=\"https:\/\/www.freimarianne.ch\/wp-content\/gallery\/sorenberg-23-5-17\/IMG_7589.jpg\"\n               data-thumbnail=\"https:\/\/www.freimarianne.ch\/wp-content\/gallery\/sorenberg-23-5-17\/thumbs\/thumbs_IMG_7589.jpg\"\n               data-image-id=\"15718\"\n               data-title=\"Weg durch  das Moorgebiet\"\n               data-description=\"Weg durch  das Moorgebiet\"\n               data-image-slug=\"img_7589-3\"\n               class=\"shutterset_24202\">\n                <img\n                    title=\"Weg durch  das Moorgebiet\"\n                    alt=\"Weg durch  das Moorgebiet\"\n                    src=\"https:\/\/www.freimarianne.ch\/wp-content\/gallery\/sorenberg-23-5-17\/thumbs\/thumbs_IMG_7589.jpg\"\n                    width=\"100\"\n                    height=\"75\"\n                    style=\"max-width:100%;\"\n                \/>\n            <\/a>\n        <\/div>\n\t\t\t\t\t\t\t<\/div> \n\t\t\t\n        \n\t\t\t\t<div id=\"ngg-image-11\" class=\"ngg-gallery-thumbnail-box\" >\n\t\t\t\t        <div class=\"ngg-gallery-thumbnail\">\n            <a href=\"https:\/\/www.freimarianne.ch\/wp-content\/gallery\/sorenberg-23-5-17\/IMG_7594.jpg\"\n               title=\"St\u00e4cheleggstall\"\n               data-src=\"https:\/\/www.freimarianne.ch\/wp-content\/gallery\/sorenberg-23-5-17\/IMG_7594.jpg\"\n               data-thumbnail=\"https:\/\/www.freimarianne.ch\/wp-content\/gallery\/sorenberg-23-5-17\/thumbs\/thumbs_IMG_7594.jpg\"\n               data-image-id=\"15717\"\n               data-title=\"St\u00c3\u00a4cheleggstall\"\n               data-description=\"St\u00e4cheleggstall\"\n               data-image-slug=\"img_7594-3\"\n               class=\"shutterset_24202\">\n                <img\n                    title=\"St\u00c3\u00a4cheleggstall\"\n                    alt=\"St\u00c3\u00a4cheleggstall\"\n                    src=\"https:\/\/www.freimarianne.ch\/wp-content\/gallery\/sorenberg-23-5-17\/thumbs\/thumbs_IMG_7594.jpg\"\n                    width=\"100\"\n                    height=\"75\"\n                    style=\"max-width:100%;\"\n                \/>\n            <\/a>\n        <\/div>\n\t\t\t\t\t\t\t<\/div> \n\t\t\t\n        \n\t\t\t\t<div id=\"ngg-image-12\" class=\"ngg-gallery-thumbnail-box\" >\n\t\t\t\t        <div class=\"ngg-gallery-thumbnail\">\n            <a href=\"https:\/\/www.freimarianne.ch\/wp-content\/gallery\/sorenberg-23-5-17\/IMG_7595.jpg\"\n               title=\"Blick gegen Fl\u00fchli\"\n               data-src=\"https:\/\/www.freimarianne.ch\/wp-content\/gallery\/sorenberg-23-5-17\/IMG_7595.jpg\"\n               data-thumbnail=\"https:\/\/www.freimarianne.ch\/wp-content\/gallery\/sorenberg-23-5-17\/thumbs\/thumbs_IMG_7595.jpg\"\n               data-image-id=\"15716\"\n               data-title=\"Blick gegen Fl\u00c3\u00bchli\"\n               data-description=\"Blick gegen Fl\u00fchli\"\n               data-image-slug=\"img_7595-1\"\n               class=\"shutterset_24202\">\n                <img\n                    title=\"Blick gegen Fl\u00c3\u00bchli\"\n                    alt=\"Blick gegen Fl\u00c3\u00bchli\"\n                    src=\"https:\/\/www.freimarianne.ch\/wp-content\/gallery\/sorenberg-23-5-17\/thumbs\/thumbs_IMG_7595.jpg\"\n                    width=\"100\"\n                    height=\"75\"\n                    style=\"max-width:100%;\"\n                \/>\n            <\/a>\n        <\/div>\n\t\t\t\t\t\t\t<\/div> \n\t\t\t\n        \n\t\t\n\t\t<!-- Pagination -->\n\t<div class='ngg-clear'><\/div>\t<\/div>\n<\/p>\n","protected":false},"excerpt":{"rendered":"<p>Wanderung von S\u00f6renberg nach Salwiden &#8211; gegen die Blattenegg &#8211; Salwideli &#8211; Wagliseiboden &#8211; Schlund &#8211; Hirsegg Schibeng\u00fctsch Von S\u00f6renberg aus nehme ich den Wanderweg, der in der N\u00e4he der beiden Skilifte gerade hinauf f\u00fchrt. Oben treffe ich auf den Weg, der von der Rossweid herkommt. So gelange ich auf Salwiden. Von dort aus muss [&hellip;]<\/p>\n","protected":false},"author":1,"featured_media":0,"parent":23152,"menu_order":18,"comment_status":"closed","ping_status":"closed","template":"","meta":{"ngg_post_thumbnail":0},"_links":{"self":[{"href":"https:\/\/www.freimarianne.ch\/index.php?rest_route=\/wp\/v2\/pages\/23983"}],"collection":[{"href":"https:\/\/www.freimarianne.ch\/index.php?rest_route=\/wp\/v2\/pages"}],"about":[{"href":"https:\/\/www.freimarianne.ch\/index.php?rest_route=\/wp\/v2\/types\/page"}],"author":[{"embeddable":true,"href":"https:\/\/www.freimarianne.ch\/index.php?rest_route=\/wp\/v2\/users\/1"}],"replies":[{"embeddable":true,"href":"https:\/\/www.freimarianne.ch\/index.php?rest_route=%2Fwp%2Fv2%2Fcomments&post=23983"}],"version-history":[{"count":3,"href":"https:\/\/www.freimarianne.ch\/index.php?rest_route=\/wp\/v2\/pages\/23983\/revisions"}],"predecessor-version":[{"id":24203,"href":"https:\/\/www.freimarianne.ch\/index.php?rest_route=\/wp\/v2\/pages\/23983\/revisions\/24203"}],"up":[{"embeddable":true,"href":"https:\/\/www.freimarianne.ch\/index.php?rest_route=\/wp\/v2\/pages\/23152"}],"wp:attachment":[{"href":"https:\/\/www.freimarianne.ch\/index.php?rest_route=%2Fwp%2Fv2%2Fmedia&parent=23983"}],"curies":[{"name":"wp","href":"https:\/\/api.w.org\/{rel}","templated":true}]}}