{"id":28066,"date":"2017-11-19T17:05:34","date_gmt":"2017-11-19T16:05:34","guid":{"rendered":"http:\/\/www.freimarianne.ch\/?page_id=28066"},"modified":"2017-11-19T17:12:11","modified_gmt":"2017-11-19T16:12:11","slug":"lenzerheide-gr-16-11-2017","status":"publish","type":"page","link":"https:\/\/www.freimarianne.ch\/?page_id=28066","title":{"rendered":"Lenzerheide GR  16.11.2017"},"content":{"rendered":"<p><strong>Lenzerheide<\/strong><\/p>\n<p><img loading=\"lazy\" class=\"size-full wp-image-28068\" src=\"http:\/\/www.freimarianne.ch\/wp-content\/uploads\/2017\/11\/IMG_1751_lenzerheide_500.jpg\" alt=\"\" width=\"500\" height=\"375\" srcset=\"https:\/\/www.freimarianne.ch\/wp-content\/uploads\/2017\/11\/IMG_1751_lenzerheide_500.jpg 500w, https:\/\/www.freimarianne.ch\/wp-content\/uploads\/2017\/11\/IMG_1751_lenzerheide_500-300x225.jpg 300w, https:\/\/www.freimarianne.ch\/wp-content\/uploads\/2017\/11\/IMG_1751_lenzerheide_500-400x300.jpg 400w\" sizes=\"(max-width: 500px) 100vw, 500px\" \/> G\u00fcrgaletsch 2441m, langer Grat, Parpaner Schwarzhorn 2683m, Parpaner Weisshorn 2824m<\/p>\n<p>Es hat schon hinuntergeschneit! Also los in die Berge, um den Schnee und den Sonnenschein zu geniessen! Ich w\u00e4hle die Lenzerheide als mein heutiges Ziel. Dort kann man um den See wandern und die wundersch\u00f6ne Landschaft geniessen. Ich habe meine grosse Kamera dabei, um Winterstimmungen einzusammeln. Nat\u00fcrlich ist das Umrunden des See inklusive Abstecher auf die Halbinsel kein Wanderprogramm aber ein Genussprogramm. Zum Abschluss gibt es noch einen Kaffee auf der Terrasse eines Caf\u00e9s bei der Eisbahn. Dann geht es wieder ins Unterland.<\/p>\n<p><!-- index.php -->\n<div\n\tclass=\"ngg-galleryoverview ngg-ajax-pagination-none\"\n\tid=\"ngg-gallery-28105-1\">\n\n    \t<div class=\"slideshowlink\">\n        <a href='https:\/\/www.freimarianne.ch\/index.php\/nggallery\/slideshow?page_id=28066'>[Show as slideshow]<\/a>\n\t\t\n\t<\/div>\n\t\t\t<!-- Thumbnails -->\n\t\t\t\t<div id=\"ngg-image-0\" class=\"ngg-gallery-thumbnail-box\" >\n\t\t\t\t        <div class=\"ngg-gallery-thumbnail\">\n            <a href=\"https:\/\/www.freimarianne.ch\/wp-content\/gallery\/lenzerheide-16-11-17\/IMG_1745.jpg\"\n               title=\"G\u00fcrgaletsch 2441m, langer Grat,  Parpaner Schwarzhorn 2683m, Parpaner Weisshorn 2824m\"\n               data-src=\"https:\/\/www.freimarianne.ch\/wp-content\/gallery\/lenzerheide-16-11-17\/IMG_1745.jpg\"\n               data-thumbnail=\"https:\/\/www.freimarianne.ch\/wp-content\/gallery\/lenzerheide-16-11-17\/thumbs\/thumbs_IMG_1745.jpg\"\n               data-image-id=\"17354\"\n               data-title=\"G\u00c3\u00bcrgaletsch 2441m, langer Grat,  Parpaner Schwarzhorn 2683m, Parpaner Weisshorn 2824m\"\n               data-description=\"G\u00fcrgaletsch 2441m, langer Grat,  Parpaner Schwarzhorn 2683m, Parpaner Weisshorn 2824m\"\n               data-image-slug=\"img_1745-3\"\n               class=\"shutterset_28105\">\n                <img\n                    title=\"G\u00c3\u00bcrgaletsch 2441m, langer Grat,  Parpaner Schwarzhorn 2683m, Parpaner Weisshorn 2824m\"\n                    alt=\"G\u00c3\u00bcrgaletsch 2441m, langer Grat,  Parpaner Schwarzhorn 2683m, Parpaner Weisshorn 2824m\"\n                    src=\"https:\/\/www.freimarianne.ch\/wp-content\/gallery\/lenzerheide-16-11-17\/thumbs\/thumbs_IMG_1745.jpg\"\n                    width=\"100\"\n                    height=\"75\"\n                    style=\"max-width:100%;\"\n                \/>\n            <\/a>\n        <\/div>\n\t\t\t\t\t\t\t<\/div> \n\t\t\t\n        \n\t\t\t\t<div id=\"ngg-image-1\" class=\"ngg-gallery-thumbnail-box\" >\n\t\t\t\t        <div class=\"ngg-gallery-thumbnail\">\n            <a href=\"https:\/\/www.freimarianne.ch\/wp-content\/gallery\/lenzerheide-16-11-17\/IMG_1747.jpg\"\n               title=\"Tanne gespiegelt auf dem Eis des Heidsee\"\n               data-src=\"https:\/\/www.freimarianne.ch\/wp-content\/gallery\/lenzerheide-16-11-17\/IMG_1747.jpg\"\n               data-thumbnail=\"https:\/\/www.freimarianne.ch\/wp-content\/gallery\/lenzerheide-16-11-17\/thumbs\/thumbs_IMG_1747.jpg\"\n               data-image-id=\"17353\"\n               data-title=\"Tanne gespiegelt auf dem Eis des Heidsee\"\n               data-description=\"Tanne gespiegelt auf dem Eis des Heidsee\"\n               data-image-slug=\"img_1747-1\"\n               class=\"shutterset_28105\">\n                <img\n                    title=\"Tanne gespiegelt auf dem Eis des Heidsee\"\n                    alt=\"Tanne gespiegelt auf dem Eis des Heidsee\"\n                    src=\"https:\/\/www.freimarianne.ch\/wp-content\/gallery\/lenzerheide-16-11-17\/thumbs\/thumbs_IMG_1747.jpg\"\n                    width=\"100\"\n                    height=\"75\"\n                    style=\"max-width:100%;\"\n                \/>\n            <\/a>\n        <\/div>\n\t\t\t\t\t\t\t<\/div> \n\t\t\t\n        \n\t\t\t\t<div id=\"ngg-image-2\" class=\"ngg-gallery-thumbnail-box\" >\n\t\t\t\t        <div class=\"ngg-gallery-thumbnail\">\n            <a href=\"https:\/\/www.freimarianne.ch\/wp-content\/gallery\/lenzerheide-16-11-17\/IMG_1748.jpg\"\n               title=\"Tannen gespiegelt auf dem Eis des Heidsee; G\u00fcrgaletsch 2441m, langer Grat,  Parpaner Schwarzhorn 2683m, Parpaner Weisshorn 2824m\"\n               data-src=\"https:\/\/www.freimarianne.ch\/wp-content\/gallery\/lenzerheide-16-11-17\/IMG_1748.jpg\"\n               data-thumbnail=\"https:\/\/www.freimarianne.ch\/wp-content\/gallery\/lenzerheide-16-11-17\/thumbs\/thumbs_IMG_1748.jpg\"\n               data-image-id=\"17352\"\n               data-title=\"Tannen gespiegelt auf dem Eis des Heidsee; G\u00c3\u00bcrgaletsch 2441m, langer Grat,  Parpaner Schwarzhorn 2683m, Parpaner Weisshorn 2824m\"\n               data-description=\"Tannen gespiegelt auf dem Eis des Heidsee; G\u00fcrgaletsch 2441m, langer Grat,  Parpaner Schwarzhorn 2683m, Parpaner Weisshorn 2824m\"\n               data-image-slug=\"img_1748-3\"\n               class=\"shutterset_28105\">\n                <img\n                    title=\"Tannen gespiegelt auf dem Eis des Heidsee; G\u00c3\u00bcrgaletsch 2441m, langer Grat,  Parpaner Schwarzhorn 2683m, Parpaner Weisshorn 2824m\"\n                    alt=\"Tannen gespiegelt auf dem Eis des Heidsee; G\u00c3\u00bcrgaletsch 2441m, langer Grat,  Parpaner Schwarzhorn 2683m, Parpaner Weisshorn 2824m\"\n                    src=\"https:\/\/www.freimarianne.ch\/wp-content\/gallery\/lenzerheide-16-11-17\/thumbs\/thumbs_IMG_1748.jpg\"\n                    width=\"100\"\n                    height=\"75\"\n                    style=\"max-width:100%;\"\n                \/>\n            <\/a>\n        <\/div>\n\t\t\t\t\t\t\t<\/div> \n\t\t\t\n        \n\t\t\t\t<div id=\"ngg-image-3\" class=\"ngg-gallery-thumbnail-box\" >\n\t\t\t\t        <div class=\"ngg-gallery-thumbnail\">\n            <a href=\"https:\/\/www.freimarianne.ch\/wp-content\/gallery\/lenzerheide-16-11-17\/IMG_1752.jpg\"\n               title=\"Winter -Sommer\"\n               data-src=\"https:\/\/www.freimarianne.ch\/wp-content\/gallery\/lenzerheide-16-11-17\/IMG_1752.jpg\"\n               data-thumbnail=\"https:\/\/www.freimarianne.ch\/wp-content\/gallery\/lenzerheide-16-11-17\/thumbs\/thumbs_IMG_1752.jpg\"\n               data-image-id=\"17351\"\n               data-title=\"Winter -Sommer\"\n               data-description=\"Winter -Sommer\"\n               data-image-slug=\"img_1752\"\n               class=\"shutterset_28105\">\n                <img\n                    title=\"Winter -Sommer\"\n                    alt=\"Winter -Sommer\"\n                    src=\"https:\/\/www.freimarianne.ch\/wp-content\/gallery\/lenzerheide-16-11-17\/thumbs\/thumbs_IMG_1752.jpg\"\n                    width=\"100\"\n                    height=\"75\"\n                    style=\"max-width:100%;\"\n                \/>\n            <\/a>\n        <\/div>\n\t\t\t\t\t\t\t<\/div> \n\t\t\t\n        \n\t\t\t\t<div id=\"ngg-image-4\" class=\"ngg-gallery-thumbnail-box\" >\n\t\t\t\t        <div class=\"ngg-gallery-thumbnail\">\n            <a href=\"https:\/\/www.freimarianne.ch\/wp-content\/gallery\/lenzerheide-16-11-17\/IMG_1757.jpg\"\n               title=\"eine einzelne L\u00e4rche; G\u00fcrgaletsch 2441m, langer Grat,  Parpaner Schwarzhorn 2683m, Parpaner Weisshorn 2824m\"\n               data-src=\"https:\/\/www.freimarianne.ch\/wp-content\/gallery\/lenzerheide-16-11-17\/IMG_1757.jpg\"\n               data-thumbnail=\"https:\/\/www.freimarianne.ch\/wp-content\/gallery\/lenzerheide-16-11-17\/thumbs\/thumbs_IMG_1757.jpg\"\n               data-image-id=\"17350\"\n               data-title=\"eine einzelne L\u00c3\u00a4rche; G\u00c3\u00bcrgaletsch 2441m, langer Grat,  Parpaner Schwarzhorn 2683m, Parpaner Weisshorn 2824m\"\n               data-description=\"eine einzelne L\u00e4rche; G\u00fcrgaletsch 2441m, langer Grat,  Parpaner Schwarzhorn 2683m, Parpaner Weisshorn 2824m\"\n               data-image-slug=\"img_1757-3\"\n               class=\"shutterset_28105\">\n                <img\n                    title=\"eine einzelne L\u00c3\u00a4rche; G\u00c3\u00bcrgaletsch 2441m, langer Grat,  Parpaner Schwarzhorn 2683m, Parpaner Weisshorn 2824m\"\n                    alt=\"eine einzelne L\u00c3\u00a4rche; G\u00c3\u00bcrgaletsch 2441m, langer Grat,  Parpaner Schwarzhorn 2683m, Parpaner Weisshorn 2824m\"\n                    src=\"https:\/\/www.freimarianne.ch\/wp-content\/gallery\/lenzerheide-16-11-17\/thumbs\/thumbs_IMG_1757.jpg\"\n                    width=\"100\"\n                    height=\"75\"\n                    style=\"max-width:100%;\"\n                \/>\n            <\/a>\n        <\/div>\n\t\t\t\t\t\t\t<\/div> \n\t\t\t\n        \n\t\t\t\t<div id=\"ngg-image-5\" class=\"ngg-gallery-thumbnail-box\" >\n\t\t\t\t        <div class=\"ngg-gallery-thumbnail\">\n            <a href=\"https:\/\/www.freimarianne.ch\/wp-content\/gallery\/lenzerheide-16-11-17\/IMG_1759.jpg\"\n               title=\"G\u00fcrgaletsch 2441m, langer Grat,  Parpaner Schwarzhorn 2683m\"\n               data-src=\"https:\/\/www.freimarianne.ch\/wp-content\/gallery\/lenzerheide-16-11-17\/IMG_1759.jpg\"\n               data-thumbnail=\"https:\/\/www.freimarianne.ch\/wp-content\/gallery\/lenzerheide-16-11-17\/thumbs\/thumbs_IMG_1759.jpg\"\n               data-image-id=\"17349\"\n               data-title=\"G\u00c3\u00bcrgaletsch 2441m, langer Grat,  Parpaner Schwarzhorn 2683m\"\n               data-description=\"G\u00fcrgaletsch 2441m, langer Grat,  Parpaner Schwarzhorn 2683m\"\n               data-image-slug=\"img_1759\"\n               class=\"shutterset_28105\">\n                <img\n                    title=\"G\u00c3\u00bcrgaletsch 2441m, langer Grat,  Parpaner Schwarzhorn 2683m\"\n                    alt=\"G\u00c3\u00bcrgaletsch 2441m, langer Grat,  Parpaner Schwarzhorn 2683m\"\n                    src=\"https:\/\/www.freimarianne.ch\/wp-content\/gallery\/lenzerheide-16-11-17\/thumbs\/thumbs_IMG_1759.jpg\"\n                    width=\"100\"\n                    height=\"75\"\n                    style=\"max-width:100%;\"\n                \/>\n            <\/a>\n        <\/div>\n\t\t\t\t\t\t\t<\/div> \n\t\t\t\n        \n\t\t\t\t<div id=\"ngg-image-6\" class=\"ngg-gallery-thumbnail-box\" >\n\t\t\t\t        <div class=\"ngg-gallery-thumbnail\">\n            <a href=\"https:\/\/www.freimarianne.ch\/wp-content\/gallery\/lenzerheide-16-11-17\/IMG_1760.jpg\"\n               title=\"am Heidsee\"\n               data-src=\"https:\/\/www.freimarianne.ch\/wp-content\/gallery\/lenzerheide-16-11-17\/IMG_1760.jpg\"\n               data-thumbnail=\"https:\/\/www.freimarianne.ch\/wp-content\/gallery\/lenzerheide-16-11-17\/thumbs\/thumbs_IMG_1760.jpg\"\n               data-image-id=\"17348\"\n               data-title=\"am Heidsee\"\n               data-description=\"am Heidsee\"\n               data-image-slug=\"img_1760-3\"\n               class=\"shutterset_28105\">\n                <img\n                    title=\"am Heidsee\"\n                    alt=\"am Heidsee\"\n                    src=\"https:\/\/www.freimarianne.ch\/wp-content\/gallery\/lenzerheide-16-11-17\/thumbs\/thumbs_IMG_1760.jpg\"\n                    width=\"100\"\n                    height=\"75\"\n                    style=\"max-width:100%;\"\n                \/>\n            <\/a>\n        <\/div>\n\t\t\t\t\t\t\t<\/div> \n\t\t\t\n        \n\t\t\t\t<div id=\"ngg-image-7\" class=\"ngg-gallery-thumbnail-box\" >\n\t\t\t\t        <div class=\"ngg-gallery-thumbnail\">\n            <a href=\"https:\/\/www.freimarianne.ch\/wp-content\/gallery\/lenzerheide-16-11-17\/IMG_1764.jpg\"\n               title=\"G\u00fcrgaletsch 2441m, langer Grat\"\n               data-src=\"https:\/\/www.freimarianne.ch\/wp-content\/gallery\/lenzerheide-16-11-17\/IMG_1764.jpg\"\n               data-thumbnail=\"https:\/\/www.freimarianne.ch\/wp-content\/gallery\/lenzerheide-16-11-17\/thumbs\/thumbs_IMG_1764.jpg\"\n               data-image-id=\"17347\"\n               data-title=\"G\u00c3\u00bcrgaletsch 2441m, langer Grat\"\n               data-description=\"G\u00fcrgaletsch 2441m, langer Grat\"\n               data-image-slug=\"img_1764-2\"\n               class=\"shutterset_28105\">\n                <img\n                    title=\"G\u00c3\u00bcrgaletsch 2441m, langer Grat\"\n                    alt=\"G\u00c3\u00bcrgaletsch 2441m, langer Grat\"\n                    src=\"https:\/\/www.freimarianne.ch\/wp-content\/gallery\/lenzerheide-16-11-17\/thumbs\/thumbs_IMG_1764.jpg\"\n                    width=\"100\"\n                    height=\"75\"\n                    style=\"max-width:100%;\"\n                \/>\n            <\/a>\n        <\/div>\n\t\t\t\t\t\t\t<\/div> \n\t\t\t\n        \n\t\t\t\t<div id=\"ngg-image-8\" class=\"ngg-gallery-thumbnail-box\" >\n\t\t\t\t        <div class=\"ngg-gallery-thumbnail\">\n            <a href=\"https:\/\/www.freimarianne.ch\/wp-content\/gallery\/lenzerheide-16-11-17\/IMG_1768.jpg\"\n               title=\"Winteridyll am Heidsee\"\n               data-src=\"https:\/\/www.freimarianne.ch\/wp-content\/gallery\/lenzerheide-16-11-17\/IMG_1768.jpg\"\n               data-thumbnail=\"https:\/\/www.freimarianne.ch\/wp-content\/gallery\/lenzerheide-16-11-17\/thumbs\/thumbs_IMG_1768.jpg\"\n               data-image-id=\"17346\"\n               data-title=\"Version 2\"\n               data-description=\"Winteridyll am Heidsee\"\n               data-image-slug=\"img_1768-2\"\n               class=\"shutterset_28105\">\n                <img\n                    title=\"Version 2\"\n                    alt=\"Version 2\"\n                    src=\"https:\/\/www.freimarianne.ch\/wp-content\/gallery\/lenzerheide-16-11-17\/thumbs\/thumbs_IMG_1768.jpg\"\n                    width=\"100\"\n                    height=\"75\"\n                    style=\"max-width:100%;\"\n                \/>\n            <\/a>\n        <\/div>\n\t\t\t\t\t\t\t<\/div> \n\t\t\t\n        \n\t\t\t\t<div id=\"ngg-image-9\" class=\"ngg-gallery-thumbnail-box\" >\n\t\t\t\t        <div class=\"ngg-gallery-thumbnail\">\n            <a href=\"https:\/\/www.freimarianne.ch\/wp-content\/gallery\/lenzerheide-16-11-17\/IMG_1771.jpg\"\n               title=\"der erste Schneemann\"\n               data-src=\"https:\/\/www.freimarianne.ch\/wp-content\/gallery\/lenzerheide-16-11-17\/IMG_1771.jpg\"\n               data-thumbnail=\"https:\/\/www.freimarianne.ch\/wp-content\/gallery\/lenzerheide-16-11-17\/thumbs\/thumbs_IMG_1771.jpg\"\n               data-image-id=\"17345\"\n               data-title=\"Version 2\"\n               data-description=\"der erste Schneemann\"\n               data-image-slug=\"img_1771-1\"\n               class=\"shutterset_28105\">\n                <img\n                    title=\"Version 2\"\n                    alt=\"Version 2\"\n                    src=\"https:\/\/www.freimarianne.ch\/wp-content\/gallery\/lenzerheide-16-11-17\/thumbs\/thumbs_IMG_1771.jpg\"\n                    width=\"100\"\n                    height=\"75\"\n                    style=\"max-width:100%;\"\n                \/>\n            <\/a>\n        <\/div>\n\t\t\t\t\t\t\t<\/div> \n\t\t\t\n        \n\t\t\t\t<div id=\"ngg-image-10\" class=\"ngg-gallery-thumbnail-box\" >\n\t\t\t\t        <div class=\"ngg-gallery-thumbnail\">\n            <a href=\"https:\/\/www.freimarianne.ch\/wp-content\/gallery\/lenzerheide-16-11-17\/IMG_1773.jpg\"\n               title=\"am Heidsee\"\n               data-src=\"https:\/\/www.freimarianne.ch\/wp-content\/gallery\/lenzerheide-16-11-17\/IMG_1773.jpg\"\n               data-thumbnail=\"https:\/\/www.freimarianne.ch\/wp-content\/gallery\/lenzerheide-16-11-17\/thumbs\/thumbs_IMG_1773.jpg\"\n               data-image-id=\"17344\"\n               data-title=\"am Heidsee\"\n               data-description=\"am Heidsee\"\n               data-image-slug=\"img_1773\"\n               class=\"shutterset_28105\">\n                <img\n                    title=\"am Heidsee\"\n                    alt=\"am Heidsee\"\n                    src=\"https:\/\/www.freimarianne.ch\/wp-content\/gallery\/lenzerheide-16-11-17\/thumbs\/thumbs_IMG_1773.jpg\"\n                    width=\"100\"\n                    height=\"75\"\n                    style=\"max-width:100%;\"\n                \/>\n            <\/a>\n        <\/div>\n\t\t\t\t\t\t\t<\/div> \n\t\t\t\n        \n\t\t\t\t<div id=\"ngg-image-11\" class=\"ngg-gallery-thumbnail-box\" >\n\t\t\t\t        <div class=\"ngg-gallery-thumbnail\">\n            <a href=\"https:\/\/www.freimarianne.ch\/wp-content\/gallery\/lenzerheide-16-11-17\/IMG_1775.jpg\"\n               title=\"Enten im Heidsee\"\n               data-src=\"https:\/\/www.freimarianne.ch\/wp-content\/gallery\/lenzerheide-16-11-17\/IMG_1775.jpg\"\n               data-thumbnail=\"https:\/\/www.freimarianne.ch\/wp-content\/gallery\/lenzerheide-16-11-17\/thumbs\/thumbs_IMG_1775.jpg\"\n               data-image-id=\"17343\"\n               data-title=\"Version 2\"\n               data-description=\"Enten im Heidsee\"\n               data-image-slug=\"img_1775-2\"\n               class=\"shutterset_28105\">\n                <img\n                    title=\"Version 2\"\n                    alt=\"Version 2\"\n                    src=\"https:\/\/www.freimarianne.ch\/wp-content\/gallery\/lenzerheide-16-11-17\/thumbs\/thumbs_IMG_1775.jpg\"\n                    width=\"100\"\n                    height=\"75\"\n                    style=\"max-width:100%;\"\n                \/>\n            <\/a>\n        <\/div>\n\t\t\t\t\t\t\t<\/div> \n\t\t\t\n        \n\t\t\t\t<div id=\"ngg-image-12\" class=\"ngg-gallery-thumbnail-box\" >\n\t\t\t\t        <div class=\"ngg-gallery-thumbnail\">\n            <a href=\"https:\/\/www.freimarianne.ch\/wp-content\/gallery\/lenzerheide-16-11-17\/IMG_1783.jpg\"\n               title=\"Piz Scalottas 2322m, Piz Danis 2497m\"\n               data-src=\"https:\/\/www.freimarianne.ch\/wp-content\/gallery\/lenzerheide-16-11-17\/IMG_1783.jpg\"\n               data-thumbnail=\"https:\/\/www.freimarianne.ch\/wp-content\/gallery\/lenzerheide-16-11-17\/thumbs\/thumbs_IMG_1783.jpg\"\n               data-image-id=\"17342\"\n               data-title=\"Piz Scalottas 2322m, Piz Danis 2497m\"\n               data-description=\"Piz Scalottas 2322m, Piz Danis 2497m\"\n               data-image-slug=\"img_1783\"\n               class=\"shutterset_28105\">\n                <img\n                    title=\"Piz Scalottas 2322m, Piz Danis 2497m\"\n                    alt=\"Piz Scalottas 2322m, Piz Danis 2497m\"\n                    src=\"https:\/\/www.freimarianne.ch\/wp-content\/gallery\/lenzerheide-16-11-17\/thumbs\/thumbs_IMG_1783.jpg\"\n                    width=\"100\"\n                    height=\"75\"\n                    style=\"max-width:100%;\"\n                \/>\n            <\/a>\n        <\/div>\n\t\t\t\t\t\t\t<\/div> \n\t\t\t\n        \n\t\t\t\t<div id=\"ngg-image-13\" class=\"ngg-gallery-thumbnail-box\" >\n\t\t\t\t        <div class=\"ngg-gallery-thumbnail\">\n            <a href=\"https:\/\/www.freimarianne.ch\/wp-content\/gallery\/lenzerheide-16-11-17\/IMG_1785.jpg\"\n               title=\"Piz Curv\u00e9r 2971m, Crap la Pala 2151m; Winteridylle am Heidsee\"\n               data-src=\"https:\/\/www.freimarianne.ch\/wp-content\/gallery\/lenzerheide-16-11-17\/IMG_1785.jpg\"\n               data-thumbnail=\"https:\/\/www.freimarianne.ch\/wp-content\/gallery\/lenzerheide-16-11-17\/thumbs\/thumbs_IMG_1785.jpg\"\n               data-image-id=\"17341\"\n               data-title=\"Piz Curv\u00c3\u00a9r 2971m, Crap la Pala 2151m; Winteridylle am Heidsee\"\n               data-description=\"Piz Curv\u00e9r 2971m, Crap la Pala 2151m; Winteridylle am Heidsee\"\n               data-image-slug=\"img_1785-3\"\n               class=\"shutterset_28105\">\n                <img\n                    title=\"Piz Curv\u00c3\u00a9r 2971m, Crap la Pala 2151m; Winteridylle am Heidsee\"\n                    alt=\"Piz Curv\u00c3\u00a9r 2971m, Crap la Pala 2151m; Winteridylle am Heidsee\"\n                    src=\"https:\/\/www.freimarianne.ch\/wp-content\/gallery\/lenzerheide-16-11-17\/thumbs\/thumbs_IMG_1785.jpg\"\n                    width=\"100\"\n                    height=\"75\"\n                    style=\"max-width:100%;\"\n                \/>\n            <\/a>\n        <\/div>\n\t\t\t\t\t\t\t<\/div> \n\t\t\t\n        \n\t\t\t\t<div id=\"ngg-image-14\" class=\"ngg-gallery-thumbnail-box\" >\n\t\t\t\t        <div class=\"ngg-gallery-thumbnail\">\n            <a href=\"https:\/\/www.freimarianne.ch\/wp-content\/gallery\/lenzerheide-16-11-17\/IMG_1793.jpg\"\n               title=\"Piz Forbesch 3261m, Piz Toissa 2657m, Piz Curv\u00e9r 2971m; Winteridylle am Heidsee\"\n               data-src=\"https:\/\/www.freimarianne.ch\/wp-content\/gallery\/lenzerheide-16-11-17\/IMG_1793.jpg\"\n               data-thumbnail=\"https:\/\/www.freimarianne.ch\/wp-content\/gallery\/lenzerheide-16-11-17\/thumbs\/thumbs_IMG_1793.jpg\"\n               data-image-id=\"17340\"\n               data-title=\"Piz Forbesch 3261m, Piz Toissa 2657m, Piz Curv\u00c3\u00a9r 2971m; Winteridylle am Heidsee\"\n               data-description=\"Piz Forbesch 3261m, Piz Toissa 2657m, Piz Curv\u00e9r 2971m; Winteridylle am Heidsee\"\n               data-image-slug=\"img_1793-2\"\n               class=\"shutterset_28105\">\n                <img\n                    title=\"Piz Forbesch 3261m, Piz Toissa 2657m, Piz Curv\u00c3\u00a9r 2971m; Winteridylle am Heidsee\"\n                    alt=\"Piz Forbesch 3261m, Piz Toissa 2657m, Piz Curv\u00c3\u00a9r 2971m; Winteridylle am Heidsee\"\n                    src=\"https:\/\/www.freimarianne.ch\/wp-content\/gallery\/lenzerheide-16-11-17\/thumbs\/thumbs_IMG_1793.jpg\"\n                    width=\"100\"\n                    height=\"75\"\n                    style=\"max-width:100%;\"\n                \/>\n            <\/a>\n        <\/div>\n\t\t\t\t\t\t\t<\/div> \n\t\t\t\n        \n\t\t\t\t<div id=\"ngg-image-15\" class=\"ngg-gallery-thumbnail-box\" >\n\t\t\t\t        <div class=\"ngg-gallery-thumbnail\">\n            <a href=\"https:\/\/www.freimarianne.ch\/wp-content\/gallery\/lenzerheide-16-11-17\/IMG_1795.jpg\"\n               title=\"Piz Naira 2870m, Lenzerhorn 2906m; Winteridylle am Heidsee\"\n               data-src=\"https:\/\/www.freimarianne.ch\/wp-content\/gallery\/lenzerheide-16-11-17\/IMG_1795.jpg\"\n               data-thumbnail=\"https:\/\/www.freimarianne.ch\/wp-content\/gallery\/lenzerheide-16-11-17\/thumbs\/thumbs_IMG_1795.jpg\"\n               data-image-id=\"17339\"\n               data-title=\"Piz Naira 2870m, Lenzerhorn 2906m; Winteridylle am Heidsee\"\n               data-description=\"Piz Naira 2870m, Lenzerhorn 2906m; Winteridylle am Heidsee\"\n               data-image-slug=\"img_1795-3\"\n               class=\"shutterset_28105\">\n                <img\n                    title=\"Piz Naira 2870m, Lenzerhorn 2906m; Winteridylle am Heidsee\"\n                    alt=\"Piz Naira 2870m, Lenzerhorn 2906m; Winteridylle am Heidsee\"\n                    src=\"https:\/\/www.freimarianne.ch\/wp-content\/gallery\/lenzerheide-16-11-17\/thumbs\/thumbs_IMG_1795.jpg\"\n                    width=\"100\"\n                    height=\"75\"\n                    style=\"max-width:100%;\"\n                \/>\n            <\/a>\n        <\/div>\n\t\t\t\t\t\t\t<\/div> \n\t\t\t\n        \n\t\t\n\t\t<!-- Pagination -->\n\t<div class='ngg-clear'><\/div>\t<\/div>\n<\/p>\n","protected":false},"excerpt":{"rendered":"<p>Lenzerheide G\u00fcrgaletsch 2441m, langer Grat, Parpaner Schwarzhorn 2683m, Parpaner Weisshorn 2824m Es hat schon hinuntergeschneit! Also los in die Berge, um den Schnee und den Sonnenschein zu geniessen! Ich w\u00e4hle die Lenzerheide als mein heutiges Ziel. Dort kann man um den See wandern und die wundersch\u00f6ne Landschaft geniessen. Ich habe meine grosse Kamera dabei, um [&hellip;]<\/p>\n","protected":false},"author":1,"featured_media":0,"parent":26690,"menu_order":24,"comment_status":"closed","ping_status":"closed","template":"","meta":{"ngg_post_thumbnail":0},"_links":{"self":[{"href":"https:\/\/www.freimarianne.ch\/index.php?rest_route=\/wp\/v2\/pages\/28066"}],"collection":[{"href":"https:\/\/www.freimarianne.ch\/index.php?rest_route=\/wp\/v2\/pages"}],"about":[{"href":"https:\/\/www.freimarianne.ch\/index.php?rest_route=\/wp\/v2\/types\/page"}],"author":[{"embeddable":true,"href":"https:\/\/www.freimarianne.ch\/index.php?rest_route=\/wp\/v2\/users\/1"}],"replies":[{"embeddable":true,"href":"https:\/\/www.freimarianne.ch\/index.php?rest_route=%2Fwp%2Fv2%2Fcomments&post=28066"}],"version-history":[{"count":4,"href":"https:\/\/www.freimarianne.ch\/index.php?rest_route=\/wp\/v2\/pages\/28066\/revisions"}],"predecessor-version":[{"id":28106,"href":"https:\/\/www.freimarianne.ch\/index.php?rest_route=\/wp\/v2\/pages\/28066\/revisions\/28106"}],"up":[{"embeddable":true,"href":"https:\/\/www.freimarianne.ch\/index.php?rest_route=\/wp\/v2\/pages\/26690"}],"wp:attachment":[{"href":"https:\/\/www.freimarianne.ch\/index.php?rest_route=%2Fwp%2Fv2%2Fmedia&parent=28066"}],"curies":[{"name":"wp","href":"https:\/\/api.w.org\/{rel}","templated":true}]}}