{"id":30054,"date":"2018-06-03T09:35:42","date_gmt":"2018-06-03T08:35:42","guid":{"rendered":"http:\/\/www.freimarianne.ch\/?page_id=30054"},"modified":"2018-07-03T09:00:03","modified_gmt":"2018-07-03T08:00:03","slug":"kykladen-20-5-2018","status":"publish","type":"page","link":"https:\/\/www.freimarianne.ch\/?page_id=30054","title":{"rendered":"Kykladen 21.5.2018"},"content":{"rendered":"<p><strong>21.5.2018: Transfer von Naxos nach Amorgos<\/strong><br \/>\n<strong>Stadtf\u00fchrung in Naxos, Fahrt nach Amorgos<\/strong><\/p>\n<p><img loading=\"lazy\" class=\"size-full wp-image-30077\" src=\"http:\/\/www.freimarianne.ch\/wp-content\/uploads\/2018\/06\/IMG_5058_21.5.18_500.jpg\" alt=\"\" width=\"500\" height=\"375\" srcset=\"https:\/\/www.freimarianne.ch\/wp-content\/uploads\/2018\/06\/IMG_5058_21.5.18_500.jpg 500w, https:\/\/www.freimarianne.ch\/wp-content\/uploads\/2018\/06\/IMG_5058_21.5.18_500-300x225.jpg 300w, https:\/\/www.freimarianne.ch\/wp-content\/uploads\/2018\/06\/IMG_5058_21.5.18_500-400x300.jpg 400w\" sizes=\"(max-width: 500px) 100vw, 500px\" \/> Palatia, Sanctury of Delian Apollo<\/p>\n<p>Heute ist wieder ein Transfertag. Wir werden von Naxos mit der F\u00e4hre auf die Insel Amorgos fahren.<br \/>\nAm Morgen steht noch eine F\u00fchrung durch die Chora von Naxos auf dem Programm. Markus f\u00fchrt uns durch die Stadt hinauf zur Burg. Burgen in den St\u00e4dten von Griechenland sehen anders aus als bei uns. Sie bestehen aus H\u00e4userreihen, deren Fenster an der Aussenseite fehlen.<br \/>\nAuf eigene Faust besuchen wir die Reste des Appolotempels auf der vorgelagerten Halbinsel.<br \/>\nWir haben noch Zeit, irgendwo einzukehren, zu essen oder einen Kaffee oder einen Ouzo zu trinken. Dann begeben wir uns auf die eher kleine F\u00e4hre, auf welcher wir es ganze sechs Stunden aufhalten m\u00fcssen, da dieses Schiff an etlichen Inseln anlegen wird und daher eigentlich einen Umweg macht. Durchgesch\u00fcttlet und teilweise nass vom Meerwasser, das auf Deck spritzt, kommen wir am Abend an auf der Insel Amorgos. Im Hafen von Katapola an und erleben gleich noch den Sonnenuntergang. Es f\u00e4llt gleich auf, dass es hier viel weniger Touristen gibt und dass wir hier eventuell noch n\u00e4her an das eigentliche Griechenland kommen.<br \/>\nUnser Hotel, das Hotel Agios Georgios Valsamitis liegt auf der anderen Seite des Hafens am Berg.<\/p>\n<p><!-- index.php -->\n<div\n\tclass=\"ngg-galleryoverview ngg-ajax-pagination-none\"\n\tid=\"ngg-gallery-30964-1\">\n\n    \t<div class=\"slideshowlink\">\n        <a href='https:\/\/www.freimarianne.ch\/index.php\/nggallery\/slideshow?page_id=30054'>[Show as slideshow]<\/a>\n\t\t\n\t<\/div>\n\t\t\t<!-- Thumbnails -->\n\t\t\t\t<div id=\"ngg-image-0\" class=\"ngg-gallery-thumbnail-box\" >\n\t\t\t\t        <div class=\"ngg-gallery-thumbnail\">\n            <a href=\"https:\/\/www.freimarianne.ch\/wp-content\/gallery\/kykladen-21-5-18\/IMG_5003.jpg\"\n               title=\"Kirche bei unserem Hotel Iliovasilema\"\n               data-src=\"https:\/\/www.freimarianne.ch\/wp-content\/gallery\/kykladen-21-5-18\/IMG_5003.jpg\"\n               data-thumbnail=\"https:\/\/www.freimarianne.ch\/wp-content\/gallery\/kykladen-21-5-18\/thumbs\/thumbs_IMG_5003.jpg\"\n               data-image-id=\"18299\"\n               data-title=\"Kirche bei unserem Hotel Iliovasilema\"\n               data-description=\"Kirche bei unserem Hotel Iliovasilema\"\n               data-image-slug=\"img_5003-1\"\n               class=\"shutterset_30964\">\n                <img\n                    title=\"Kirche bei unserem Hotel Iliovasilema\"\n                    alt=\"Kirche bei unserem Hotel Iliovasilema\"\n                    src=\"https:\/\/www.freimarianne.ch\/wp-content\/gallery\/kykladen-21-5-18\/thumbs\/thumbs_IMG_5003.jpg\"\n                    width=\"100\"\n                    height=\"75\"\n                    style=\"max-width:100%;\"\n                \/>\n            <\/a>\n        <\/div>\n\t\t\t\t\t\t\t<\/div> \n\t\t\t\n        \n\t\t\t\t<div id=\"ngg-image-1\" class=\"ngg-gallery-thumbnail-box\" >\n\t\t\t\t        <div class=\"ngg-gallery-thumbnail\">\n            <a href=\"https:\/\/www.freimarianne.ch\/wp-content\/gallery\/kykladen-21-5-18\/IMG_5006.jpg\"\n               title=\"Bruni am Strand von Naxos\"\n               data-src=\"https:\/\/www.freimarianne.ch\/wp-content\/gallery\/kykladen-21-5-18\/IMG_5006.jpg\"\n               data-thumbnail=\"https:\/\/www.freimarianne.ch\/wp-content\/gallery\/kykladen-21-5-18\/thumbs\/thumbs_IMG_5006.jpg\"\n               data-image-id=\"18298\"\n               data-title=\"Bruni am Strand von Naxos\"\n               data-description=\"Bruni am Strand von Naxos\"\n               data-image-slug=\"img_5006-1\"\n               class=\"shutterset_30964\">\n                <img\n                    title=\"Bruni am Strand von Naxos\"\n                    alt=\"Bruni am Strand von Naxos\"\n                    src=\"https:\/\/www.freimarianne.ch\/wp-content\/gallery\/kykladen-21-5-18\/thumbs\/thumbs_IMG_5006.jpg\"\n                    width=\"100\"\n                    height=\"75\"\n                    style=\"max-width:100%;\"\n                \/>\n            <\/a>\n        <\/div>\n\t\t\t\t\t\t\t<\/div> \n\t\t\t\n        \n\t\t\t\t<div id=\"ngg-image-2\" class=\"ngg-gallery-thumbnail-box\" >\n\t\t\t\t        <div class=\"ngg-gallery-thumbnail\">\n            <a href=\"https:\/\/www.freimarianne.ch\/wp-content\/gallery\/kykladen-21-5-18\/IMG_5007.jpg\"\n               title=\"Marianne am Strand von Naxos\"\n               data-src=\"https:\/\/www.freimarianne.ch\/wp-content\/gallery\/kykladen-21-5-18\/IMG_5007.jpg\"\n               data-thumbnail=\"https:\/\/www.freimarianne.ch\/wp-content\/gallery\/kykladen-21-5-18\/thumbs\/thumbs_IMG_5007.jpg\"\n               data-image-id=\"18297\"\n               data-title=\"Marianne am Strand von Naxos\"\n               data-description=\"Marianne am Strand von Naxos\"\n               data-image-slug=\"img_5007\"\n               class=\"shutterset_30964\">\n                <img\n                    title=\"Marianne am Strand von Naxos\"\n                    alt=\"Marianne am Strand von Naxos\"\n                    src=\"https:\/\/www.freimarianne.ch\/wp-content\/gallery\/kykladen-21-5-18\/thumbs\/thumbs_IMG_5007.jpg\"\n                    width=\"100\"\n                    height=\"75\"\n                    style=\"max-width:100%;\"\n                \/>\n            <\/a>\n        <\/div>\n\t\t\t\t\t\t\t<\/div> \n\t\t\t\n        \n\t\t\t\t<div id=\"ngg-image-3\" class=\"ngg-gallery-thumbnail-box\" >\n\t\t\t\t        <div class=\"ngg-gallery-thumbnail\">\n            <a href=\"https:\/\/www.freimarianne.ch\/wp-content\/gallery\/kykladen-21-5-18\/IMG_5011.jpg\"\n               title=\"in Naxos\"\n               data-src=\"https:\/\/www.freimarianne.ch\/wp-content\/gallery\/kykladen-21-5-18\/IMG_5011.jpg\"\n               data-thumbnail=\"https:\/\/www.freimarianne.ch\/wp-content\/gallery\/kykladen-21-5-18\/thumbs\/thumbs_IMG_5011.jpg\"\n               data-image-id=\"18296\"\n               data-title=\"in Naxos\"\n               data-description=\"in Naxos\"\n               data-image-slug=\"img_5011-1\"\n               class=\"shutterset_30964\">\n                <img\n                    title=\"in Naxos\"\n                    alt=\"in Naxos\"\n                    src=\"https:\/\/www.freimarianne.ch\/wp-content\/gallery\/kykladen-21-5-18\/thumbs\/thumbs_IMG_5011.jpg\"\n                    width=\"100\"\n                    height=\"75\"\n                    style=\"max-width:100%;\"\n                \/>\n            <\/a>\n        <\/div>\n\t\t\t\t\t\t\t<\/div> \n\t\t\t\n        \n\t\t\t\t<div id=\"ngg-image-4\" class=\"ngg-gallery-thumbnail-box\" >\n\t\t\t\t        <div class=\"ngg-gallery-thumbnail\">\n            <a href=\"https:\/\/www.freimarianne.ch\/wp-content\/gallery\/kykladen-21-5-18\/IMG_5016.jpg\"\n               title=\"in Naxos\"\n               data-src=\"https:\/\/www.freimarianne.ch\/wp-content\/gallery\/kykladen-21-5-18\/IMG_5016.jpg\"\n               data-thumbnail=\"https:\/\/www.freimarianne.ch\/wp-content\/gallery\/kykladen-21-5-18\/thumbs\/thumbs_IMG_5016.jpg\"\n               data-image-id=\"18295\"\n               data-title=\"in Naxos\"\n               data-description=\"in Naxos\"\n               data-image-slug=\"img_5016-2\"\n               class=\"shutterset_30964\">\n                <img\n                    title=\"in Naxos\"\n                    alt=\"in Naxos\"\n                    src=\"https:\/\/www.freimarianne.ch\/wp-content\/gallery\/kykladen-21-5-18\/thumbs\/thumbs_IMG_5016.jpg\"\n                    width=\"100\"\n                    height=\"75\"\n                    style=\"max-width:100%;\"\n                \/>\n            <\/a>\n        <\/div>\n\t\t\t\t\t\t\t<\/div> \n\t\t\t\n        \n\t\t\t\t<div id=\"ngg-image-5\" class=\"ngg-gallery-thumbnail-box\" >\n\t\t\t\t        <div class=\"ngg-gallery-thumbnail\">\n            <a href=\"https:\/\/www.freimarianne.ch\/wp-content\/gallery\/kykladen-21-5-18\/IMG_5022.jpg\"\n               title=\"in Naxos\"\n               data-src=\"https:\/\/www.freimarianne.ch\/wp-content\/gallery\/kykladen-21-5-18\/IMG_5022.jpg\"\n               data-thumbnail=\"https:\/\/www.freimarianne.ch\/wp-content\/gallery\/kykladen-21-5-18\/thumbs\/thumbs_IMG_5022.jpg\"\n               data-image-id=\"18294\"\n               data-title=\"in Naxos\"\n               data-description=\"in Naxos\"\n               data-image-slug=\"img_5022\"\n               class=\"shutterset_30964\">\n                <img\n                    title=\"in Naxos\"\n                    alt=\"in Naxos\"\n                    src=\"https:\/\/www.freimarianne.ch\/wp-content\/gallery\/kykladen-21-5-18\/thumbs\/thumbs_IMG_5022.jpg\"\n                    width=\"100\"\n                    height=\"75\"\n                    style=\"max-width:100%;\"\n                \/>\n            <\/a>\n        <\/div>\n\t\t\t\t\t\t\t<\/div> \n\t\t\t\n        \n\t\t\t\t<div id=\"ngg-image-6\" class=\"ngg-gallery-thumbnail-box\" >\n\t\t\t\t        <div class=\"ngg-gallery-thumbnail\">\n            <a href=\"https:\/\/www.freimarianne.ch\/wp-content\/gallery\/kykladen-21-5-18\/IMG_5024.jpg\"\n               title=\"in Naxos\"\n               data-src=\"https:\/\/www.freimarianne.ch\/wp-content\/gallery\/kykladen-21-5-18\/IMG_5024.jpg\"\n               data-thumbnail=\"https:\/\/www.freimarianne.ch\/wp-content\/gallery\/kykladen-21-5-18\/thumbs\/thumbs_IMG_5024.jpg\"\n               data-image-id=\"18293\"\n               data-title=\"in Naxos\"\n               data-description=\"in Naxos\"\n               data-image-slug=\"img_5024-2\"\n               class=\"shutterset_30964\">\n                <img\n                    title=\"in Naxos\"\n                    alt=\"in Naxos\"\n                    src=\"https:\/\/www.freimarianne.ch\/wp-content\/gallery\/kykladen-21-5-18\/thumbs\/thumbs_IMG_5024.jpg\"\n                    width=\"100\"\n                    height=\"75\"\n                    style=\"max-width:100%;\"\n                \/>\n            <\/a>\n        <\/div>\n\t\t\t\t\t\t\t<\/div> \n\t\t\t\n        \n\t\t\t\t<div id=\"ngg-image-7\" class=\"ngg-gallery-thumbnail-box\" >\n\t\t\t\t        <div class=\"ngg-gallery-thumbnail\">\n            <a href=\"https:\/\/www.freimarianne.ch\/wp-content\/gallery\/kykladen-21-5-18\/IMG_5025.jpg\"\n               title=\"in Naxos\"\n               data-src=\"https:\/\/www.freimarianne.ch\/wp-content\/gallery\/kykladen-21-5-18\/IMG_5025.jpg\"\n               data-thumbnail=\"https:\/\/www.freimarianne.ch\/wp-content\/gallery\/kykladen-21-5-18\/thumbs\/thumbs_IMG_5025.jpg\"\n               data-image-id=\"18292\"\n               data-title=\"in Naxos\"\n               data-description=\"in Naxos\"\n               data-image-slug=\"img_5025-2\"\n               class=\"shutterset_30964\">\n                <img\n                    title=\"in Naxos\"\n                    alt=\"in Naxos\"\n                    src=\"https:\/\/www.freimarianne.ch\/wp-content\/gallery\/kykladen-21-5-18\/thumbs\/thumbs_IMG_5025.jpg\"\n                    width=\"100\"\n                    height=\"75\"\n                    style=\"max-width:100%;\"\n                \/>\n            <\/a>\n        <\/div>\n\t\t\t\t\t\t\t<\/div> \n\t\t\t\n        \n\t\t\t\t<div id=\"ngg-image-8\" class=\"ngg-gallery-thumbnail-box\" >\n\t\t\t\t        <div class=\"ngg-gallery-thumbnail\">\n            <a href=\"https:\/\/www.freimarianne.ch\/wp-content\/gallery\/kykladen-21-5-18\/IMG_5027.jpg\"\n               title=\"T\u00fcrklopfer in Naxos\"\n               data-src=\"https:\/\/www.freimarianne.ch\/wp-content\/gallery\/kykladen-21-5-18\/IMG_5027.jpg\"\n               data-thumbnail=\"https:\/\/www.freimarianne.ch\/wp-content\/gallery\/kykladen-21-5-18\/thumbs\/thumbs_IMG_5027.jpg\"\n               data-image-id=\"18291\"\n               data-title=\"T\u00c3\u00bcrklopfer in Naxos\"\n               data-description=\"T\u00fcrklopfer in Naxos\"\n               data-image-slug=\"img_5027-1\"\n               class=\"shutterset_30964\">\n                <img\n                    title=\"T\u00c3\u00bcrklopfer in Naxos\"\n                    alt=\"T\u00c3\u00bcrklopfer in Naxos\"\n                    src=\"https:\/\/www.freimarianne.ch\/wp-content\/gallery\/kykladen-21-5-18\/thumbs\/thumbs_IMG_5027.jpg\"\n                    width=\"100\"\n                    height=\"75\"\n                    style=\"max-width:100%;\"\n                \/>\n            <\/a>\n        <\/div>\n\t\t\t\t\t\t\t<\/div> \n\t\t\t\n        \n\t\t\t\t<div id=\"ngg-image-9\" class=\"ngg-gallery-thumbnail-box\" >\n\t\t\t\t        <div class=\"ngg-gallery-thumbnail\">\n            <a href=\"https:\/\/www.freimarianne.ch\/wp-content\/gallery\/kykladen-21-5-18\/IMG_5040.jpg\"\n               title=\"in Naxos; Tourismus\"\n               data-src=\"https:\/\/www.freimarianne.ch\/wp-content\/gallery\/kykladen-21-5-18\/IMG_5040.jpg\"\n               data-thumbnail=\"https:\/\/www.freimarianne.ch\/wp-content\/gallery\/kykladen-21-5-18\/thumbs\/thumbs_IMG_5040.jpg\"\n               data-image-id=\"18290\"\n               data-title=\"in Naxos; Tourismus\"\n               data-description=\"in Naxos; Tourismus\"\n               data-image-slug=\"img_5040\"\n               class=\"shutterset_30964\">\n                <img\n                    title=\"in Naxos; Tourismus\"\n                    alt=\"in Naxos; Tourismus\"\n                    src=\"https:\/\/www.freimarianne.ch\/wp-content\/gallery\/kykladen-21-5-18\/thumbs\/thumbs_IMG_5040.jpg\"\n                    width=\"100\"\n                    height=\"75\"\n                    style=\"max-width:100%;\"\n                \/>\n            <\/a>\n        <\/div>\n\t\t\t\t\t\t\t<\/div> \n\t\t\t\n        \n\t\t\t\t<div id=\"ngg-image-10\" class=\"ngg-gallery-thumbnail-box\" >\n\t\t\t\t        <div class=\"ngg-gallery-thumbnail\">\n            <a href=\"https:\/\/www.freimarianne.ch\/wp-content\/gallery\/kykladen-21-5-18\/IMG_5042.jpg\"\n               title=\"Katzenrevier\"\n               data-src=\"https:\/\/www.freimarianne.ch\/wp-content\/gallery\/kykladen-21-5-18\/IMG_5042.jpg\"\n               data-thumbnail=\"https:\/\/www.freimarianne.ch\/wp-content\/gallery\/kykladen-21-5-18\/thumbs\/thumbs_IMG_5042.jpg\"\n               data-image-id=\"18289\"\n               data-title=\"Katzenrevier\"\n               data-description=\"Katzenrevier\"\n               data-image-slug=\"img_5042-2\"\n               class=\"shutterset_30964\">\n                <img\n                    title=\"Katzenrevier\"\n                    alt=\"Katzenrevier\"\n                    src=\"https:\/\/www.freimarianne.ch\/wp-content\/gallery\/kykladen-21-5-18\/thumbs\/thumbs_IMG_5042.jpg\"\n                    width=\"100\"\n                    height=\"75\"\n                    style=\"max-width:100%;\"\n                \/>\n            <\/a>\n        <\/div>\n\t\t\t\t\t\t\t<\/div> \n\t\t\t\n        \n\t\t\t\t<div id=\"ngg-image-11\" class=\"ngg-gallery-thumbnail-box\" >\n\t\t\t\t        <div class=\"ngg-gallery-thumbnail\">\n            <a href=\"https:\/\/www.freimarianne.ch\/wp-content\/gallery\/kykladen-21-5-18\/IMG_5046.jpg\"\n               title=\"Bruni in Naxos\"\n               data-src=\"https:\/\/www.freimarianne.ch\/wp-content\/gallery\/kykladen-21-5-18\/IMG_5046.jpg\"\n               data-thumbnail=\"https:\/\/www.freimarianne.ch\/wp-content\/gallery\/kykladen-21-5-18\/thumbs\/thumbs_IMG_5046.jpg\"\n               data-image-id=\"18288\"\n               data-title=\"Bruni in Naxos\"\n               data-description=\"Bruni in Naxos\"\n               data-image-slug=\"img_5046-1\"\n               class=\"shutterset_30964\">\n                <img\n                    title=\"Bruni in Naxos\"\n                    alt=\"Bruni in Naxos\"\n                    src=\"https:\/\/www.freimarianne.ch\/wp-content\/gallery\/kykladen-21-5-18\/thumbs\/thumbs_IMG_5046.jpg\"\n                    width=\"100\"\n                    height=\"75\"\n                    style=\"max-width:100%;\"\n                \/>\n            <\/a>\n        <\/div>\n\t\t\t\t\t\t\t<\/div> \n\t\t\t\n        \n\t\t\t\t<div id=\"ngg-image-12\" class=\"ngg-gallery-thumbnail-box\" >\n\t\t\t\t        <div class=\"ngg-gallery-thumbnail\">\n            <a href=\"https:\/\/www.freimarianne.ch\/wp-content\/gallery\/kykladen-21-5-18\/IMG_5048.jpg\"\n               title=\"der Damm zur Chora\"\n               data-src=\"https:\/\/www.freimarianne.ch\/wp-content\/gallery\/kykladen-21-5-18\/IMG_5048.jpg\"\n               data-thumbnail=\"https:\/\/www.freimarianne.ch\/wp-content\/gallery\/kykladen-21-5-18\/thumbs\/thumbs_IMG_5048.jpg\"\n               data-image-id=\"18287\"\n               data-title=\"der Damm zur Chora\"\n               data-description=\"der Damm zur Chora\"\n               data-image-slug=\"img_5048-1\"\n               class=\"shutterset_30964\">\n                <img\n                    title=\"der Damm zur Chora\"\n                    alt=\"der Damm zur Chora\"\n                    src=\"https:\/\/www.freimarianne.ch\/wp-content\/gallery\/kykladen-21-5-18\/thumbs\/thumbs_IMG_5048.jpg\"\n                    width=\"100\"\n                    height=\"75\"\n                    style=\"max-width:100%;\"\n                \/>\n            <\/a>\n        <\/div>\n\t\t\t\t\t\t\t<\/div> \n\t\t\t\n        \n\t\t\t\t<div id=\"ngg-image-13\" class=\"ngg-gallery-thumbnail-box\" >\n\t\t\t\t        <div class=\"ngg-gallery-thumbnail\">\n            <a href=\"https:\/\/www.freimarianne.ch\/wp-content\/gallery\/kykladen-21-5-18\/IMG_5054.jpg\"\n               title=\"Bruni vor Apollo Tempel\"\n               data-src=\"https:\/\/www.freimarianne.ch\/wp-content\/gallery\/kykladen-21-5-18\/IMG_5054.jpg\"\n               data-thumbnail=\"https:\/\/www.freimarianne.ch\/wp-content\/gallery\/kykladen-21-5-18\/thumbs\/thumbs_IMG_5054.jpg\"\n               data-image-id=\"18286\"\n               data-title=\"Bruni vor Apollo Tempel\"\n               data-description=\"Bruni vor Apollo Tempel\"\n               data-image-slug=\"img_5054-3\"\n               class=\"shutterset_30964\">\n                <img\n                    title=\"Bruni vor Apollo Tempel\"\n                    alt=\"Bruni vor Apollo Tempel\"\n                    src=\"https:\/\/www.freimarianne.ch\/wp-content\/gallery\/kykladen-21-5-18\/thumbs\/thumbs_IMG_5054.jpg\"\n                    width=\"100\"\n                    height=\"75\"\n                    style=\"max-width:100%;\"\n                \/>\n            <\/a>\n        <\/div>\n\t\t\t\t\t\t\t<\/div> \n\t\t\t\n        \n\t\t\t\t<div id=\"ngg-image-14\" class=\"ngg-gallery-thumbnail-box\" >\n\t\t\t\t        <div class=\"ngg-gallery-thumbnail\">\n            <a href=\"https:\/\/www.freimarianne.ch\/wp-content\/gallery\/kykladen-21-5-18\/IMG_5056.jpg\"\n               title=\"Marianne vor Apollo Tempel\"\n               data-src=\"https:\/\/www.freimarianne.ch\/wp-content\/gallery\/kykladen-21-5-18\/IMG_5056.jpg\"\n               data-thumbnail=\"https:\/\/www.freimarianne.ch\/wp-content\/gallery\/kykladen-21-5-18\/thumbs\/thumbs_IMG_5056.jpg\"\n               data-image-id=\"18285\"\n               data-title=\"Marianne vor Apollo Tempel\"\n               data-description=\"Marianne vor Apollo Tempel\"\n               data-image-slug=\"img_5056\"\n               class=\"shutterset_30964\">\n                <img\n                    title=\"Marianne vor Apollo Tempel\"\n                    alt=\"Marianne vor Apollo Tempel\"\n                    src=\"https:\/\/www.freimarianne.ch\/wp-content\/gallery\/kykladen-21-5-18\/thumbs\/thumbs_IMG_5056.jpg\"\n                    width=\"100\"\n                    height=\"75\"\n                    style=\"max-width:100%;\"\n                \/>\n            <\/a>\n        <\/div>\n\t\t\t\t\t\t\t<\/div> \n\t\t\t\n        \n\t\t\t\t<div id=\"ngg-image-15\" class=\"ngg-gallery-thumbnail-box\" >\n\t\t\t\t        <div class=\"ngg-gallery-thumbnail\">\n            <a href=\"https:\/\/www.freimarianne.ch\/wp-content\/gallery\/kykladen-21-5-18\/IMG_5066.jpg\"\n               title=\"die Insel im Hafen von Naxos\"\n               data-src=\"https:\/\/www.freimarianne.ch\/wp-content\/gallery\/kykladen-21-5-18\/IMG_5066.jpg\"\n               data-thumbnail=\"https:\/\/www.freimarianne.ch\/wp-content\/gallery\/kykladen-21-5-18\/thumbs\/thumbs_IMG_5066.jpg\"\n               data-image-id=\"18284\"\n               data-title=\"die Insel im Hafen von Naxos\"\n               data-description=\"die Insel im Hafen von Naxos\"\n               data-image-slug=\"img_5066-1\"\n               class=\"shutterset_30964\">\n                <img\n                    title=\"die Insel im Hafen von Naxos\"\n                    alt=\"die Insel im Hafen von Naxos\"\n                    src=\"https:\/\/www.freimarianne.ch\/wp-content\/gallery\/kykladen-21-5-18\/thumbs\/thumbs_IMG_5066.jpg\"\n                    width=\"100\"\n                    height=\"75\"\n                    style=\"max-width:100%;\"\n                \/>\n            <\/a>\n        <\/div>\n\t\t\t\t\t\t\t<\/div> \n\t\t\t\n        \n\t\t\t\t<div id=\"ngg-image-16\" class=\"ngg-gallery-thumbnail-box\" >\n\t\t\t\t        <div class=\"ngg-gallery-thumbnail\">\n            <a href=\"https:\/\/www.freimarianne.ch\/wp-content\/gallery\/kykladen-21-5-18\/IMG_5075.jpg\"\n               title=\"Amorgos; der Hafen von Katapola\"\n               data-src=\"https:\/\/www.freimarianne.ch\/wp-content\/gallery\/kykladen-21-5-18\/IMG_5075.jpg\"\n               data-thumbnail=\"https:\/\/www.freimarianne.ch\/wp-content\/gallery\/kykladen-21-5-18\/thumbs\/thumbs_IMG_5075.jpg\"\n               data-image-id=\"18283\"\n               data-title=\"Amorgos; der Hafen von Katapola\"\n               data-description=\"Amorgos; der Hafen von Katapola\"\n               data-image-slug=\"img_5075-2\"\n               class=\"shutterset_30964\">\n                <img\n                    title=\"Amorgos; der Hafen von Katapola\"\n                    alt=\"Amorgos; der Hafen von Katapola\"\n                    src=\"https:\/\/www.freimarianne.ch\/wp-content\/gallery\/kykladen-21-5-18\/thumbs\/thumbs_IMG_5075.jpg\"\n                    width=\"100\"\n                    height=\"75\"\n                    style=\"max-width:100%;\"\n                \/>\n            <\/a>\n        <\/div>\n\t\t\t\t\t\t\t<\/div> \n\t\t\t\n        \n\t\t\t\t<div id=\"ngg-image-17\" class=\"ngg-gallery-thumbnail-box\" >\n\t\t\t\t        <div class=\"ngg-gallery-thumbnail\">\n            <a href=\"https:\/\/www.freimarianne.ch\/wp-content\/gallery\/kykladen-21-5-18\/IMG_5076.jpg\"\n               title=\"Amorgos; der Hafen von Katapola\"\n               data-src=\"https:\/\/www.freimarianne.ch\/wp-content\/gallery\/kykladen-21-5-18\/IMG_5076.jpg\"\n               data-thumbnail=\"https:\/\/www.freimarianne.ch\/wp-content\/gallery\/kykladen-21-5-18\/thumbs\/thumbs_IMG_5076.jpg\"\n               data-image-id=\"18282\"\n               data-title=\"Amorgos; der Hafen von Katapola\"\n               data-description=\"Amorgos; der Hafen von Katapola\"\n               data-image-slug=\"img_5076-1\"\n               class=\"shutterset_30964\">\n                <img\n                    title=\"Amorgos; der Hafen von Katapola\"\n                    alt=\"Amorgos; der Hafen von Katapola\"\n                    src=\"https:\/\/www.freimarianne.ch\/wp-content\/gallery\/kykladen-21-5-18\/thumbs\/thumbs_IMG_5076.jpg\"\n                    width=\"100\"\n                    height=\"75\"\n                    style=\"max-width:100%;\"\n                \/>\n            <\/a>\n        <\/div>\n\t\t\t\t\t\t\t<\/div> \n\t\t\t\n        \n\t\t\n\t\t<!-- Pagination -->\n\t<div class='ngg-clear'><\/div>\t<\/div>\n<\/p>\n","protected":false},"excerpt":{"rendered":"<p>21.5.2018: Transfer von Naxos nach Amorgos Stadtf\u00fchrung in Naxos, Fahrt nach Amorgos Palatia, Sanctury of Delian Apollo Heute ist wieder ein Transfertag. Wir werden von Naxos mit der F\u00e4hre auf die Insel Amorgos fahren. Am Morgen steht noch eine F\u00fchrung durch die Chora von Naxos auf dem Programm. Markus f\u00fchrt uns durch die Stadt hinauf [&hellip;]<\/p>\n","protected":false},"author":1,"featured_media":0,"parent":30030,"menu_order":8,"comment_status":"closed","ping_status":"closed","template":"","meta":{"ngg_post_thumbnail":0},"_links":{"self":[{"href":"https:\/\/www.freimarianne.ch\/index.php?rest_route=\/wp\/v2\/pages\/30054"}],"collection":[{"href":"https:\/\/www.freimarianne.ch\/index.php?rest_route=\/wp\/v2\/pages"}],"about":[{"href":"https:\/\/www.freimarianne.ch\/index.php?rest_route=\/wp\/v2\/types\/page"}],"author":[{"embeddable":true,"href":"https:\/\/www.freimarianne.ch\/index.php?rest_route=\/wp\/v2\/users\/1"}],"replies":[{"embeddable":true,"href":"https:\/\/www.freimarianne.ch\/index.php?rest_route=%2Fwp%2Fv2%2Fcomments&post=30054"}],"version-history":[{"count":8,"href":"https:\/\/www.freimarianne.ch\/index.php?rest_route=\/wp\/v2\/pages\/30054\/revisions"}],"predecessor-version":[{"id":30965,"href":"https:\/\/www.freimarianne.ch\/index.php?rest_route=\/wp\/v2\/pages\/30054\/revisions\/30965"}],"up":[{"embeddable":true,"href":"https:\/\/www.freimarianne.ch\/index.php?rest_route=\/wp\/v2\/pages\/30030"}],"wp:attachment":[{"href":"https:\/\/www.freimarianne.ch\/index.php?rest_route=%2Fwp%2Fv2%2Fmedia&parent=30054"}],"curies":[{"name":"wp","href":"https:\/\/api.w.org\/{rel}","templated":true}]}}