{"id":34369,"date":"2018-11-11T16:22:42","date_gmt":"2018-11-11T15:22:42","guid":{"rendered":"http:\/\/www.freimarianne.ch\/?page_id=34369"},"modified":"2018-11-11T16:37:41","modified_gmt":"2018-11-11T15:37:41","slug":"bergun-gr-10-11-2018","status":"publish","type":"page","link":"https:\/\/www.freimarianne.ch\/?page_id=34369","title":{"rendered":"Berg\u00fcn   GR  10.11.2018"},"content":{"rendered":"<p><strong>Rundwanderung in Berg\u00fcn<\/strong><br \/>\n<strong>Berg\u00fcn- Latsch-Stugl-Berg\u00fcn<\/strong><\/p>\n<div id=\"attachment_34364\" style=\"width: 510px\" class=\"wp-caption alignleft\"><img aria-describedby=\"caption-attachment-34364\" loading=\"lazy\" class=\"size-full wp-image-34364\" src=\"http:\/\/www.freimarianne.ch\/wp-content\/uploads\/2018\/11\/IMG_5428_bergu\u0308n_500.jpg\" alt=\"\" width=\"500\" height=\"348\" srcset=\"https:\/\/www.freimarianne.ch\/wp-content\/uploads\/2018\/11\/IMG_5428_bergu\u0308n_500.jpg 500w, https:\/\/www.freimarianne.ch\/wp-content\/uploads\/2018\/11\/IMG_5428_bergu\u0308n_500-300x209.jpg 300w, https:\/\/www.freimarianne.ch\/wp-content\/uploads\/2018\/11\/IMG_5428_bergu\u0308n_500-431x300.jpg 431w\" sizes=\"(max-width: 500px) 100vw, 500px\" \/><p id=\"caption-attachment-34364\" class=\"wp-caption-text\">unterhalb Latsch; mit Darlux<\/p><\/div>\n<p>Heute sollte es im Osten der Schweiz sch\u00f6n sein! Auf der Fahrt nach Berg\u00fcn lassen wir bei Weesen den Hochnebel und somit das tr\u00fcbe Wetter hinter uns und geniessen so eine angenehme Bahnfahrt durch die herbstlichen Landschaft. Einmal in Berg\u00fcn angekommen, sieht es bereits wieder etwas anders aus. Aber wir starten noch bei Sonnenschein unsere kurze Rundwanderung. Wir steigen auf einem sch\u00f6nen Wanderweg hinauf zum Dorf Latsch, wo ein Teil des Heidiflims gedreht wurde. Ich erkenne die alte Dorfgasse!. Nach Latsch folgen wir den gelben Zeichen und k\u00f6nnen bald wieder auf einem Wanderweg gehen. Einmal gibt es Zweifel an der Wegf\u00fchrung, da an einer Stelle ein Zeichen fehlt. Wir m\u00fcssen etliche H\u00f6henmeter im Bergwald aufsteigen, wobei wir dreimal \u00fcber umgest\u00fcrtzte B\u00e4ume klettern m\u00fcssen, um dann von oben wieder hinunterzusteigen.So  erreichen wir absteigend das Dorf Stugl. Inzwischen hat sich der Himmel bedeckt. Auf der Autostrasse und dann auf einer alten Fahrstrasse kehren wir zur\u00fcck nach Berg\u00fcn, wo es uns noch zu einer Einkehr im Bahnhofmuseum reicht. Hier gibt es ein interessantes Caf\u00e9, wo man auf alten Erstklass -Sitzen eine Erfrischung geniessen kann. Um 14.47h besteigen wir den Zug ins Unterland.<br \/>\nNun habe ich meine Neugier inbezug auf das Dorf Latsch gestillt.Auch habe ich etliche neue Wanderm\u00f6glichkeiten in dieser Gegend entdeckt.<br \/>\nDas Gehen auf Hartbelag ist in dieser Jahreszeit noch tolerierbar.<\/p>\n<p>Laut Schweizmobil:<br \/>\nDistanz: 8.81km; Aufstieg und Abstieg 408m; Wanderzeit: 3 h 39 min<\/p>\n<p><a href=\"https:\/\/map.schweizmobil.ch\/?lang=de&amp;bgLayer=pk&amp;season=summer&amp;resolution=5&amp;E=2776328&amp;N=1168106&amp;layers=Wanderland&amp;trackId=5105496\">Karte Schweizmobil:<\/a><\/p>\n<p><!-- index.php -->\n<div\n\tclass=\"ngg-galleryoverview ngg-ajax-pagination-none\"\n\tid=\"ngg-gallery-34424-1\">\n\n    \t<div class=\"slideshowlink\">\n        <a href='https:\/\/www.freimarianne.ch\/index.php\/nggallery\/slideshow?page_id=34369'>[Show as slideshow]<\/a>\n\t\t\n\t<\/div>\n\t\t\t<!-- Thumbnails -->\n\t\t\t\t<div id=\"ngg-image-0\" class=\"ngg-gallery-thumbnail-box\" >\n\t\t\t\t        <div class=\"ngg-gallery-thumbnail\">\n            <a href=\"https:\/\/www.freimarianne.ch\/wp-content\/gallery\/bergun-10-11-18\/IMG_5414.jpg\"\n               title=\"Berg\u00fcn; Piz Rugnuz  2890m, Piz Radond 2872m\"\n               data-src=\"https:\/\/www.freimarianne.ch\/wp-content\/gallery\/bergun-10-11-18\/IMG_5414.jpg\"\n               data-thumbnail=\"https:\/\/www.freimarianne.ch\/wp-content\/gallery\/bergun-10-11-18\/thumbs\/thumbs_IMG_5414.jpg\"\n               data-image-id=\"19826\"\n               data-title=\"Berg\u00c3\u00bcn; Piz Rugnuz  2890m, Piz Radond 2872m\"\n               data-description=\"Berg\u00fcn; Piz Rugnuz  2890m, Piz Radond 2872m\"\n               data-image-slug=\"img_5414-5\"\n               class=\"shutterset_34424\">\n                <img\n                    title=\"Berg\u00c3\u00bcn; Piz Rugnuz  2890m, Piz Radond 2872m\"\n                    alt=\"Berg\u00c3\u00bcn; Piz Rugnuz  2890m, Piz Radond 2872m\"\n                    src=\"https:\/\/www.freimarianne.ch\/wp-content\/gallery\/bergun-10-11-18\/thumbs\/thumbs_IMG_5414.jpg\"\n                    width=\"100\"\n                    height=\"75\"\n                    style=\"max-width:100%;\"\n                \/>\n            <\/a>\n        <\/div>\n\t\t\t\t\t\t\t<\/div> \n\t\t\t\n        \n\t\t\t\t<div id=\"ngg-image-1\" class=\"ngg-gallery-thumbnail-box\" >\n\t\t\t\t        <div class=\"ngg-gallery-thumbnail\">\n            <a href=\"https:\/\/www.freimarianne.ch\/wp-content\/gallery\/bergun-10-11-18\/IMG_5418.jpg\"\n               title=\"Piz Rugnuz  2890m, Piz Radond 2872m; Tinzenhorn\"\n               data-src=\"https:\/\/www.freimarianne.ch\/wp-content\/gallery\/bergun-10-11-18\/IMG_5418.jpg\"\n               data-thumbnail=\"https:\/\/www.freimarianne.ch\/wp-content\/gallery\/bergun-10-11-18\/thumbs\/thumbs_IMG_5418.jpg\"\n               data-image-id=\"19827\"\n               data-title=\"Piz Rugnuz  2890m, Piz Radond 2872m; Tinzenhorn\"\n               data-description=\"Piz Rugnuz  2890m, Piz Radond 2872m; Tinzenhorn\"\n               data-image-slug=\"img_5418-1\"\n               class=\"shutterset_34424\">\n                <img\n                    title=\"Piz Rugnuz  2890m, Piz Radond 2872m; Tinzenhorn\"\n                    alt=\"Piz Rugnuz  2890m, Piz Radond 2872m; Tinzenhorn\"\n                    src=\"https:\/\/www.freimarianne.ch\/wp-content\/gallery\/bergun-10-11-18\/thumbs\/thumbs_IMG_5418.jpg\"\n                    width=\"100\"\n                    height=\"75\"\n                    style=\"max-width:100%;\"\n                \/>\n            <\/a>\n        <\/div>\n\t\t\t\t\t\t\t<\/div> \n\t\t\t\n        \n\t\t\t\t<div id=\"ngg-image-2\" class=\"ngg-gallery-thumbnail-box\" >\n\t\t\t\t        <div class=\"ngg-gallery-thumbnail\">\n            <a href=\"https:\/\/www.freimarianne.ch\/wp-content\/gallery\/bergun-10-11-18\/IMG_5420.jpg\"\n               title=\"Wanderweg nach Latsch\"\n               data-src=\"https:\/\/www.freimarianne.ch\/wp-content\/gallery\/bergun-10-11-18\/IMG_5420.jpg\"\n               data-thumbnail=\"https:\/\/www.freimarianne.ch\/wp-content\/gallery\/bergun-10-11-18\/thumbs\/thumbs_IMG_5420.jpg\"\n               data-image-id=\"19828\"\n               data-title=\"Wanderweg nach Latsch\"\n               data-description=\"Wanderweg nach Latsch\"\n               data-image-slug=\"img_5420-3\"\n               class=\"shutterset_34424\">\n                <img\n                    title=\"Wanderweg nach Latsch\"\n                    alt=\"Wanderweg nach Latsch\"\n                    src=\"https:\/\/www.freimarianne.ch\/wp-content\/gallery\/bergun-10-11-18\/thumbs\/thumbs_IMG_5420.jpg\"\n                    width=\"100\"\n                    height=\"75\"\n                    style=\"max-width:100%;\"\n                \/>\n            <\/a>\n        <\/div>\n\t\t\t\t\t\t\t<\/div> \n\t\t\t\n        \n\t\t\t\t<div id=\"ngg-image-3\" class=\"ngg-gallery-thumbnail-box\" >\n\t\t\t\t        <div class=\"ngg-gallery-thumbnail\">\n            <a href=\"https:\/\/www.freimarianne.ch\/wp-content\/gallery\/bergun-10-11-18\/IMG_5423.jpg\"\n               title=\"gegen den Darlux\"\n               data-src=\"https:\/\/www.freimarianne.ch\/wp-content\/gallery\/bergun-10-11-18\/IMG_5423.jpg\"\n               data-thumbnail=\"https:\/\/www.freimarianne.ch\/wp-content\/gallery\/bergun-10-11-18\/thumbs\/thumbs_IMG_5423.jpg\"\n               data-image-id=\"19829\"\n               data-title=\"gegen den Darlux\"\n               data-description=\"gegen den Darlux\"\n               data-image-slug=\"img_5423-2\"\n               class=\"shutterset_34424\">\n                <img\n                    title=\"gegen den Darlux\"\n                    alt=\"gegen den Darlux\"\n                    src=\"https:\/\/www.freimarianne.ch\/wp-content\/gallery\/bergun-10-11-18\/thumbs\/thumbs_IMG_5423.jpg\"\n                    width=\"100\"\n                    height=\"75\"\n                    style=\"max-width:100%;\"\n                \/>\n            <\/a>\n        <\/div>\n\t\t\t\t\t\t\t<\/div> \n\t\t\t\n        \n\t\t\t\t<div id=\"ngg-image-4\" class=\"ngg-gallery-thumbnail-box\" >\n\t\t\t\t        <div class=\"ngg-gallery-thumbnail\">\n            <a href=\"https:\/\/www.freimarianne.ch\/wp-content\/gallery\/bergun-10-11-18\/IMG_5434.jpg\"\n               title=\"Latsch  1588m\"\n               data-src=\"https:\/\/www.freimarianne.ch\/wp-content\/gallery\/bergun-10-11-18\/IMG_5434.jpg\"\n               data-thumbnail=\"https:\/\/www.freimarianne.ch\/wp-content\/gallery\/bergun-10-11-18\/thumbs\/thumbs_IMG_5434.jpg\"\n               data-image-id=\"19830\"\n               data-title=\"Latsch  1588m\"\n               data-description=\"Latsch  1588m\"\n               data-image-slug=\"img_5434-2\"\n               class=\"shutterset_34424\">\n                <img\n                    title=\"Latsch  1588m\"\n                    alt=\"Latsch  1588m\"\n                    src=\"https:\/\/www.freimarianne.ch\/wp-content\/gallery\/bergun-10-11-18\/thumbs\/thumbs_IMG_5434.jpg\"\n                    width=\"100\"\n                    height=\"75\"\n                    style=\"max-width:100%;\"\n                \/>\n            <\/a>\n        <\/div>\n\t\t\t\t\t\t\t<\/div> \n\t\t\t\n        \n\t\t\t\t<div id=\"ngg-image-5\" class=\"ngg-gallery-thumbnail-box\" >\n\t\t\t\t        <div class=\"ngg-gallery-thumbnail\">\n            <a href=\"https:\/\/www.freimarianne.ch\/wp-content\/gallery\/bergun-10-11-18\/IMG_5436.jpg\"\n               title=\"Latsch  1588m\"\n               data-src=\"https:\/\/www.freimarianne.ch\/wp-content\/gallery\/bergun-10-11-18\/IMG_5436.jpg\"\n               data-thumbnail=\"https:\/\/www.freimarianne.ch\/wp-content\/gallery\/bergun-10-11-18\/thumbs\/thumbs_IMG_5436.jpg\"\n               data-image-id=\"19831\"\n               data-title=\"Latsch  1588m\"\n               data-description=\"Latsch  1588m\"\n               data-image-slug=\"img_5436-2\"\n               class=\"shutterset_34424\">\n                <img\n                    title=\"Latsch  1588m\"\n                    alt=\"Latsch  1588m\"\n                    src=\"https:\/\/www.freimarianne.ch\/wp-content\/gallery\/bergun-10-11-18\/thumbs\/thumbs_IMG_5436.jpg\"\n                    width=\"100\"\n                    height=\"75\"\n                    style=\"max-width:100%;\"\n                \/>\n            <\/a>\n        <\/div>\n\t\t\t\t\t\t\t<\/div> \n\t\t\t\n        \n\t\t\t\t<div id=\"ngg-image-6\" class=\"ngg-gallery-thumbnail-box\" >\n\t\t\t\t        <div class=\"ngg-gallery-thumbnail\">\n            <a href=\"https:\/\/www.freimarianne.ch\/wp-content\/gallery\/bergun-10-11-18\/IMG_5439.jpg\"\n               title=\"in Latsch; Kontrast\"\n               data-src=\"https:\/\/www.freimarianne.ch\/wp-content\/gallery\/bergun-10-11-18\/IMG_5439.jpg\"\n               data-thumbnail=\"https:\/\/www.freimarianne.ch\/wp-content\/gallery\/bergun-10-11-18\/thumbs\/thumbs_IMG_5439.jpg\"\n               data-image-id=\"19832\"\n               data-title=\"in Latsch; Kontrast\"\n               data-description=\"in Latsch; Kontrast\"\n               data-image-slug=\"img_5439\"\n               class=\"shutterset_34424\">\n                <img\n                    title=\"in Latsch; Kontrast\"\n                    alt=\"in Latsch; Kontrast\"\n                    src=\"https:\/\/www.freimarianne.ch\/wp-content\/gallery\/bergun-10-11-18\/thumbs\/thumbs_IMG_5439.jpg\"\n                    width=\"100\"\n                    height=\"75\"\n                    style=\"max-width:100%;\"\n                \/>\n            <\/a>\n        <\/div>\n\t\t\t\t\t\t\t<\/div> \n\t\t\t\n        \n\t\t\t\t<div id=\"ngg-image-7\" class=\"ngg-gallery-thumbnail-box\" >\n\t\t\t\t        <div class=\"ngg-gallery-thumbnail\">\n            <a href=\"https:\/\/www.freimarianne.ch\/wp-content\/gallery\/bergun-10-11-18\/IMG_5443.jpg\"\n               title=\"Marianne bei Latsch\"\n               data-src=\"https:\/\/www.freimarianne.ch\/wp-content\/gallery\/bergun-10-11-18\/IMG_5443.jpg\"\n               data-thumbnail=\"https:\/\/www.freimarianne.ch\/wp-content\/gallery\/bergun-10-11-18\/thumbs\/thumbs_IMG_5443.jpg\"\n               data-image-id=\"19833\"\n               data-title=\"Marianne bei Latsch\"\n               data-description=\"Marianne bei Latsch\"\n               data-image-slug=\"img_5443\"\n               class=\"shutterset_34424\">\n                <img\n                    title=\"Marianne bei Latsch\"\n                    alt=\"Marianne bei Latsch\"\n                    src=\"https:\/\/www.freimarianne.ch\/wp-content\/gallery\/bergun-10-11-18\/thumbs\/thumbs_IMG_5443.jpg\"\n                    width=\"100\"\n                    height=\"75\"\n                    style=\"max-width:100%;\"\n                \/>\n            <\/a>\n        <\/div>\n\t\t\t\t\t\t\t<\/div> \n\t\t\t\n        \n\t\t\t\t<div id=\"ngg-image-8\" class=\"ngg-gallery-thumbnail-box\" >\n\t\t\t\t        <div class=\"ngg-gallery-thumbnail\">\n            <a href=\"https:\/\/www.freimarianne.ch\/wp-content\/gallery\/bergun-10-11-18\/IMG_5445.jpg\"\n               title=\"auf den Wanderweg nach Stugl\"\n               data-src=\"https:\/\/www.freimarianne.ch\/wp-content\/gallery\/bergun-10-11-18\/IMG_5445.jpg\"\n               data-thumbnail=\"https:\/\/www.freimarianne.ch\/wp-content\/gallery\/bergun-10-11-18\/thumbs\/thumbs_IMG_5445.jpg\"\n               data-image-id=\"19834\"\n               data-title=\"auf den Wanderweg nach Stugl\"\n               data-description=\"auf den Wanderweg nach Stugl\"\n               data-image-slug=\"img_5445-1\"\n               class=\"shutterset_34424\">\n                <img\n                    title=\"auf den Wanderweg nach Stugl\"\n                    alt=\"auf den Wanderweg nach Stugl\"\n                    src=\"https:\/\/www.freimarianne.ch\/wp-content\/gallery\/bergun-10-11-18\/thumbs\/thumbs_IMG_5445.jpg\"\n                    width=\"100\"\n                    height=\"75\"\n                    style=\"max-width:100%;\"\n                \/>\n            <\/a>\n        <\/div>\n\t\t\t\t\t\t\t<\/div> \n\t\t\t\n        \n\t\t\t\t<div id=\"ngg-image-9\" class=\"ngg-gallery-thumbnail-box\" >\n\t\t\t\t        <div class=\"ngg-gallery-thumbnail\">\n            <a href=\"https:\/\/www.freimarianne.ch\/wp-content\/gallery\/bergun-10-11-18\/IMG_5450.jpg\"\n               title=\"Sicht auf Stugl  1534m\"\n               data-src=\"https:\/\/www.freimarianne.ch\/wp-content\/gallery\/bergun-10-11-18\/IMG_5450.jpg\"\n               data-thumbnail=\"https:\/\/www.freimarianne.ch\/wp-content\/gallery\/bergun-10-11-18\/thumbs\/thumbs_IMG_5450.jpg\"\n               data-image-id=\"19835\"\n               data-title=\"Sicht auf Stugl  1534m\"\n               data-description=\"Sicht auf Stugl  1534m\"\n               data-image-slug=\"img_5450\"\n               class=\"shutterset_34424\">\n                <img\n                    title=\"Sicht auf Stugl  1534m\"\n                    alt=\"Sicht auf Stugl  1534m\"\n                    src=\"https:\/\/www.freimarianne.ch\/wp-content\/gallery\/bergun-10-11-18\/thumbs\/thumbs_IMG_5450.jpg\"\n                    width=\"100\"\n                    height=\"75\"\n                    style=\"max-width:100%;\"\n                \/>\n            <\/a>\n        <\/div>\n\t\t\t\t\t\t\t<\/div> \n\t\t\t\n        \n\t\t\t\t<div id=\"ngg-image-10\" class=\"ngg-gallery-thumbnail-box\" >\n\t\t\t\t        <div class=\"ngg-gallery-thumbnail\">\n            <a href=\"https:\/\/www.freimarianne.ch\/wp-content\/gallery\/bergun-10-11-18\/IMG_5453.jpg\"\n               title=\"Stugl  1534m; Piz Rugnuz  2890m, Piz Radond 2872m\"\n               data-src=\"https:\/\/www.freimarianne.ch\/wp-content\/gallery\/bergun-10-11-18\/IMG_5453.jpg\"\n               data-thumbnail=\"https:\/\/www.freimarianne.ch\/wp-content\/gallery\/bergun-10-11-18\/thumbs\/thumbs_IMG_5453.jpg\"\n               data-image-id=\"19836\"\n               data-title=\"Stugl  1534m; Piz Rugnuz  2890m, Piz Radond 2872m\"\n               data-description=\"Stugl  1534m; Piz Rugnuz  2890m, Piz Radond 2872m\"\n               data-image-slug=\"img_5453-1\"\n               class=\"shutterset_34424\">\n                <img\n                    title=\"Stugl  1534m; Piz Rugnuz  2890m, Piz Radond 2872m\"\n                    alt=\"Stugl  1534m; Piz Rugnuz  2890m, Piz Radond 2872m\"\n                    src=\"https:\/\/www.freimarianne.ch\/wp-content\/gallery\/bergun-10-11-18\/thumbs\/thumbs_IMG_5453.jpg\"\n                    width=\"100\"\n                    height=\"75\"\n                    style=\"max-width:100%;\"\n                \/>\n            <\/a>\n        <\/div>\n\t\t\t\t\t\t\t<\/div> \n\t\t\t\n        \n\t\t\t\t<div id=\"ngg-image-11\" class=\"ngg-gallery-thumbnail-box\" >\n\t\t\t\t        <div class=\"ngg-gallery-thumbnail\">\n            <a href=\"https:\/\/www.freimarianne.ch\/wp-content\/gallery\/bergun-10-11-18\/IMG_5455.jpg\"\n               title=\"Blick ins Albulatal\"\n               data-src=\"https:\/\/www.freimarianne.ch\/wp-content\/gallery\/bergun-10-11-18\/IMG_5455.jpg\"\n               data-thumbnail=\"https:\/\/www.freimarianne.ch\/wp-content\/gallery\/bergun-10-11-18\/thumbs\/thumbs_IMG_5455.jpg\"\n               data-image-id=\"19837\"\n               data-title=\"Blick ins Albulatal\"\n               data-description=\"Blick ins Albulatal\"\n               data-image-slug=\"img_5455\"\n               class=\"shutterset_34424\">\n                <img\n                    title=\"Blick ins Albulatal\"\n                    alt=\"Blick ins Albulatal\"\n                    src=\"https:\/\/www.freimarianne.ch\/wp-content\/gallery\/bergun-10-11-18\/thumbs\/thumbs_IMG_5455.jpg\"\n                    width=\"100\"\n                    height=\"75\"\n                    style=\"max-width:100%;\"\n                \/>\n            <\/a>\n        <\/div>\n\t\t\t\t\t\t\t<\/div> \n\t\t\t\n        \n\t\t\n\t\t<!-- Pagination -->\n\t<div class='ngg-clear'><\/div>\t<\/div>\n<\/p>\n","protected":false},"excerpt":{"rendered":"<p>Rundwanderung in Berg\u00fcn Berg\u00fcn- Latsch-Stugl-Berg\u00fcn Heute sollte es im Osten der Schweiz sch\u00f6n sein! Auf der Fahrt nach Berg\u00fcn lassen wir bei Weesen den Hochnebel und somit das tr\u00fcbe Wetter hinter uns und geniessen so eine angenehme Bahnfahrt durch die herbstlichen Landschaft. Einmal in Berg\u00fcn angekommen, sieht es bereits wieder etwas anders aus. Aber wir [&hellip;]<\/p>\n","protected":false},"author":1,"featured_media":0,"parent":32741,"menu_order":25,"comment_status":"closed","ping_status":"closed","template":"","meta":{"ngg_post_thumbnail":0},"_links":{"self":[{"href":"https:\/\/www.freimarianne.ch\/index.php?rest_route=\/wp\/v2\/pages\/34369"}],"collection":[{"href":"https:\/\/www.freimarianne.ch\/index.php?rest_route=\/wp\/v2\/pages"}],"about":[{"href":"https:\/\/www.freimarianne.ch\/index.php?rest_route=\/wp\/v2\/types\/page"}],"author":[{"embeddable":true,"href":"https:\/\/www.freimarianne.ch\/index.php?rest_route=\/wp\/v2\/users\/1"}],"replies":[{"embeddable":true,"href":"https:\/\/www.freimarianne.ch\/index.php?rest_route=%2Fwp%2Fv2%2Fcomments&post=34369"}],"version-history":[{"count":6,"href":"https:\/\/www.freimarianne.ch\/index.php?rest_route=\/wp\/v2\/pages\/34369\/revisions"}],"predecessor-version":[{"id":34426,"href":"https:\/\/www.freimarianne.ch\/index.php?rest_route=\/wp\/v2\/pages\/34369\/revisions\/34426"}],"up":[{"embeddable":true,"href":"https:\/\/www.freimarianne.ch\/index.php?rest_route=\/wp\/v2\/pages\/32741"}],"wp:attachment":[{"href":"https:\/\/www.freimarianne.ch\/index.php?rest_route=%2Fwp%2Fv2%2Fmedia&parent=34369"}],"curies":[{"name":"wp","href":"https:\/\/api.w.org\/{rel}","templated":true}]}}