{"id":36505,"date":"2019-05-18T09:51:41","date_gmt":"2019-05-18T08:51:41","guid":{"rendered":"http:\/\/www.freimarianne.ch\/?page_id=36505"},"modified":"2019-05-19T07:53:13","modified_gmt":"2019-05-19T06:53:13","slug":"mallorca-9-5-2019","status":"publish","type":"page","link":"https:\/\/www.freimarianne.ch\/?page_id=36505","title":{"rendered":"Mallorca 9.5.2019"},"content":{"rendered":"<p><strong>K\u00fcstenwanderung von Cap Ses Salines nach Colonia de San Jordi <\/strong><\/p>\n<div id=\"attachment_36455\" style=\"width: 510px\" class=\"wp-caption alignleft\"><img aria-describedby=\"caption-attachment-36455\" loading=\"lazy\" class=\"size-full wp-image-36455\" src=\"http:\/\/www.freimarianne.ch\/wp-content\/uploads\/2019\/05\/Mallorca-9.5.19_500.jpg\" alt=\"\" width=\"500\" height=\"375\" srcset=\"https:\/\/www.freimarianne.ch\/wp-content\/uploads\/2019\/05\/Mallorca-9.5.19_500.jpg 500w, https:\/\/www.freimarianne.ch\/wp-content\/uploads\/2019\/05\/Mallorca-9.5.19_500-300x225.jpg 300w, https:\/\/www.freimarianne.ch\/wp-content\/uploads\/2019\/05\/Mallorca-9.5.19_500-400x300.jpg 400w\" sizes=\"(max-width: 500px) 100vw, 500px\" \/><p id=\"caption-attachment-36455\" class=\"wp-caption-text\">unterwegs am Strand nach Colonia San Jordi<br \/>\nDies ist die letzte Wanderung von unseren beiden Wanderwochen in Mallorca.<br \/>\nWir fahren mit dem Bus zum Leuchturm am Cap Ses Salinas und wandern teils am Strand, dann wieder auf Pfaden die lange K\u00fcste entlang. Dabei sehen wir die hohen Haufen des Neptungrases, Posidonia oceanica an den Sandstr\u00e4nden liegen. Das Neptungras sch\u00fctzt die Str\u00e4nde vor der Erosion und hilft Kohlendioxid zu speichern. Leider sch\u00e4tzen die Badeg\u00e4ste des Sandstrandes diese Biomasse nicht allzu sehr. Zur\u00fcck am Hafen von San Jordi verabschieden wir unseren Guide, Fernando, der uns auf unseren Wanderungen begleitet hat und mit welchem wir sehr zufrieden waren.<br \/>\nAn dieser Stelle auch ganz herlichen Dank an Adrian Wood vom Novartis Berg&#038;Skiclub, der uns schon so viele interessante und erlebnisreiche Wanderferien durch seine Planung erm\u00f6glicht hat.<br \/>\n[caption id=\"attachment_37116\" align=\"alignleft\" width=\"500\"]<img loading=\"lazy\" src=\"http:\/\/www.freimarianne.ch\/wp-content\/uploads\/2019\/05\/Adrian500.jpg\" alt=\"\" width=\"500\" height=\"481\" class=\"size-full wp-image-37116\" srcset=\"https:\/\/www.freimarianne.ch\/wp-content\/uploads\/2019\/05\/Adrian500.jpg 500w, https:\/\/www.freimarianne.ch\/wp-content\/uploads\/2019\/05\/Adrian500-300x289.jpg 300w, https:\/\/www.freimarianne.ch\/wp-content\/uploads\/2019\/05\/Adrian500-312x300.jpg 312w\" sizes=\"(max-width: 500px) 100vw, 500px\" \/> Adrian<\/p><\/div>\n<p><!-- index.php -->\n<div\n\tclass=\"ngg-galleryoverview ngg-ajax-pagination-none\"\n\tid=\"ngg-gallery-37111-1\">\n\n    \t<div class=\"slideshowlink\">\n        <a href='https:\/\/www.freimarianne.ch\/index.php\/nggallery\/slideshow?page_id=36505'>[Show as slideshow]<\/a>\n\t\t\n\t<\/div>\n\t\t\t<!-- Thumbnails -->\n\t\t\t\t<div id=\"ngg-image-0\" class=\"ngg-gallery-thumbnail-box\" >\n\t\t\t\t        <div class=\"ngg-gallery-thumbnail\">\n            <a href=\"https:\/\/www.freimarianne.ch\/wp-content\/gallery\/mallorca-9-5-19\/IMG_0572.jpg\"\n               title=\"\"\n               data-src=\"https:\/\/www.freimarianne.ch\/wp-content\/gallery\/mallorca-9-5-19\/IMG_0572.jpg\"\n               data-thumbnail=\"https:\/\/www.freimarianne.ch\/wp-content\/gallery\/mallorca-9-5-19\/thumbs\/thumbs_IMG_0572.jpg\"\n               data-image-id=\"20859\"\n               data-title=\"IMG_0572 Karte\"\n               data-description=\"\"\n               data-image-slug=\"img_0572-5\"\n               class=\"shutterset_37111\">\n                <img\n                    title=\"IMG_0572 Karte\"\n                    alt=\"IMG_0572 Karte\"\n                    src=\"https:\/\/www.freimarianne.ch\/wp-content\/gallery\/mallorca-9-5-19\/thumbs\/thumbs_IMG_0572.jpg\"\n                    width=\"100\"\n                    height=\"75\"\n                    style=\"max-width:100%;\"\n                \/>\n            <\/a>\n        <\/div>\n\t\t\t\t\t\t\t<\/div> \n\t\t\t\n        \n\t\t\t\t<div id=\"ngg-image-1\" class=\"ngg-gallery-thumbnail-box\" >\n\t\t\t\t        <div class=\"ngg-gallery-thumbnail\">\n            <a href=\"https:\/\/www.freimarianne.ch\/wp-content\/gallery\/mallorca-9-5-19\/IMG_0573.jpg\"\n               title=\"unterwegs am Strand nach Colonia San Jordi\"\n               data-src=\"https:\/\/www.freimarianne.ch\/wp-content\/gallery\/mallorca-9-5-19\/IMG_0573.jpg\"\n               data-thumbnail=\"https:\/\/www.freimarianne.ch\/wp-content\/gallery\/mallorca-9-5-19\/thumbs\/thumbs_IMG_0573.jpg\"\n               data-image-id=\"20860\"\n               data-title=\"unterwegs am Strand nach Colonia San Jordi\"\n               data-description=\"unterwegs am Strand nach Colonia San Jordi\"\n               data-image-slug=\"img_0573-3\"\n               class=\"shutterset_37111\">\n                <img\n                    title=\"unterwegs am Strand nach Colonia San Jordi\"\n                    alt=\"unterwegs am Strand nach Colonia San Jordi\"\n                    src=\"https:\/\/www.freimarianne.ch\/wp-content\/gallery\/mallorca-9-5-19\/thumbs\/thumbs_IMG_0573.jpg\"\n                    width=\"100\"\n                    height=\"75\"\n                    style=\"max-width:100%;\"\n                \/>\n            <\/a>\n        <\/div>\n\t\t\t\t\t\t\t<\/div> \n\t\t\t\n        \n\t\t\t\t<div id=\"ngg-image-2\" class=\"ngg-gallery-thumbnail-box\" >\n\t\t\t\t        <div class=\"ngg-gallery-thumbnail\">\n            <a href=\"https:\/\/www.freimarianne.ch\/wp-content\/gallery\/mallorca-9-5-19\/IMG_0574.jpg\"\n               title=\"unterwegs am Strand nach Colonia San Jordi\"\n               data-src=\"https:\/\/www.freimarianne.ch\/wp-content\/gallery\/mallorca-9-5-19\/IMG_0574.jpg\"\n               data-thumbnail=\"https:\/\/www.freimarianne.ch\/wp-content\/gallery\/mallorca-9-5-19\/thumbs\/thumbs_IMG_0574.jpg\"\n               data-image-id=\"20861\"\n               data-title=\"unterwegs am Strand nach Colonia San Jordi\"\n               data-description=\"unterwegs am Strand nach Colonia San Jordi\"\n               data-image-slug=\"img_0574-1\"\n               class=\"shutterset_37111\">\n                <img\n                    title=\"unterwegs am Strand nach Colonia San Jordi\"\n                    alt=\"unterwegs am Strand nach Colonia San Jordi\"\n                    src=\"https:\/\/www.freimarianne.ch\/wp-content\/gallery\/mallorca-9-5-19\/thumbs\/thumbs_IMG_0574.jpg\"\n                    width=\"100\"\n                    height=\"75\"\n                    style=\"max-width:100%;\"\n                \/>\n            <\/a>\n        <\/div>\n\t\t\t\t\t\t\t<\/div> \n\t\t\t\n        \n\t\t\t\t<div id=\"ngg-image-3\" class=\"ngg-gallery-thumbnail-box\" >\n\t\t\t\t        <div class=\"ngg-gallery-thumbnail\">\n            <a href=\"https:\/\/www.freimarianne.ch\/wp-content\/gallery\/mallorca-9-5-19\/IMG_0577.jpg\"\n               title=\"unterwegs am Strand nach Colonia San Jordi\"\n               data-src=\"https:\/\/www.freimarianne.ch\/wp-content\/gallery\/mallorca-9-5-19\/IMG_0577.jpg\"\n               data-thumbnail=\"https:\/\/www.freimarianne.ch\/wp-content\/gallery\/mallorca-9-5-19\/thumbs\/thumbs_IMG_0577.jpg\"\n               data-image-id=\"20862\"\n               data-title=\"unterwegs am Strand nach Colonia San Jordi\"\n               data-description=\"unterwegs am Strand nach Colonia San Jordi\"\n               data-image-slug=\"img_0577-4\"\n               class=\"shutterset_37111\">\n                <img\n                    title=\"unterwegs am Strand nach Colonia San Jordi\"\n                    alt=\"unterwegs am Strand nach Colonia San Jordi\"\n                    src=\"https:\/\/www.freimarianne.ch\/wp-content\/gallery\/mallorca-9-5-19\/thumbs\/thumbs_IMG_0577.jpg\"\n                    width=\"100\"\n                    height=\"75\"\n                    style=\"max-width:100%;\"\n                \/>\n            <\/a>\n        <\/div>\n\t\t\t\t\t\t\t<\/div> \n\t\t\t\n        \n\t\t\t\t<div id=\"ngg-image-4\" class=\"ngg-gallery-thumbnail-box\" >\n\t\t\t\t        <div class=\"ngg-gallery-thumbnail\">\n            <a href=\"https:\/\/www.freimarianne.ch\/wp-content\/gallery\/mallorca-9-5-19\/IMG_0580.jpg\"\n               title=\"durch die Berge aus Neptungras; Posidonia oceanica\"\n               data-src=\"https:\/\/www.freimarianne.ch\/wp-content\/gallery\/mallorca-9-5-19\/IMG_0580.jpg\"\n               data-thumbnail=\"https:\/\/www.freimarianne.ch\/wp-content\/gallery\/mallorca-9-5-19\/thumbs\/thumbs_IMG_0580.jpg\"\n               data-image-id=\"20863\"\n               data-title=\"durch die Berge aus Neptungras; Posidonia oceanica\"\n               data-description=\"durch die Berge aus Neptungras; Posidonia oceanica\"\n               data-image-slug=\"img_0580-1\"\n               class=\"shutterset_37111\">\n                <img\n                    title=\"durch die Berge aus Neptungras; Posidonia oceanica\"\n                    alt=\"durch die Berge aus Neptungras; Posidonia oceanica\"\n                    src=\"https:\/\/www.freimarianne.ch\/wp-content\/gallery\/mallorca-9-5-19\/thumbs\/thumbs_IMG_0580.jpg\"\n                    width=\"100\"\n                    height=\"75\"\n                    style=\"max-width:100%;\"\n                \/>\n            <\/a>\n        <\/div>\n\t\t\t\t\t\t\t<\/div> \n\t\t\t\n        \n\t\t\t\t<div id=\"ngg-image-5\" class=\"ngg-gallery-thumbnail-box\" >\n\t\t\t\t        <div class=\"ngg-gallery-thumbnail\">\n            <a href=\"https:\/\/www.freimarianne.ch\/wp-content\/gallery\/mallorca-9-5-19\/IMG_0581.jpg\"\n               title=\"unterwegs am Strand nach Colonia San Jordi; kurze  Rast\"\n               data-src=\"https:\/\/www.freimarianne.ch\/wp-content\/gallery\/mallorca-9-5-19\/IMG_0581.jpg\"\n               data-thumbnail=\"https:\/\/www.freimarianne.ch\/wp-content\/gallery\/mallorca-9-5-19\/thumbs\/thumbs_IMG_0581.jpg\"\n               data-image-id=\"20864\"\n               data-title=\"unterwegs am Strand nach Colonia San Jordi; kurze  Rast\"\n               data-description=\"unterwegs am Strand nach Colonia San Jordi; kurze  Rast\"\n               data-image-slug=\"img_0581-5\"\n               class=\"shutterset_37111\">\n                <img\n                    title=\"unterwegs am Strand nach Colonia San Jordi; kurze  Rast\"\n                    alt=\"unterwegs am Strand nach Colonia San Jordi; kurze  Rast\"\n                    src=\"https:\/\/www.freimarianne.ch\/wp-content\/gallery\/mallorca-9-5-19\/thumbs\/thumbs_IMG_0581.jpg\"\n                    width=\"100\"\n                    height=\"75\"\n                    style=\"max-width:100%;\"\n                \/>\n            <\/a>\n        <\/div>\n\t\t\t\t\t\t\t<\/div> \n\t\t\t\n        \n\t\t\t\t<div id=\"ngg-image-6\" class=\"ngg-gallery-thumbnail-box\" >\n\t\t\t\t        <div class=\"ngg-gallery-thumbnail\">\n            <a href=\"https:\/\/www.freimarianne.ch\/wp-content\/gallery\/mallorca-9-5-19\/IMG_0582.jpg\"\n               title=\"unterwegs am Strand nach Colonia San Jordi; kurze  Rast\"\n               data-src=\"https:\/\/www.freimarianne.ch\/wp-content\/gallery\/mallorca-9-5-19\/IMG_0582.jpg\"\n               data-thumbnail=\"https:\/\/www.freimarianne.ch\/wp-content\/gallery\/mallorca-9-5-19\/thumbs\/thumbs_IMG_0582.jpg\"\n               data-image-id=\"20865\"\n               data-title=\"unterwegs am Strand nach Colonia San Jordi; kurze  Rast\"\n               data-description=\"unterwegs am Strand nach Colonia San Jordi; kurze  Rast\"\n               data-image-slug=\"img_0582-2\"\n               class=\"shutterset_37111\">\n                <img\n                    title=\"unterwegs am Strand nach Colonia San Jordi; kurze  Rast\"\n                    alt=\"unterwegs am Strand nach Colonia San Jordi; kurze  Rast\"\n                    src=\"https:\/\/www.freimarianne.ch\/wp-content\/gallery\/mallorca-9-5-19\/thumbs\/thumbs_IMG_0582.jpg\"\n                    width=\"100\"\n                    height=\"75\"\n                    style=\"max-width:100%;\"\n                \/>\n            <\/a>\n        <\/div>\n\t\t\t\t\t\t\t<\/div> \n\t\t\t\n        \n\t\t\t\t<div id=\"ngg-image-7\" class=\"ngg-gallery-thumbnail-box\" >\n\t\t\t\t        <div class=\"ngg-gallery-thumbnail\">\n            <a href=\"https:\/\/www.freimarianne.ch\/wp-content\/gallery\/mallorca-9-5-19\/IMG_0583.jpg\"\n               title=\"die Berge aus Neptungras; Posidonia oceanica\"\n               data-src=\"https:\/\/www.freimarianne.ch\/wp-content\/gallery\/mallorca-9-5-19\/IMG_0583.jpg\"\n               data-thumbnail=\"https:\/\/www.freimarianne.ch\/wp-content\/gallery\/mallorca-9-5-19\/thumbs\/thumbs_IMG_0583.jpg\"\n               data-image-id=\"20866\"\n               data-title=\"die Berge aus Neptungras; Posidonia oceanica\"\n               data-description=\"die Berge aus Neptungras; Posidonia oceanica\"\n               data-image-slug=\"img_0583-4\"\n               class=\"shutterset_37111\">\n                <img\n                    title=\"die Berge aus Neptungras; Posidonia oceanica\"\n                    alt=\"die Berge aus Neptungras; Posidonia oceanica\"\n                    src=\"https:\/\/www.freimarianne.ch\/wp-content\/gallery\/mallorca-9-5-19\/thumbs\/thumbs_IMG_0583.jpg\"\n                    width=\"100\"\n                    height=\"75\"\n                    style=\"max-width:100%;\"\n                \/>\n            <\/a>\n        <\/div>\n\t\t\t\t\t\t\t<\/div> \n\t\t\t\n        \n\t\t\t\t<div id=\"ngg-image-8\" class=\"ngg-gallery-thumbnail-box\" >\n\t\t\t\t        <div class=\"ngg-gallery-thumbnail\">\n            <a href=\"https:\/\/www.freimarianne.ch\/wp-content\/gallery\/mallorca-9-5-19\/IMG_0584.jpg\"\n               title=\"unterwegs am Strand nach Colonia San Jordi\"\n               data-src=\"https:\/\/www.freimarianne.ch\/wp-content\/gallery\/mallorca-9-5-19\/IMG_0584.jpg\"\n               data-thumbnail=\"https:\/\/www.freimarianne.ch\/wp-content\/gallery\/mallorca-9-5-19\/thumbs\/thumbs_IMG_0584.jpg\"\n               data-image-id=\"20867\"\n               data-title=\"unterwegs am Strand nach Colonia San Jordi\"\n               data-description=\"unterwegs am Strand nach Colonia San Jordi\"\n               data-image-slug=\"img_0584-1\"\n               class=\"shutterset_37111\">\n                <img\n                    title=\"unterwegs am Strand nach Colonia San Jordi\"\n                    alt=\"unterwegs am Strand nach Colonia San Jordi\"\n                    src=\"https:\/\/www.freimarianne.ch\/wp-content\/gallery\/mallorca-9-5-19\/thumbs\/thumbs_IMG_0584.jpg\"\n                    width=\"100\"\n                    height=\"75\"\n                    style=\"max-width:100%;\"\n                \/>\n            <\/a>\n        <\/div>\n\t\t\t\t\t\t\t<\/div> \n\t\t\t\n        \n\t\t\t\t<div id=\"ngg-image-9\" class=\"ngg-gallery-thumbnail-box\" >\n\t\t\t\t        <div class=\"ngg-gallery-thumbnail\">\n            <a href=\"https:\/\/www.freimarianne.ch\/wp-content\/gallery\/mallorca-9-5-19\/IMG_0585.jpg\"\n               title=\"die Berge aus Neptungras; Posidonia oceanica\"\n               data-src=\"https:\/\/www.freimarianne.ch\/wp-content\/gallery\/mallorca-9-5-19\/IMG_0585.jpg\"\n               data-thumbnail=\"https:\/\/www.freimarianne.ch\/wp-content\/gallery\/mallorca-9-5-19\/thumbs\/thumbs_IMG_0585.jpg\"\n               data-image-id=\"20868\"\n               data-title=\"die Berge aus Neptungras; Posidonia oceanica\"\n               data-description=\"die Berge aus Neptungras; Posidonia oceanica\"\n               data-image-slug=\"img_0585-2\"\n               class=\"shutterset_37111\">\n                <img\n                    title=\"die Berge aus Neptungras; Posidonia oceanica\"\n                    alt=\"die Berge aus Neptungras; Posidonia oceanica\"\n                    src=\"https:\/\/www.freimarianne.ch\/wp-content\/gallery\/mallorca-9-5-19\/thumbs\/thumbs_IMG_0585.jpg\"\n                    width=\"100\"\n                    height=\"75\"\n                    style=\"max-width:100%;\"\n                \/>\n            <\/a>\n        <\/div>\n\t\t\t\t\t\t\t<\/div> \n\t\t\t\n        \n\t\t\t\t<div id=\"ngg-image-10\" class=\"ngg-gallery-thumbnail-box\" >\n\t\t\t\t        <div class=\"ngg-gallery-thumbnail\">\n            <a href=\"https:\/\/www.freimarianne.ch\/wp-content\/gallery\/mallorca-9-5-19\/IMG_0586.jpg\"\n               title=\"durch die Berge aus Neptungras; Posidonia oceanica\"\n               data-src=\"https:\/\/www.freimarianne.ch\/wp-content\/gallery\/mallorca-9-5-19\/IMG_0586.jpg\"\n               data-thumbnail=\"https:\/\/www.freimarianne.ch\/wp-content\/gallery\/mallorca-9-5-19\/thumbs\/thumbs_IMG_0586.jpg\"\n               data-image-id=\"20869\"\n               data-title=\"durch die Berge aus Neptungras; Posidonia oceanica\"\n               data-description=\"durch die Berge aus Neptungras; Posidonia oceanica\"\n               data-image-slug=\"img_0586-5\"\n               class=\"shutterset_37111\">\n                <img\n                    title=\"durch die Berge aus Neptungras; Posidonia oceanica\"\n                    alt=\"durch die Berge aus Neptungras; Posidonia oceanica\"\n                    src=\"https:\/\/www.freimarianne.ch\/wp-content\/gallery\/mallorca-9-5-19\/thumbs\/thumbs_IMG_0586.jpg\"\n                    width=\"100\"\n                    height=\"75\"\n                    style=\"max-width:100%;\"\n                \/>\n            <\/a>\n        <\/div>\n\t\t\t\t\t\t\t<\/div> \n\t\t\t\n        \n\t\t\t\t<div id=\"ngg-image-11\" class=\"ngg-gallery-thumbnail-box\" >\n\t\t\t\t        <div class=\"ngg-gallery-thumbnail\">\n            <a href=\"https:\/\/www.freimarianne.ch\/wp-content\/gallery\/mallorca-9-5-19\/IMG_0591.jpg\"\n               title=\"unterwegs am Strand nach Colonia San Jordi\"\n               data-src=\"https:\/\/www.freimarianne.ch\/wp-content\/gallery\/mallorca-9-5-19\/IMG_0591.jpg\"\n               data-thumbnail=\"https:\/\/www.freimarianne.ch\/wp-content\/gallery\/mallorca-9-5-19\/thumbs\/thumbs_IMG_0591.jpg\"\n               data-image-id=\"20870\"\n               data-title=\"unterwegs am Strand nach Colonia San Jordi\"\n               data-description=\"unterwegs am Strand nach Colonia San Jordi\"\n               data-image-slug=\"img_0591-1\"\n               class=\"shutterset_37111\">\n                <img\n                    title=\"unterwegs am Strand nach Colonia San Jordi\"\n                    alt=\"unterwegs am Strand nach Colonia San Jordi\"\n                    src=\"https:\/\/www.freimarianne.ch\/wp-content\/gallery\/mallorca-9-5-19\/thumbs\/thumbs_IMG_0591.jpg\"\n                    width=\"100\"\n                    height=\"75\"\n                    style=\"max-width:100%;\"\n                \/>\n            <\/a>\n        <\/div>\n\t\t\t\t\t\t\t<\/div> \n\t\t\t\n        \n\t\t\t\t<div id=\"ngg-image-12\" class=\"ngg-gallery-thumbnail-box\" >\n\t\t\t\t        <div class=\"ngg-gallery-thumbnail\">\n            <a href=\"https:\/\/www.freimarianne.ch\/wp-content\/gallery\/mallorca-9-5-19\/IMG_0594.jpg\"\n               title=\"\"\n               data-src=\"https:\/\/www.freimarianne.ch\/wp-content\/gallery\/mallorca-9-5-19\/IMG_0594.jpg\"\n               data-thumbnail=\"https:\/\/www.freimarianne.ch\/wp-content\/gallery\/mallorca-9-5-19\/thumbs\/thumbs_IMG_0594.jpg\"\n               data-image-id=\"20871\"\n               data-title=\"Version 2\"\n               data-description=\"\"\n               data-image-slug=\"img_0594-1\"\n               class=\"shutterset_37111\">\n                <img\n                    title=\"Version 2\"\n                    alt=\"Version 2\"\n                    src=\"https:\/\/www.freimarianne.ch\/wp-content\/gallery\/mallorca-9-5-19\/thumbs\/thumbs_IMG_0594.jpg\"\n                    width=\"100\"\n                    height=\"75\"\n                    style=\"max-width:100%;\"\n                \/>\n            <\/a>\n        <\/div>\n\t\t\t\t\t\t\t<\/div> \n\t\t\t\n        \n\t\t\t\t<div id=\"ngg-image-13\" class=\"ngg-gallery-thumbnail-box\" >\n\t\t\t\t        <div class=\"ngg-gallery-thumbnail\">\n            <a href=\"https:\/\/www.freimarianne.ch\/wp-content\/gallery\/mallorca-9-5-19\/IMG_0597.jpg\"\n               title=\"Blick auf Colonia  San Jordi\"\n               data-src=\"https:\/\/www.freimarianne.ch\/wp-content\/gallery\/mallorca-9-5-19\/IMG_0597.jpg\"\n               data-thumbnail=\"https:\/\/www.freimarianne.ch\/wp-content\/gallery\/mallorca-9-5-19\/thumbs\/thumbs_IMG_0597.jpg\"\n               data-image-id=\"20872\"\n               data-title=\"Blick auf Colonia  San Jordi\"\n               data-description=\"Blick auf Colonia  San Jordi\"\n               data-image-slug=\"img_0597-2\"\n               class=\"shutterset_37111\">\n                <img\n                    title=\"Blick auf Colonia  San Jordi\"\n                    alt=\"Blick auf Colonia  San Jordi\"\n                    src=\"https:\/\/www.freimarianne.ch\/wp-content\/gallery\/mallorca-9-5-19\/thumbs\/thumbs_IMG_0597.jpg\"\n                    width=\"100\"\n                    height=\"75\"\n                    style=\"max-width:100%;\"\n                \/>\n            <\/a>\n        <\/div>\n\t\t\t\t\t\t\t<\/div> \n\t\t\t\n        \n\t\t\n\t\t<!-- Pagination -->\n\t<div class='ngg-clear'><\/div>\t<\/div>\n<\/p>\n","protected":false},"excerpt":{"rendered":"<p>K\u00fcstenwanderung von Cap Ses Salines nach Colonia de San Jordi [Show as slideshow]<\/p>\n","protected":false},"author":1,"featured_media":0,"parent":36423,"menu_order":11,"comment_status":"closed","ping_status":"closed","template":"","meta":{"ngg_post_thumbnail":0},"_links":{"self":[{"href":"https:\/\/www.freimarianne.ch\/index.php?rest_route=\/wp\/v2\/pages\/36505"}],"collection":[{"href":"https:\/\/www.freimarianne.ch\/index.php?rest_route=\/wp\/v2\/pages"}],"about":[{"href":"https:\/\/www.freimarianne.ch\/index.php?rest_route=\/wp\/v2\/types\/page"}],"author":[{"embeddable":true,"href":"https:\/\/www.freimarianne.ch\/index.php?rest_route=\/wp\/v2\/users\/1"}],"replies":[{"embeddable":true,"href":"https:\/\/www.freimarianne.ch\/index.php?rest_route=%2Fwp%2Fv2%2Fcomments&post=36505"}],"version-history":[{"count":5,"href":"https:\/\/www.freimarianne.ch\/index.php?rest_route=\/wp\/v2\/pages\/36505\/revisions"}],"predecessor-version":[{"id":37117,"href":"https:\/\/www.freimarianne.ch\/index.php?rest_route=\/wp\/v2\/pages\/36505\/revisions\/37117"}],"up":[{"embeddable":true,"href":"https:\/\/www.freimarianne.ch\/index.php?rest_route=\/wp\/v2\/pages\/36423"}],"wp:attachment":[{"href":"https:\/\/www.freimarianne.ch\/index.php?rest_route=%2Fwp%2Fv2%2Fmedia&parent=36505"}],"curies":[{"name":"wp","href":"https:\/\/api.w.org\/{rel}","templated":true}]}}