{"id":3764,"date":"2013-04-17T07:08:26","date_gmt":"2013-04-17T06:08:26","guid":{"rendered":"http:\/\/www.freimarianne.ch\/?page_id=3764"},"modified":"2013-04-17T07:29:40","modified_gmt":"2013-04-17T06:29:40","slug":"imihubel-be-14-4-2013","status":"publish","type":"page","link":"https:\/\/www.freimarianne.ch\/?page_id=3764","title":{"rendered":"Imihubel, BE  14.4.2013"},"content":{"rendered":"<p><strong>Wanderung<\/strong> auf den Imihubel-B\u00fctschelegg-Toffen im G\u00fcrbetal<br \/>\nEin pr\u00e4chtiger Sonntag mit pr\u00e4chtigen Panorama auf die Berneralpen<br \/>\n<img loading=\"lazy\" src=\"http:\/\/www.freimarianne.ch\/wp-content\/uploads\/2013\/04\/IMG_3566_imihubel_14.4.jpg\" alt=\"\" title=\"IMG_3566_imihubel_14.4\" width=\"500\" height=\"375\" class=\"aligncenter size-full wp-image-3768\" srcset=\"https:\/\/www.freimarianne.ch\/wp-content\/uploads\/2013\/04\/IMG_3566_imihubel_14.4.jpg 500w, https:\/\/www.freimarianne.ch\/wp-content\/uploads\/2013\/04\/IMG_3566_imihubel_14.4-300x225.jpg 300w, https:\/\/www.freimarianne.ch\/wp-content\/uploads\/2013\/04\/IMG_3566_imihubel_14.4-400x300.jpg 400w\" sizes=\"(max-width: 500px) 100vw, 500px\" \/><\/a><br \/>\n<!-- index.php -->\n<div\n\tclass=\"ngg-galleryoverview ngg-ajax-pagination-none\"\n\tid=\"ngg-gallery-8024ff14c8e683c321b11b4a40240638-1\">\n\n    \t<div class=\"slideshowlink\">\n        <a href='https:\/\/www.freimarianne.ch\/index.php\/nggallery\/slideshow?page_id=3764'>[Show as slideshow]<\/a>\n\t\t\n\t<\/div>\n\t\t\t<!-- Thumbnails -->\n\t\t\t\t<div id=\"ngg-image-0\" class=\"ngg-gallery-thumbnail-box\" >\n\t\t\t\t        <div class=\"ngg-gallery-thumbnail\">\n            <a href=\"https:\/\/www.freimarianne.ch\/wp-content\/gallery\/imihubel-14-4-13\/img_3514.jpg\"\n               title=\"\"\n               data-src=\"https:\/\/www.freimarianne.ch\/wp-content\/gallery\/imihubel-14-4-13\/img_3514.jpg\"\n               data-thumbnail=\"https:\/\/www.freimarianne.ch\/wp-content\/gallery\/imihubel-14-4-13\/thumbs\/thumbs_img_3514.jpg\"\n               data-image-id=\"6525\"\n               data-title=\"img_3514\"\n               data-description=\"\"\n               data-image-slug=\"img_3514\"\n               class=\"shutterset_8024ff14c8e683c321b11b4a40240638\">\n                <img\n                    title=\"img_3514\"\n                    alt=\"img_3514\"\n                    src=\"https:\/\/www.freimarianne.ch\/wp-content\/gallery\/imihubel-14-4-13\/cache\/img_3514.jpg-nggid046525-ngg0dyn-100x75x100-00f0w010c010r110f110r010t010.jpg\"\n                    width=\"100\"\n                    height=\"75\"\n                    style=\"max-width:100%;\"\n                \/>\n            <\/a>\n        <\/div>\n\t\t\t\t\t\t\t<\/div> \n\t\t\t\n                            \n\t\t\t\t<div id=\"ngg-image-1\" class=\"ngg-gallery-thumbnail-box\" >\n\t\t\t\t        <div class=\"ngg-gallery-thumbnail\">\n            <a href=\"https:\/\/www.freimarianne.ch\/wp-content\/gallery\/imihubel-14-4-13\/img_3515.jpg\"\n               title=\"\"\n               data-src=\"https:\/\/www.freimarianne.ch\/wp-content\/gallery\/imihubel-14-4-13\/img_3515.jpg\"\n               data-thumbnail=\"https:\/\/www.freimarianne.ch\/wp-content\/gallery\/imihubel-14-4-13\/thumbs\/thumbs_img_3515.jpg\"\n               data-image-id=\"6526\"\n               data-title=\"img_3515\"\n               data-description=\"\"\n               data-image-slug=\"img_3515-3\"\n               class=\"shutterset_8024ff14c8e683c321b11b4a40240638\">\n                <img\n                    title=\"img_3515\"\n                    alt=\"img_3515\"\n                    src=\"https:\/\/www.freimarianne.ch\/wp-content\/gallery\/imihubel-14-4-13\/cache\/img_3515.jpg-nggid046526-ngg0dyn-100x75x100-00f0w010c010r110f110r010t010.jpg\"\n                    width=\"100\"\n                    height=\"57\"\n                    style=\"max-width:100%;\"\n                \/>\n            <\/a>\n        <\/div>\n\t\t\t\t\t\t\t<\/div> \n\t\t\t\n                            \n\t\t\t\t<div id=\"ngg-image-2\" class=\"ngg-gallery-thumbnail-box\" >\n\t\t\t\t        <div class=\"ngg-gallery-thumbnail\">\n            <a href=\"https:\/\/www.freimarianne.ch\/wp-content\/gallery\/imihubel-14-4-13\/img_3521.jpg\"\n               title=\"\"\n               data-src=\"https:\/\/www.freimarianne.ch\/wp-content\/gallery\/imihubel-14-4-13\/img_3521.jpg\"\n               data-thumbnail=\"https:\/\/www.freimarianne.ch\/wp-content\/gallery\/imihubel-14-4-13\/thumbs\/thumbs_img_3521.jpg\"\n               data-image-id=\"6527\"\n               data-title=\"img_3521\"\n               data-description=\"\"\n               data-image-slug=\"img_3521-2\"\n               class=\"shutterset_8024ff14c8e683c321b11b4a40240638\">\n                <img\n                    title=\"img_3521\"\n                    alt=\"img_3521\"\n                    src=\"https:\/\/www.freimarianne.ch\/wp-content\/gallery\/imihubel-14-4-13\/cache\/img_3521.jpg-nggid046527-ngg0dyn-100x75x100-00f0w010c010r110f110r010t010.jpg\"\n                    width=\"100\"\n                    height=\"59\"\n                    style=\"max-width:100%;\"\n                \/>\n            <\/a>\n        <\/div>\n\t\t\t\t\t\t\t<\/div> \n\t\t\t\n                            \n\t\t\t\t<div id=\"ngg-image-3\" class=\"ngg-gallery-thumbnail-box\" >\n\t\t\t\t        <div class=\"ngg-gallery-thumbnail\">\n            <a href=\"https:\/\/www.freimarianne.ch\/wp-content\/gallery\/imihubel-14-4-13\/img_3545.jpg\"\n               title=\"\"\n               data-src=\"https:\/\/www.freimarianne.ch\/wp-content\/gallery\/imihubel-14-4-13\/img_3545.jpg\"\n               data-thumbnail=\"https:\/\/www.freimarianne.ch\/wp-content\/gallery\/imihubel-14-4-13\/thumbs\/thumbs_img_3545.jpg\"\n               data-image-id=\"6528\"\n               data-title=\"img_3545\"\n               data-description=\"\"\n               data-image-slug=\"img_3545\"\n               class=\"shutterset_8024ff14c8e683c321b11b4a40240638\">\n                <img\n                    title=\"img_3545\"\n                    alt=\"img_3545\"\n                    src=\"https:\/\/www.freimarianne.ch\/wp-content\/gallery\/imihubel-14-4-13\/cache\/img_3545.jpg-nggid046528-ngg0dyn-100x75x100-00f0w010c010r110f110r010t010.jpg\"\n                    width=\"100\"\n                    height=\"75\"\n                    style=\"max-width:100%;\"\n                \/>\n            <\/a>\n        <\/div>\n\t\t\t\t\t\t\t<\/div> \n\t\t\t\n                                    <br style=\"clear: both\" \/>\n                    \n\t\t\t\t<div id=\"ngg-image-4\" class=\"ngg-gallery-thumbnail-box\" >\n\t\t\t\t        <div class=\"ngg-gallery-thumbnail\">\n            <a href=\"https:\/\/www.freimarianne.ch\/wp-content\/gallery\/imihubel-14-4-13\/img_3551.jpg\"\n               title=\"\"\n               data-src=\"https:\/\/www.freimarianne.ch\/wp-content\/gallery\/imihubel-14-4-13\/img_3551.jpg\"\n               data-thumbnail=\"https:\/\/www.freimarianne.ch\/wp-content\/gallery\/imihubel-14-4-13\/thumbs\/thumbs_img_3551.jpg\"\n               data-image-id=\"6529\"\n               data-title=\"img_3551\"\n               data-description=\"\"\n               data-image-slug=\"img_3551\"\n               class=\"shutterset_8024ff14c8e683c321b11b4a40240638\">\n                <img\n                    title=\"img_3551\"\n                    alt=\"img_3551\"\n                    src=\"https:\/\/www.freimarianne.ch\/wp-content\/gallery\/imihubel-14-4-13\/cache\/img_3551.jpg-nggid046529-ngg0dyn-100x75x100-00f0w010c010r110f110r010t010.jpg\"\n                    width=\"100\"\n                    height=\"75\"\n                    style=\"max-width:100%;\"\n                \/>\n            <\/a>\n        <\/div>\n\t\t\t\t\t\t\t<\/div> \n\t\t\t\n                            \n\t\t\t\t<div id=\"ngg-image-5\" class=\"ngg-gallery-thumbnail-box\" >\n\t\t\t\t        <div class=\"ngg-gallery-thumbnail\">\n            <a href=\"https:\/\/www.freimarianne.ch\/wp-content\/gallery\/imihubel-14-4-13\/img_3553.jpg\"\n               title=\"\"\n               data-src=\"https:\/\/www.freimarianne.ch\/wp-content\/gallery\/imihubel-14-4-13\/img_3553.jpg\"\n               data-thumbnail=\"https:\/\/www.freimarianne.ch\/wp-content\/gallery\/imihubel-14-4-13\/thumbs\/thumbs_img_3553.jpg\"\n               data-image-id=\"6530\"\n               data-title=\"img_3553\"\n               data-description=\"\"\n               data-image-slug=\"img_3553-2\"\n               class=\"shutterset_8024ff14c8e683c321b11b4a40240638\">\n                <img\n                    title=\"img_3553\"\n                    alt=\"img_3553\"\n                    src=\"https:\/\/www.freimarianne.ch\/wp-content\/gallery\/imihubel-14-4-13\/cache\/img_3553.jpg-nggid046530-ngg0dyn-100x75x100-00f0w010c010r110f110r010t010.jpg\"\n                    width=\"100\"\n                    height=\"75\"\n                    style=\"max-width:100%;\"\n                \/>\n            <\/a>\n        <\/div>\n\t\t\t\t\t\t\t<\/div> \n\t\t\t\n                            \n\t\t\t\t<div id=\"ngg-image-6\" class=\"ngg-gallery-thumbnail-box\" >\n\t\t\t\t        <div class=\"ngg-gallery-thumbnail\">\n            <a href=\"https:\/\/www.freimarianne.ch\/wp-content\/gallery\/imihubel-14-4-13\/img_3572.jpg\"\n               title=\"\"\n               data-src=\"https:\/\/www.freimarianne.ch\/wp-content\/gallery\/imihubel-14-4-13\/img_3572.jpg\"\n               data-thumbnail=\"https:\/\/www.freimarianne.ch\/wp-content\/gallery\/imihubel-14-4-13\/thumbs\/thumbs_img_3572.jpg\"\n               data-image-id=\"6531\"\n               data-title=\"img_3572\"\n               data-description=\"\"\n               data-image-slug=\"img_3572\"\n               class=\"shutterset_8024ff14c8e683c321b11b4a40240638\">\n                <img\n                    title=\"img_3572\"\n                    alt=\"img_3572\"\n                    src=\"https:\/\/www.freimarianne.ch\/wp-content\/gallery\/imihubel-14-4-13\/cache\/img_3572.jpg-nggid046531-ngg0dyn-100x75x100-00f0w010c010r110f110r010t010.jpg\"\n                    width=\"100\"\n                    height=\"75\"\n                    style=\"max-width:100%;\"\n                \/>\n            <\/a>\n        <\/div>\n\t\t\t\t\t\t\t<\/div> \n\t\t\t\n                            \n\t\t\t\t<div id=\"ngg-image-7\" class=\"ngg-gallery-thumbnail-box\" >\n\t\t\t\t        <div class=\"ngg-gallery-thumbnail\">\n            <a href=\"https:\/\/www.freimarianne.ch\/wp-content\/gallery\/imihubel-14-4-13\/img_3574.jpg\"\n               title=\"\"\n               data-src=\"https:\/\/www.freimarianne.ch\/wp-content\/gallery\/imihubel-14-4-13\/img_3574.jpg\"\n               data-thumbnail=\"https:\/\/www.freimarianne.ch\/wp-content\/gallery\/imihubel-14-4-13\/thumbs\/thumbs_img_3574.jpg\"\n               data-image-id=\"6532\"\n               data-title=\"img_3574\"\n               data-description=\"\"\n               data-image-slug=\"img_3574\"\n               class=\"shutterset_8024ff14c8e683c321b11b4a40240638\">\n                <img\n                    title=\"img_3574\"\n                    alt=\"img_3574\"\n                    src=\"https:\/\/www.freimarianne.ch\/wp-content\/gallery\/imihubel-14-4-13\/cache\/img_3574.jpg-nggid046532-ngg0dyn-100x75x100-00f0w010c010r110f110r010t010.jpg\"\n                    width=\"100\"\n                    height=\"75\"\n                    style=\"max-width:100%;\"\n                \/>\n            <\/a>\n        <\/div>\n\t\t\t\t\t\t\t<\/div> \n\t\t\t\n                                    <br style=\"clear: both\" \/>\n                    \n\t\t\t\t<div id=\"ngg-image-8\" class=\"ngg-gallery-thumbnail-box\" >\n\t\t\t\t        <div class=\"ngg-gallery-thumbnail\">\n            <a href=\"https:\/\/www.freimarianne.ch\/wp-content\/gallery\/imihubel-14-4-13\/img_3576.jpg\"\n               title=\"\"\n               data-src=\"https:\/\/www.freimarianne.ch\/wp-content\/gallery\/imihubel-14-4-13\/img_3576.jpg\"\n               data-thumbnail=\"https:\/\/www.freimarianne.ch\/wp-content\/gallery\/imihubel-14-4-13\/thumbs\/thumbs_img_3576.jpg\"\n               data-image-id=\"6533\"\n               data-title=\"img_3576\"\n               data-description=\"\"\n               data-image-slug=\"img_3576-2\"\n               class=\"shutterset_8024ff14c8e683c321b11b4a40240638\">\n                <img\n                    title=\"img_3576\"\n                    alt=\"img_3576\"\n                    src=\"https:\/\/www.freimarianne.ch\/wp-content\/gallery\/imihubel-14-4-13\/cache\/img_3576.jpg-nggid046533-ngg0dyn-100x75x100-00f0w010c010r110f110r010t010.jpg\"\n                    width=\"100\"\n                    height=\"75\"\n                    style=\"max-width:100%;\"\n                \/>\n            <\/a>\n        <\/div>\n\t\t\t\t\t\t\t<\/div> \n\t\t\t\n                            \n\t\t\t\t<div id=\"ngg-image-9\" class=\"ngg-gallery-thumbnail-box\" >\n\t\t\t\t        <div class=\"ngg-gallery-thumbnail\">\n            <a href=\"https:\/\/www.freimarianne.ch\/wp-content\/gallery\/imihubel-14-4-13\/img_3585.jpg\"\n               title=\"\"\n               data-src=\"https:\/\/www.freimarianne.ch\/wp-content\/gallery\/imihubel-14-4-13\/img_3585.jpg\"\n               data-thumbnail=\"https:\/\/www.freimarianne.ch\/wp-content\/gallery\/imihubel-14-4-13\/thumbs\/thumbs_img_3585.jpg\"\n               data-image-id=\"6534\"\n               data-title=\"img_3585\"\n               data-description=\"\"\n               data-image-slug=\"img_3585\"\n               class=\"shutterset_8024ff14c8e683c321b11b4a40240638\">\n                <img\n                    title=\"img_3585\"\n                    alt=\"img_3585\"\n                    src=\"https:\/\/www.freimarianne.ch\/wp-content\/gallery\/imihubel-14-4-13\/cache\/img_3585.jpg-nggid046534-ngg0dyn-100x75x100-00f0w010c010r110f110r010t010.jpg\"\n                    width=\"100\"\n                    height=\"75\"\n                    style=\"max-width:100%;\"\n                \/>\n            <\/a>\n        <\/div>\n\t\t\t\t\t\t\t<\/div> \n\t\t\t\n                            \n\t\t\n\t\t<!-- Pagination -->\n\t<div class='ngg-clear'><\/div>\t<\/div>\n<\/p>\n","protected":false},"excerpt":{"rendered":"<p>Wanderung auf den Imihubel-B\u00fctschelegg-Toffen im G\u00fcrbetal Ein pr\u00e4chtiger Sonntag mit pr\u00e4chtigen Panorama auf die Berneralpen<\/p>\n","protected":false},"author":1,"featured_media":0,"parent":3720,"menu_order":3,"comment_status":"closed","ping_status":"closed","template":"","meta":{"ngg_post_thumbnail":0},"_links":{"self":[{"href":"https:\/\/www.freimarianne.ch\/index.php?rest_route=\/wp\/v2\/pages\/3764"}],"collection":[{"href":"https:\/\/www.freimarianne.ch\/index.php?rest_route=\/wp\/v2\/pages"}],"about":[{"href":"https:\/\/www.freimarianne.ch\/index.php?rest_route=\/wp\/v2\/types\/page"}],"author":[{"embeddable":true,"href":"https:\/\/www.freimarianne.ch\/index.php?rest_route=\/wp\/v2\/users\/1"}],"replies":[{"embeddable":true,"href":"https:\/\/www.freimarianne.ch\/index.php?rest_route=%2Fwp%2Fv2%2Fcomments&post=3764"}],"version-history":[{"count":6,"href":"https:\/\/www.freimarianne.ch\/index.php?rest_route=\/wp\/v2\/pages\/3764\/revisions"}],"predecessor-version":[{"id":3773,"href":"https:\/\/www.freimarianne.ch\/index.php?rest_route=\/wp\/v2\/pages\/3764\/revisions\/3773"}],"up":[{"embeddable":true,"href":"https:\/\/www.freimarianne.ch\/index.php?rest_route=\/wp\/v2\/pages\/3720"}],"wp:attachment":[{"href":"https:\/\/www.freimarianne.ch\/index.php?rest_route=%2Fwp%2Fv2%2Fmedia&parent=3764"}],"curies":[{"name":"wp","href":"https:\/\/api.w.org\/{rel}","templated":true}]}}