{"id":38013,"date":"2019-08-15T07:39:28","date_gmt":"2019-08-15T06:39:28","guid":{"rendered":"http:\/\/www.freimarianne.ch\/?page_id=38013"},"modified":"2019-10-27T09:45:40","modified_gmt":"2019-10-27T08:45:40","slug":"rietstockli-gl-11-8-2019","status":"publish","type":"page","link":"https:\/\/www.freimarianne.ch\/?page_id=38013","title":{"rendered":"Rietst\u00f6ckli  GL  11.8.2019"},"content":{"rendered":"<p><strong>Bergwanderung auf das Rietst\u00f6ckli<\/strong><br \/>\nmit Leuten vom Novartis Berg&amp;Skiclub<\/p>\n<p><img loading=\"lazy\" class=\"size-full wp-image-38012\" src=\"http:\/\/www.freimarianne.ch\/wp-content\/uploads\/2019\/08\/IMG_2246_rietsto\u0308ckli500.jpg\" alt=\"\" width=\"500\" height=\"303\" srcset=\"https:\/\/www.freimarianne.ch\/wp-content\/uploads\/2019\/08\/IMG_2246_rietsto\u0308ckli500.jpg 500w, https:\/\/www.freimarianne.ch\/wp-content\/uploads\/2019\/08\/IMG_2246_rietsto\u0308ckli500-300x182.jpg 300w, https:\/\/www.freimarianne.ch\/wp-content\/uploads\/2019\/08\/IMG_2246_rietsto\u0308ckli500-495x300.jpg 495w\" sizes=\"(max-width: 500px) 100vw, 500px\" \/><br \/>\nBlick zum Klausenpass mit: Gemsfairenstock, Clariden, Glatten<\/p>\n<p>Mit einer Stunde Versp\u00e4tung treffe ich um 12.30h auf dem Rietst\u00f6ckli 1848m auf die Wandergruppe, die dort ihre Mittagspause macht und die pr\u00e4chtige Aussicht geniesst.<br \/>\nBald macht sich die Gruppe an den Abstieg zur Bergetenalp. Dieser Wegabschnitt ist sehr abwechslungsreich und f\u00fchrt zuerst \u00fcber Weiden, dann \u00fcber einen von K\u00fchen total vertrampelten, dreckigen Weg an den auff\u00e4lligen Felsen des T\u00fcfelschlichli vorbei durch ein dicht \u00fcberwachsenes gr\u00fcnes Gebiet in einem eher steilen Hang, um uns dann auf einem angenehmen Bergpfad hinunter zur Bergetenalp zu bringen, wo Mutterk\u00fche friedlich in geb\u00fchrenden Abstand zum Wanderweg weiden. Hier machen wir eine Pause und warten auf die Nachz\u00fcgler. Wir sind umgeben von den gewaltigen Felsw\u00e4nden des Ortstock und den Felsw\u00e4nden, die sich in einer Art Arena gleich hin\u00fcberziehen zu den Eggst\u00f6cken.<br \/>\nDer Bergetensee ist gr\u00fcn \u00fcberwachsen und vom Wasser ist nichts mehr zu sehen. Wir wandern hin\u00fcber zum Oberstafel 1600m und haben dann noch einige H\u00f6henmeter zu \u00fcberwinden, um hin\u00fcber und auch hinunter zum Grotzenb\u00fchl 1559m zu gelangen, wo wir mit der Gondelbahn hinunter zum H\u00fcttenberg fahren.Von dort aus sind wir in 10 Minunten unten bei der Bergstation der Braunwaldbahn. Die Zeit reicht noch, um sich mit einem erfrischenden Getr\u00e4nk zu versorgen. Um 15.55h f\u00e4hrt die Bahn hinunter zur Talstation, wo wir um 16.18h den Zug nach Ziegelbr\u00fccke besteigen k\u00f6nnen.<\/p>\n<p>Wir hatten grosses Gl\u00fcck mit dem Wetter und auch die Wanderung scheint allen gefallen zu haben, f\u00fchrte sie doch in eine Gegend, die f\u00fcr die einige Leute eher unbekannt war.<\/p>\n<p>Laut Schweizmobil:<br \/>\nDistanz: 10.86km; Aufstieg: 803m; Abstieg: 558m, Wanderzeit 3h 56 min<\/p>\n<p><a href=\"https:\/\/map.schweizmobil.ch\/?lang=de&amp;bgLayer=pk&amp;logo=yes&amp;season=summer&amp;resolution=2.5&amp;E=2717493&amp;N=1200765&amp;layers=Wanderland%2CStation&amp;trackId=5687939\">Karte Schweizmobil:<\/a><\/p>\n<p><!-- index.php -->\n<div\n\tclass=\"ngg-galleryoverview ngg-ajax-pagination-none\"\n\tid=\"ngg-gallery-38048-1\">\n\n    \t<div class=\"slideshowlink\">\n        <a href='https:\/\/www.freimarianne.ch\/index.php\/nggallery\/slideshow?page_id=38013'>[Show as slideshow]<\/a>\n\t\t\n\t<\/div>\n\t\t\t<!-- Thumbnails -->\n\t\t\t\t<div id=\"ngg-image-0\" class=\"ngg-gallery-thumbnail-box\" >\n\t\t\t\t        <div class=\"ngg-gallery-thumbnail\">\n            <a href=\"https:\/\/www.freimarianne.ch\/wp-content\/gallery\/rietstockli-11-8-19\/IMG_2241.jpg\"\n               title=\"\"\n               data-src=\"https:\/\/www.freimarianne.ch\/wp-content\/gallery\/rietstockli-11-8-19\/IMG_2241.jpg\"\n               data-thumbnail=\"https:\/\/www.freimarianne.ch\/wp-content\/gallery\/rietstockli-11-8-19\/thumbs\/thumbs_IMG_2241.jpg\"\n               data-image-id=\"21213\"\n               data-title=\"IMG_2241\"\n               data-description=\"\"\n               data-image-slug=\"img_2241-3\"\n               class=\"shutterset_38048\">\n                <img\n                    title=\"IMG_2241\"\n                    alt=\"IMG_2241\"\n                    src=\"https:\/\/www.freimarianne.ch\/wp-content\/gallery\/rietstockli-11-8-19\/thumbs\/thumbs_IMG_2241.jpg\"\n                    width=\"100\"\n                    height=\"75\"\n                    style=\"max-width:100%;\"\n                \/>\n            <\/a>\n        <\/div>\n\t\t\t\t\t\t\t<\/div> \n\t\t\t\n        \n\t\t\t\t<div id=\"ngg-image-1\" class=\"ngg-gallery-thumbnail-box\" >\n\t\t\t\t        <div class=\"ngg-gallery-thumbnail\">\n            <a href=\"https:\/\/www.freimarianne.ch\/wp-content\/gallery\/rietstockli-11-8-19\/IMG_2242.jpg\"\n               title=\"Bergidyll  unterhalb des Felsbandes des Hochhorns\"\n               data-src=\"https:\/\/www.freimarianne.ch\/wp-content\/gallery\/rietstockli-11-8-19\/IMG_2242.jpg\"\n               data-thumbnail=\"https:\/\/www.freimarianne.ch\/wp-content\/gallery\/rietstockli-11-8-19\/thumbs\/thumbs_IMG_2242.jpg\"\n               data-image-id=\"21214\"\n               data-title=\"Bergidyll  unterhalb des Felsbandes des Hochhorns\"\n               data-description=\"Bergidyll  unterhalb des Felsbandes des Hochhorns\"\n               data-image-slug=\"img_2242-2\"\n               class=\"shutterset_38048\">\n                <img\n                    title=\"Bergidyll  unterhalb des Felsbandes des Hochhorns\"\n                    alt=\"Bergidyll  unterhalb des Felsbandes des Hochhorns\"\n                    src=\"https:\/\/www.freimarianne.ch\/wp-content\/gallery\/rietstockli-11-8-19\/thumbs\/thumbs_IMG_2242.jpg\"\n                    width=\"100\"\n                    height=\"75\"\n                    style=\"max-width:100%;\"\n                \/>\n            <\/a>\n        <\/div>\n\t\t\t\t\t\t\t<\/div> \n\t\t\t\n        \n\t\t\t\t<div id=\"ngg-image-2\" class=\"ngg-gallery-thumbnail-box\" >\n\t\t\t\t        <div class=\"ngg-gallery-thumbnail\">\n            <a href=\"https:\/\/www.freimarianne.ch\/wp-content\/gallery\/rietstockli-11-8-19\/IMG_2243.jpg\"\n               title=\"Blick zum  Klausenpass mit: Gemsfairenstock, Clariden, Glatten\"\n               data-src=\"https:\/\/www.freimarianne.ch\/wp-content\/gallery\/rietstockli-11-8-19\/IMG_2243.jpg\"\n               data-thumbnail=\"https:\/\/www.freimarianne.ch\/wp-content\/gallery\/rietstockli-11-8-19\/thumbs\/thumbs_IMG_2243.jpg\"\n               data-image-id=\"21215\"\n               data-title=\"Blick zum  Klausenpass mit: Gemsfairenstock, Clariden, Glatten\"\n               data-description=\"Blick zum  Klausenpass mit: Gemsfairenstock, Clariden, Glatten\"\n               data-image-slug=\"img_2243-4\"\n               class=\"shutterset_38048\">\n                <img\n                    title=\"Blick zum  Klausenpass mit: Gemsfairenstock, Clariden, Glatten\"\n                    alt=\"Blick zum  Klausenpass mit: Gemsfairenstock, Clariden, Glatten\"\n                    src=\"https:\/\/www.freimarianne.ch\/wp-content\/gallery\/rietstockli-11-8-19\/thumbs\/thumbs_IMG_2243.jpg\"\n                    width=\"100\"\n                    height=\"75\"\n                    style=\"max-width:100%;\"\n                \/>\n            <\/a>\n        <\/div>\n\t\t\t\t\t\t\t<\/div> \n\t\t\t\n        \n\t\t\t\t<div id=\"ngg-image-3\" class=\"ngg-gallery-thumbnail-box\" >\n\t\t\t\t        <div class=\"ngg-gallery-thumbnail\">\n            <a href=\"https:\/\/www.freimarianne.ch\/wp-content\/gallery\/rietstockli-11-8-19\/IMG_2248.jpg\"\n               title=\"Aufstieg zum Rietst\u00f6ckli  mit  Ortstock 2716m\"\n               data-src=\"https:\/\/www.freimarianne.ch\/wp-content\/gallery\/rietstockli-11-8-19\/IMG_2248.jpg\"\n               data-thumbnail=\"https:\/\/www.freimarianne.ch\/wp-content\/gallery\/rietstockli-11-8-19\/thumbs\/thumbs_IMG_2248.jpg\"\n               data-image-id=\"21216\"\n               data-title=\"Aufstieg zum Rietst\u00c3\u00b6ckli  mit  Ortstock 2716m\"\n               data-description=\"Aufstieg zum Rietst\u00f6ckli  mit  Ortstock 2716m\"\n               data-image-slug=\"img_2248-4\"\n               class=\"shutterset_38048\">\n                <img\n                    title=\"Aufstieg zum Rietst\u00c3\u00b6ckli  mit  Ortstock 2716m\"\n                    alt=\"Aufstieg zum Rietst\u00c3\u00b6ckli  mit  Ortstock 2716m\"\n                    src=\"https:\/\/www.freimarianne.ch\/wp-content\/gallery\/rietstockli-11-8-19\/thumbs\/thumbs_IMG_2248.jpg\"\n                    width=\"100\"\n                    height=\"75\"\n                    style=\"max-width:100%;\"\n                \/>\n            <\/a>\n        <\/div>\n\t\t\t\t\t\t\t<\/div> \n\t\t\t\n        \n\t\t\t\t<div id=\"ngg-image-4\" class=\"ngg-gallery-thumbnail-box\" >\n\t\t\t\t        <div class=\"ngg-gallery-thumbnail\">\n            <a href=\"https:\/\/www.freimarianne.ch\/wp-content\/gallery\/rietstockli-11-8-19\/IMG_2250.jpg\"\n               title=\"fast oben auf  Ob.Fritteren\"\n               data-src=\"https:\/\/www.freimarianne.ch\/wp-content\/gallery\/rietstockli-11-8-19\/IMG_2250.jpg\"\n               data-thumbnail=\"https:\/\/www.freimarianne.ch\/wp-content\/gallery\/rietstockli-11-8-19\/thumbs\/thumbs_IMG_2250.jpg\"\n               data-image-id=\"21217\"\n               data-title=\"fast oben auf  Ob.Fritteren\"\n               data-description=\"fast oben auf  Ob.Fritteren\"\n               data-image-slug=\"img_2250-1\"\n               class=\"shutterset_38048\">\n                <img\n                    title=\"fast oben auf  Ob.Fritteren\"\n                    alt=\"fast oben auf  Ob.Fritteren\"\n                    src=\"https:\/\/www.freimarianne.ch\/wp-content\/gallery\/rietstockli-11-8-19\/thumbs\/thumbs_IMG_2250.jpg\"\n                    width=\"100\"\n                    height=\"75\"\n                    style=\"max-width:100%;\"\n                \/>\n            <\/a>\n        <\/div>\n\t\t\t\t\t\t\t<\/div> \n\t\t\t\n        \n\t\t\t\t<div id=\"ngg-image-5\" class=\"ngg-gallery-thumbnail-box\" >\n\t\t\t\t        <div class=\"ngg-gallery-thumbnail\">\n            <a href=\"https:\/\/www.freimarianne.ch\/wp-content\/gallery\/rietstockli-11-8-19\/IMG_2252.jpg\"\n               title=\"Blick vom Rietst\u00f6ckli gegen den Klausenpass ; Clariden und Glatten\"\n               data-src=\"https:\/\/www.freimarianne.ch\/wp-content\/gallery\/rietstockli-11-8-19\/IMG_2252.jpg\"\n               data-thumbnail=\"https:\/\/www.freimarianne.ch\/wp-content\/gallery\/rietstockli-11-8-19\/thumbs\/thumbs_IMG_2252.jpg\"\n               data-image-id=\"21218\"\n               data-title=\"Blick vom Rietst\u00c3\u00b6ckli gegen den Klausenpass ; Clariden und Glatten\"\n               data-description=\"Blick vom Rietst\u00f6ckli gegen den Klausenpass ; Clariden und Glatten\"\n               data-image-slug=\"img_2252-4\"\n               class=\"shutterset_38048\">\n                <img\n                    title=\"Blick vom Rietst\u00c3\u00b6ckli gegen den Klausenpass ; Clariden und Glatten\"\n                    alt=\"Blick vom Rietst\u00c3\u00b6ckli gegen den Klausenpass ; Clariden und Glatten\"\n                    src=\"https:\/\/www.freimarianne.ch\/wp-content\/gallery\/rietstockli-11-8-19\/thumbs\/thumbs_IMG_2252.jpg\"\n                    width=\"100\"\n                    height=\"75\"\n                    style=\"max-width:100%;\"\n                \/>\n            <\/a>\n        <\/div>\n\t\t\t\t\t\t\t<\/div> \n\t\t\t\n        \n\t\t\t\t<div id=\"ngg-image-6\" class=\"ngg-gallery-thumbnail-box\" >\n\t\t\t\t        <div class=\"ngg-gallery-thumbnail\">\n            <a href=\"https:\/\/www.freimarianne.ch\/wp-content\/gallery\/rietstockli-11-8-19\/IMG_2253.jpg\"\n               title=\"bein T\u00fcfels Chilchli; re Eggstock\"\n               data-src=\"https:\/\/www.freimarianne.ch\/wp-content\/gallery\/rietstockli-11-8-19\/IMG_2253.jpg\"\n               data-thumbnail=\"https:\/\/www.freimarianne.ch\/wp-content\/gallery\/rietstockli-11-8-19\/thumbs\/thumbs_IMG_2253.jpg\"\n               data-image-id=\"21219\"\n               data-title=\"bein T\u00c3\u00bcfels Chilchli; re Eggstock\"\n               data-description=\"bein T\u00fcfels Chilchli; re Eggstock\"\n               data-image-slug=\"img_2253\"\n               class=\"shutterset_38048\">\n                <img\n                    title=\"bein T\u00c3\u00bcfels Chilchli; re Eggstock\"\n                    alt=\"bein T\u00c3\u00bcfels Chilchli; re Eggstock\"\n                    src=\"https:\/\/www.freimarianne.ch\/wp-content\/gallery\/rietstockli-11-8-19\/thumbs\/thumbs_IMG_2253.jpg\"\n                    width=\"100\"\n                    height=\"75\"\n                    style=\"max-width:100%;\"\n                \/>\n            <\/a>\n        <\/div>\n\t\t\t\t\t\t\t<\/div> \n\t\t\t\n        \n\t\t\t\t<div id=\"ngg-image-7\" class=\"ngg-gallery-thumbnail-box\" >\n\t\t\t\t        <div class=\"ngg-gallery-thumbnail\">\n            <a href=\"https:\/\/www.freimarianne.ch\/wp-content\/gallery\/rietstockli-11-8-19\/IMG_2255.jpg\"\n               title=\"unterwegs gegen die Bergetenalp\"\n               data-src=\"https:\/\/www.freimarianne.ch\/wp-content\/gallery\/rietstockli-11-8-19\/IMG_2255.jpg\"\n               data-thumbnail=\"https:\/\/www.freimarianne.ch\/wp-content\/gallery\/rietstockli-11-8-19\/thumbs\/thumbs_IMG_2255.jpg\"\n               data-image-id=\"21220\"\n               data-title=\"unterwegs gegen die Bergetenalp\"\n               data-description=\"unterwegs gegen die Bergetenalp\"\n               data-image-slug=\"img_2255\"\n               class=\"shutterset_38048\">\n                <img\n                    title=\"unterwegs gegen die Bergetenalp\"\n                    alt=\"unterwegs gegen die Bergetenalp\"\n                    src=\"https:\/\/www.freimarianne.ch\/wp-content\/gallery\/rietstockli-11-8-19\/thumbs\/thumbs_IMG_2255.jpg\"\n                    width=\"100\"\n                    height=\"75\"\n                    style=\"max-width:100%;\"\n                \/>\n            <\/a>\n        <\/div>\n\t\t\t\t\t\t\t<\/div> \n\t\t\t\n        \n\t\t\t\t<div id=\"ngg-image-8\" class=\"ngg-gallery-thumbnail-box\" >\n\t\t\t\t        <div class=\"ngg-gallery-thumbnail\">\n            <a href=\"https:\/\/www.freimarianne.ch\/wp-content\/gallery\/rietstockli-11-8-19\/IMG_2257.jpg\"\n               title=\"Eggstock, Gl\u00e4rnisch Massiv\"\n               data-src=\"https:\/\/www.freimarianne.ch\/wp-content\/gallery\/rietstockli-11-8-19\/IMG_2257.jpg\"\n               data-thumbnail=\"https:\/\/www.freimarianne.ch\/wp-content\/gallery\/rietstockli-11-8-19\/thumbs\/thumbs_IMG_2257.jpg\"\n               data-image-id=\"21221\"\n               data-title=\"Eggstock, Gl\u00c3\u00a4rnisch Massiv\"\n               data-description=\"Eggstock, Gl\u00e4rnisch Massiv\"\n               data-image-slug=\"img_2257-2\"\n               class=\"shutterset_38048\">\n                <img\n                    title=\"Eggstock, Gl\u00c3\u00a4rnisch Massiv\"\n                    alt=\"Eggstock, Gl\u00c3\u00a4rnisch Massiv\"\n                    src=\"https:\/\/www.freimarianne.ch\/wp-content\/gallery\/rietstockli-11-8-19\/thumbs\/thumbs_IMG_2257.jpg\"\n                    width=\"100\"\n                    height=\"75\"\n                    style=\"max-width:100%;\"\n                \/>\n            <\/a>\n        <\/div>\n\t\t\t\t\t\t\t<\/div> \n\t\t\t\n        \n\t\t\t\t<div id=\"ngg-image-9\" class=\"ngg-gallery-thumbnail-box\" >\n\t\t\t\t        <div class=\"ngg-gallery-thumbnail\">\n            <a href=\"https:\/\/www.freimarianne.ch\/wp-content\/gallery\/rietstockli-11-8-19\/IMG_2260.jpg\"\n               title=\"die Vorhut unterwegs; Eggstock\"\n               data-src=\"https:\/\/www.freimarianne.ch\/wp-content\/gallery\/rietstockli-11-8-19\/IMG_2260.jpg\"\n               data-thumbnail=\"https:\/\/www.freimarianne.ch\/wp-content\/gallery\/rietstockli-11-8-19\/thumbs\/thumbs_IMG_2260.jpg\"\n               data-image-id=\"21222\"\n               data-title=\"die Vorhut unterwegs; Eggstock\"\n               data-description=\"die Vorhut unterwegs; Eggstock\"\n               data-image-slug=\"img_2260-3\"\n               class=\"shutterset_38048\">\n                <img\n                    title=\"die Vorhut unterwegs; Eggstock\"\n                    alt=\"die Vorhut unterwegs; Eggstock\"\n                    src=\"https:\/\/www.freimarianne.ch\/wp-content\/gallery\/rietstockli-11-8-19\/thumbs\/thumbs_IMG_2260.jpg\"\n                    width=\"100\"\n                    height=\"75\"\n                    style=\"max-width:100%;\"\n                \/>\n            <\/a>\n        <\/div>\n\t\t\t\t\t\t\t<\/div> \n\t\t\t\n        \n\t\t\t\t<div id=\"ngg-image-10\" class=\"ngg-gallery-thumbnail-box\" >\n\t\t\t\t        <div class=\"ngg-gallery-thumbnail\">\n            <a href=\"https:\/\/www.freimarianne.ch\/wp-content\/gallery\/rietstockli-11-8-19\/IMG_2263.jpg\"\n               title=\"auf der Bergetenalp 1643m\"\n               data-src=\"https:\/\/www.freimarianne.ch\/wp-content\/gallery\/rietstockli-11-8-19\/IMG_2263.jpg\"\n               data-thumbnail=\"https:\/\/www.freimarianne.ch\/wp-content\/gallery\/rietstockli-11-8-19\/thumbs\/thumbs_IMG_2263.jpg\"\n               data-image-id=\"21223\"\n               data-title=\"auf der Bergetenalp 1643m\"\n               data-description=\"auf der Bergetenalp 1643m\"\n               data-image-slug=\"img_2263-1\"\n               class=\"shutterset_38048\">\n                <img\n                    title=\"auf der Bergetenalp 1643m\"\n                    alt=\"auf der Bergetenalp 1643m\"\n                    src=\"https:\/\/www.freimarianne.ch\/wp-content\/gallery\/rietstockli-11-8-19\/thumbs\/thumbs_IMG_2263.jpg\"\n                    width=\"100\"\n                    height=\"75\"\n                    style=\"max-width:100%;\"\n                \/>\n            <\/a>\n        <\/div>\n\t\t\t\t\t\t\t<\/div> \n\t\t\t\n        \n\t\t\t\t<div id=\"ngg-image-11\" class=\"ngg-gallery-thumbnail-box\" >\n\t\t\t\t        <div class=\"ngg-gallery-thumbnail\">\n            <a href=\"https:\/\/www.freimarianne.ch\/wp-content\/gallery\/rietstockli-11-8-19\/IMG_2264.jpg\"\n               title=\"auf der Bergetenalp\"\n               data-src=\"https:\/\/www.freimarianne.ch\/wp-content\/gallery\/rietstockli-11-8-19\/IMG_2264.jpg\"\n               data-thumbnail=\"https:\/\/www.freimarianne.ch\/wp-content\/gallery\/rietstockli-11-8-19\/thumbs\/thumbs_IMG_2264.jpg\"\n               data-image-id=\"21224\"\n               data-title=\"Version 2\"\n               data-description=\"auf der Bergetenalp\"\n               data-image-slug=\"img_2264-2\"\n               class=\"shutterset_38048\">\n                <img\n                    title=\"Version 2\"\n                    alt=\"Version 2\"\n                    src=\"https:\/\/www.freimarianne.ch\/wp-content\/gallery\/rietstockli-11-8-19\/thumbs\/thumbs_IMG_2264.jpg\"\n                    width=\"100\"\n                    height=\"75\"\n                    style=\"max-width:100%;\"\n                \/>\n            <\/a>\n        <\/div>\n\t\t\t\t\t\t\t<\/div> \n\t\t\t\n        \n\t\t\t\t<div id=\"ngg-image-12\" class=\"ngg-gallery-thumbnail-box\" >\n\t\t\t\t        <div class=\"ngg-gallery-thumbnail\">\n            <a href=\"https:\/\/www.freimarianne.ch\/wp-content\/gallery\/rietstockli-11-8-19\/IMG_2266.jpg\"\n               title=\"Gruppenbild mit den beiden K\u00e4rpfen\"\n               data-src=\"https:\/\/www.freimarianne.ch\/wp-content\/gallery\/rietstockli-11-8-19\/IMG_2266.jpg\"\n               data-thumbnail=\"https:\/\/www.freimarianne.ch\/wp-content\/gallery\/rietstockli-11-8-19\/thumbs\/thumbs_IMG_2266.jpg\"\n               data-image-id=\"21225\"\n               data-title=\"Gruppenbild mit den beiden K\u00c3\u00a4rpfen\"\n               data-description=\"Gruppenbild mit den beiden K\u00e4rpfen\"\n               data-image-slug=\"img_2266-6\"\n               class=\"shutterset_38048\">\n                <img\n                    title=\"Gruppenbild mit den beiden K\u00c3\u00a4rpfen\"\n                    alt=\"Gruppenbild mit den beiden K\u00c3\u00a4rpfen\"\n                    src=\"https:\/\/www.freimarianne.ch\/wp-content\/gallery\/rietstockli-11-8-19\/thumbs\/thumbs_IMG_2266.jpg\"\n                    width=\"100\"\n                    height=\"75\"\n                    style=\"max-width:100%;\"\n                \/>\n            <\/a>\n        <\/div>\n\t\t\t\t\t\t\t<\/div> \n\t\t\t\n        \n\t\t\t\t<div id=\"ngg-image-13\" class=\"ngg-gallery-thumbnail-box\" >\n\t\t\t\t        <div class=\"ngg-gallery-thumbnail\">\n            <a href=\"https:\/\/www.freimarianne.ch\/wp-content\/gallery\/rietstockli-11-8-19\/IMG_2271.jpg\"\n               title=\"der Ortstock\"\n               data-src=\"https:\/\/www.freimarianne.ch\/wp-content\/gallery\/rietstockli-11-8-19\/IMG_2271.jpg\"\n               data-thumbnail=\"https:\/\/www.freimarianne.ch\/wp-content\/gallery\/rietstockli-11-8-19\/thumbs\/thumbs_IMG_2271.jpg\"\n               data-image-id=\"21226\"\n               data-title=\"der Ortstock\"\n               data-description=\"der Ortstock\"\n               data-image-slug=\"img_2271-2\"\n               class=\"shutterset_38048\">\n                <img\n                    title=\"der Ortstock\"\n                    alt=\"der Ortstock\"\n                    src=\"https:\/\/www.freimarianne.ch\/wp-content\/gallery\/rietstockli-11-8-19\/thumbs\/thumbs_IMG_2271.jpg\"\n                    width=\"100\"\n                    height=\"75\"\n                    style=\"max-width:100%;\"\n                \/>\n            <\/a>\n        <\/div>\n\t\t\t\t\t\t\t<\/div> \n\t\t\t\n        \n\t\t\n\t\t<!-- Pagination -->\n\t<div class='ngg-clear'><\/div>\t<\/div>\n<\/p>\n","protected":false},"excerpt":{"rendered":"<p>Bergwanderung auf das Rietst\u00f6ckli mit Leuten vom Novartis Berg&amp;Skiclub Blick zum Klausenpass mit: Gemsfairenstock, Clariden, Glatten Mit einer Stunde Versp\u00e4tung treffe ich um 12.30h auf dem Rietst\u00f6ckli 1848m auf die Wandergruppe, die dort ihre Mittagspause macht und die pr\u00e4chtige Aussicht geniesst. Bald macht sich die Gruppe an den Abstieg zur Bergetenalp. Dieser Wegabschnitt ist sehr [&hellip;]<\/p>\n","protected":false},"author":1,"featured_media":0,"parent":37187,"menu_order":17,"comment_status":"closed","ping_status":"closed","template":"","meta":{"ngg_post_thumbnail":0},"_links":{"self":[{"href":"https:\/\/www.freimarianne.ch\/index.php?rest_route=\/wp\/v2\/pages\/38013"}],"collection":[{"href":"https:\/\/www.freimarianne.ch\/index.php?rest_route=\/wp\/v2\/pages"}],"about":[{"href":"https:\/\/www.freimarianne.ch\/index.php?rest_route=\/wp\/v2\/types\/page"}],"author":[{"embeddable":true,"href":"https:\/\/www.freimarianne.ch\/index.php?rest_route=\/wp\/v2\/users\/1"}],"replies":[{"embeddable":true,"href":"https:\/\/www.freimarianne.ch\/index.php?rest_route=%2Fwp%2Fv2%2Fcomments&post=38013"}],"version-history":[{"count":6,"href":"https:\/\/www.freimarianne.ch\/index.php?rest_route=\/wp\/v2\/pages\/38013\/revisions"}],"predecessor-version":[{"id":39092,"href":"https:\/\/www.freimarianne.ch\/index.php?rest_route=\/wp\/v2\/pages\/38013\/revisions\/39092"}],"up":[{"embeddable":true,"href":"https:\/\/www.freimarianne.ch\/index.php?rest_route=\/wp\/v2\/pages\/37187"}],"wp:attachment":[{"href":"https:\/\/www.freimarianne.ch\/index.php?rest_route=%2Fwp%2Fv2%2Fmedia&parent=38013"}],"curies":[{"name":"wp","href":"https:\/\/api.w.org\/{rel}","templated":true}]}}