{"id":39320,"date":"2019-12-09T11:18:07","date_gmt":"2019-12-09T10:18:07","guid":{"rendered":"http:\/\/www.freimarianne.ch\/?page_id=39320"},"modified":"2019-12-09T11:37:48","modified_gmt":"2019-12-09T10:37:48","slug":"burchen-vs-30-11-2019","status":"publish","type":"page","link":"https:\/\/www.freimarianne.ch\/?page_id=39320","title":{"rendered":"B\u00fcrchen  VS  30.11.2019"},"content":{"rendered":"<p><strong>Winterwanderung in B\u00fcrchen<\/strong><\/p>\n<p><img loading=\"lazy\" class=\"size-full wp-image-39322\" src=\"http:\/\/www.freimarianne.ch\/wp-content\/uploads\/2019\/12\/IMG_3962_bu\u0308rchen_500.jpeg\" alt=\"\" width=\"500\" height=\"334\" srcset=\"https:\/\/www.freimarianne.ch\/wp-content\/uploads\/2019\/12\/IMG_3962_bu\u0308rchen_500.jpeg 500w, https:\/\/www.freimarianne.ch\/wp-content\/uploads\/2019\/12\/IMG_3962_bu\u0308rchen_500-300x200.jpeg 300w, https:\/\/www.freimarianne.ch\/wp-content\/uploads\/2019\/12\/IMG_3962_bu\u0308rchen_500-449x300.jpeg 449w\" sizes=\"(max-width: 500px) 100vw, 500px\" \/> Winteridylle in B\u00fcrchen<\/p>\n<p>Wieder lockt mich der Schnee ins Wallis! In der Vorsaison kann man keine gespurten Wanderwege verlangen.<br \/>\nSo mache ich auf gut Gl\u00fcck eine Wanderung im Wald oberhalb B\u00fcrchen Station und komme dan nach einem Anstieg, de rmich auf die Skipiste bringt, wieder hinunter nach Egga. Ich h\u00e4nge noch zwei weitere Schleifen an, die mich aber immer wieder zur R\u00fcckkehr zwingen. Fazit: vor der Saison Er\u00f6ffnung nimmt man besser die Schneeschuhe mit ! Aber ich habe mich wenigstens mehr als drei Stunden im Schnee und an der frischen Luft bewegt und meinen Knie einiges abverlangt.<\/p>\n<p><!-- index.php -->\n<div\n\tclass=\"ngg-galleryoverview ngg-ajax-pagination-none\"\n\tid=\"ngg-gallery-39336-1\">\n\n    \t<div class=\"slideshowlink\">\n        <a href='https:\/\/www.freimarianne.ch\/index.php\/nggallery\/slideshow?page_id=39320'>[Show as slideshow]<\/a>\n\t\t\n\t<\/div>\n\t\t\t<!-- Thumbnails -->\n\t\t\t\t<div id=\"ngg-image-0\" class=\"ngg-gallery-thumbnail-box\" >\n\t\t\t\t        <div class=\"ngg-gallery-thumbnail\">\n            <a href=\"https:\/\/www.freimarianne.ch\/wp-content\/gallery\/burchen-30-11-19\/IMG_3917.jpeg\"\n               title=\"in B\u00fcrchen; Hohgleifa 3278m, davor Wannihorn 3115m, Wilerhorn 3307m, Bietschhorn 3934m\"\n               data-src=\"https:\/\/www.freimarianne.ch\/wp-content\/gallery\/burchen-30-11-19\/IMG_3917.jpeg\"\n               data-thumbnail=\"https:\/\/www.freimarianne.ch\/wp-content\/gallery\/burchen-30-11-19\/thumbs\/thumbs_IMG_3917.jpeg\"\n               data-image-id=\"21710\"\n               data-title=\"IMG_3917\"\n               data-description=\"in B\u00fcrchen; Hohgleifa 3278m, davor Wannihorn 3115m, Wilerhorn 3307m, Bietschhorn 3934m\"\n               data-image-slug=\"img_3917-3\"\n               class=\"shutterset_39336\">\n                <img\n                    title=\"IMG_3917\"\n                    alt=\"IMG_3917\"\n                    src=\"https:\/\/www.freimarianne.ch\/wp-content\/gallery\/burchen-30-11-19\/thumbs\/thumbs_IMG_3917.jpeg\"\n                    width=\"100\"\n                    height=\"75\"\n                    style=\"max-width:100%;\"\n                \/>\n            <\/a>\n        <\/div>\n\t\t\t\t\t\t\t<\/div> \n\t\t\t\n        \n\t\t\t\t<div id=\"ngg-image-1\" class=\"ngg-gallery-thumbnail-box\" >\n\t\t\t\t        <div class=\"ngg-gallery-thumbnail\">\n            <a href=\"https:\/\/www.freimarianne.ch\/wp-content\/gallery\/burchen-30-11-19\/IMG_3920.jpeg\"\n               title=\"Winterstimmung mit  Bietschhorn 3934m\"\n               data-src=\"https:\/\/www.freimarianne.ch\/wp-content\/gallery\/burchen-30-11-19\/IMG_3920.jpeg\"\n               data-thumbnail=\"https:\/\/www.freimarianne.ch\/wp-content\/gallery\/burchen-30-11-19\/thumbs\/thumbs_IMG_3920.jpeg\"\n               data-image-id=\"21709\"\n               data-title=\"IMG_3920\"\n               data-description=\"Winterstimmung mit  Bietschhorn 3934m\"\n               data-image-slug=\"img_3920-4\"\n               class=\"shutterset_39336\">\n                <img\n                    title=\"IMG_3920\"\n                    alt=\"IMG_3920\"\n                    src=\"https:\/\/www.freimarianne.ch\/wp-content\/gallery\/burchen-30-11-19\/thumbs\/thumbs_IMG_3920.jpeg\"\n                    width=\"100\"\n                    height=\"75\"\n                    style=\"max-width:100%;\"\n                \/>\n            <\/a>\n        <\/div>\n\t\t\t\t\t\t\t<\/div> \n\t\t\t\n        \n\t\t\t\t<div id=\"ngg-image-2\" class=\"ngg-gallery-thumbnail-box\" >\n\t\t\t\t        <div class=\"ngg-gallery-thumbnail\">\n            <a href=\"https:\/\/www.freimarianne.ch\/wp-content\/gallery\/burchen-30-11-19\/IMG_3921.jpeg\"\n               title=\"Winterstimmung mit  Bietschhorn 3934m\"\n               data-src=\"https:\/\/www.freimarianne.ch\/wp-content\/gallery\/burchen-30-11-19\/IMG_3921.jpeg\"\n               data-thumbnail=\"https:\/\/www.freimarianne.ch\/wp-content\/gallery\/burchen-30-11-19\/thumbs\/thumbs_IMG_3921.jpeg\"\n               data-image-id=\"21708\"\n               data-title=\"IMG_3921\"\n               data-description=\"Winterstimmung mit  Bietschhorn 3934m\"\n               data-image-slug=\"img_3921-1\"\n               class=\"shutterset_39336\">\n                <img\n                    title=\"IMG_3921\"\n                    alt=\"IMG_3921\"\n                    src=\"https:\/\/www.freimarianne.ch\/wp-content\/gallery\/burchen-30-11-19\/thumbs\/thumbs_IMG_3921.jpeg\"\n                    width=\"100\"\n                    height=\"75\"\n                    style=\"max-width:100%;\"\n                \/>\n            <\/a>\n        <\/div>\n\t\t\t\t\t\t\t<\/div> \n\t\t\t\n        \n\t\t\t\t<div id=\"ngg-image-3\" class=\"ngg-gallery-thumbnail-box\" >\n\t\t\t\t        <div class=\"ngg-gallery-thumbnail\">\n            <a href=\"https:\/\/www.freimarianne.ch\/wp-content\/gallery\/burchen-30-11-19\/IMG_3931.jpeg\"\n               title=\"Hohgleifa 3278m, davor Wannihorn 3115m, Wilerhorn 3307m, Bietschhorn 3934m\"\n               data-src=\"https:\/\/www.freimarianne.ch\/wp-content\/gallery\/burchen-30-11-19\/IMG_3931.jpeg\"\n               data-thumbnail=\"https:\/\/www.freimarianne.ch\/wp-content\/gallery\/burchen-30-11-19\/thumbs\/thumbs_IMG_3931.jpeg\"\n               data-image-id=\"21707\"\n               data-title=\"IMG_3931\"\n               data-description=\"Hohgleifa 3278m, davor Wannihorn 3115m, Wilerhorn 3307m, Bietschhorn 3934m\"\n               data-image-slug=\"img_3931-5\"\n               class=\"shutterset_39336\">\n                <img\n                    title=\"IMG_3931\"\n                    alt=\"IMG_3931\"\n                    src=\"https:\/\/www.freimarianne.ch\/wp-content\/gallery\/burchen-30-11-19\/thumbs\/thumbs_IMG_3931.jpeg\"\n                    width=\"100\"\n                    height=\"75\"\n                    style=\"max-width:100%;\"\n                \/>\n            <\/a>\n        <\/div>\n\t\t\t\t\t\t\t<\/div> \n\t\t\t\n        \n\t\t\t\t<div id=\"ngg-image-4\" class=\"ngg-gallery-thumbnail-box\" >\n\t\t\t\t        <div class=\"ngg-gallery-thumbnail\">\n            <a href=\"https:\/\/www.freimarianne.ch\/wp-content\/gallery\/burchen-30-11-19\/IMG_3932.jpeg\"\n               title=\"Torrenthorn 2997m, Rinderhorn 3453m, Altels 3629m, Balmhorn 3699m, Doldenhorn 3643m, Hohgleifa 3278m\"\n               data-src=\"https:\/\/www.freimarianne.ch\/wp-content\/gallery\/burchen-30-11-19\/IMG_3932.jpeg\"\n               data-thumbnail=\"https:\/\/www.freimarianne.ch\/wp-content\/gallery\/burchen-30-11-19\/thumbs\/thumbs_IMG_3932.jpeg\"\n               data-image-id=\"21706\"\n               data-title=\"IMG_3932\"\n               data-description=\"Torrenthorn 2997m, Rinderhorn 3453m, Altels 3629m, Balmhorn 3699m, Doldenhorn 3643m, Hohgleifa 3278m\"\n               data-image-slug=\"img_3932-1\"\n               class=\"shutterset_39336\">\n                <img\n                    title=\"IMG_3932\"\n                    alt=\"IMG_3932\"\n                    src=\"https:\/\/www.freimarianne.ch\/wp-content\/gallery\/burchen-30-11-19\/thumbs\/thumbs_IMG_3932.jpeg\"\n                    width=\"100\"\n                    height=\"75\"\n                    style=\"max-width:100%;\"\n                \/>\n            <\/a>\n        <\/div>\n\t\t\t\t\t\t\t<\/div> \n\t\t\t\n        \n\t\t\t\t<div id=\"ngg-image-5\" class=\"ngg-gallery-thumbnail-box\" >\n\t\t\t\t        <div class=\"ngg-gallery-thumbnail\">\n            <a href=\"https:\/\/www.freimarianne.ch\/wp-content\/gallery\/burchen-30-11-19\/IMG_3934-3937.jpeg\"\n               title=\"Panorama von B\u00fcrchen; orrenthorn 2997m, Rinderhorn 3453m, Altels 3629m, Balmhorn 3699m, Doldenhorn 3643m, Hohgleifa 3278m, davor Wannihorn 3115m, Jolligletscher,, Wilerhorn 3307m, Bietschhorn 3934m, vo \u00d6ustchummhorn, dahinter Wiwannihorn 3001m, L\u00f6tschentaler Breithorn 3785m,  Gredetschh\u00f6rnli, Nesthorn 3824m, Alpjuhorn 3144m, G\u00e4rsthorn 2926m\"\n               data-src=\"https:\/\/www.freimarianne.ch\/wp-content\/gallery\/burchen-30-11-19\/IMG_3934-3937.jpeg\"\n               data-thumbnail=\"https:\/\/www.freimarianne.ch\/wp-content\/gallery\/burchen-30-11-19\/thumbs\/thumbs_IMG_3934-3937.jpeg\"\n               data-image-id=\"21705\"\n               data-title=\"IMG_3934-3937\"\n               data-description=\"Panorama von B\u00fcrchen; orrenthorn 2997m, Rinderhorn 3453m, Altels 3629m, Balmhorn 3699m, Doldenhorn 3643m, Hohgleifa 3278m, davor Wannihorn 3115m, Jolligletscher,, Wilerhorn 3307m, Bietschhorn 3934m, vo \u00d6ustchummhorn, dahinter Wiwannihorn 3001m, L\u00f6tschentaler Breithorn 3785m,  Gredetschh\u00f6rnli, Nesthorn 3824m, Alpjuhorn 3144m, G\u00e4rsthorn 2926m\"\n               data-image-slug=\"img_3934-3937\"\n               class=\"shutterset_39336\">\n                <img\n                    title=\"IMG_3934-3937\"\n                    alt=\"IMG_3934-3937\"\n                    src=\"https:\/\/www.freimarianne.ch\/wp-content\/gallery\/burchen-30-11-19\/thumbs\/thumbs_IMG_3934-3937.jpeg\"\n                    width=\"100\"\n                    height=\"75\"\n                    style=\"max-width:100%;\"\n                \/>\n            <\/a>\n        <\/div>\n\t\t\t\t\t\t\t<\/div> \n\t\t\t\n        \n\t\t\t\t<div id=\"ngg-image-6\" class=\"ngg-gallery-thumbnail-box\" >\n\t\t\t\t        <div class=\"ngg-gallery-thumbnail\">\n            <a href=\"https:\/\/www.freimarianne.ch\/wp-content\/gallery\/burchen-30-11-19\/IMG_3938.jpeg\"\n               title=\"B\u00fcrchen; Hohgleifa 3278m, davor Wannihorn 3115m, Wilerhorn 3307m, Bietschhorn 3934m, vorne Wiwannihorn 3001m, L\u00f6tschentaler Breithorn 3785m,  Gredetschh\u00f6rnli, Nesthorn 3824m, Alpjuhorn 3144m, G\u00e4rsthorn 2926m\"\n               data-src=\"https:\/\/www.freimarianne.ch\/wp-content\/gallery\/burchen-30-11-19\/IMG_3938.jpeg\"\n               data-thumbnail=\"https:\/\/www.freimarianne.ch\/wp-content\/gallery\/burchen-30-11-19\/thumbs\/thumbs_IMG_3938.jpeg\"\n               data-image-id=\"21704\"\n               data-title=\"IMG_3938\"\n               data-description=\"B\u00fcrchen; Hohgleifa 3278m, davor Wannihorn 3115m, Wilerhorn 3307m, Bietschhorn 3934m, vorne Wiwannihorn 3001m, L\u00f6tschentaler Breithorn 3785m,  Gredetschh\u00f6rnli, Nesthorn 3824m, Alpjuhorn 3144m, G\u00e4rsthorn 2926m\"\n               data-image-slug=\"img_3938-3\"\n               class=\"shutterset_39336\">\n                <img\n                    title=\"IMG_3938\"\n                    alt=\"IMG_3938\"\n                    src=\"https:\/\/www.freimarianne.ch\/wp-content\/gallery\/burchen-30-11-19\/thumbs\/thumbs_IMG_3938.jpeg\"\n                    width=\"100\"\n                    height=\"75\"\n                    style=\"max-width:100%;\"\n                \/>\n            <\/a>\n        <\/div>\n\t\t\t\t\t\t\t<\/div> \n\t\t\t\n        \n\t\t\t\t<div id=\"ngg-image-7\" class=\"ngg-gallery-thumbnail-box\" >\n\t\t\t\t        <div class=\"ngg-gallery-thumbnail\">\n            <a href=\"https:\/\/www.freimarianne.ch\/wp-content\/gallery\/burchen-30-11-19\/IMG_3943.jpeg\"\n               title=\"Durchblick in der Chaletzone\"\n               data-src=\"https:\/\/www.freimarianne.ch\/wp-content\/gallery\/burchen-30-11-19\/IMG_3943.jpeg\"\n               data-thumbnail=\"https:\/\/www.freimarianne.ch\/wp-content\/gallery\/burchen-30-11-19\/thumbs\/thumbs_IMG_3943.jpeg\"\n               data-image-id=\"21703\"\n               data-title=\"IMG_3943\"\n               data-description=\"Durchblick in der Chaletzone\"\n               data-image-slug=\"img_3943-2\"\n               class=\"shutterset_39336\">\n                <img\n                    title=\"IMG_3943\"\n                    alt=\"IMG_3943\"\n                    src=\"https:\/\/www.freimarianne.ch\/wp-content\/gallery\/burchen-30-11-19\/thumbs\/thumbs_IMG_3943.jpeg\"\n                    width=\"100\"\n                    height=\"75\"\n                    style=\"max-width:100%;\"\n                \/>\n            <\/a>\n        <\/div>\n\t\t\t\t\t\t\t<\/div> \n\t\t\t\n        \n\t\t\t\t<div id=\"ngg-image-8\" class=\"ngg-gallery-thumbnail-box\" >\n\t\t\t\t        <div class=\"ngg-gallery-thumbnail\">\n            <a href=\"https:\/\/www.freimarianne.ch\/wp-content\/gallery\/burchen-30-11-19\/IMG_3948.jpeg\"\n               title=\"Blick auf das Augstbordhorn\"\n               data-src=\"https:\/\/www.freimarianne.ch\/wp-content\/gallery\/burchen-30-11-19\/IMG_3948.jpeg\"\n               data-thumbnail=\"https:\/\/www.freimarianne.ch\/wp-content\/gallery\/burchen-30-11-19\/thumbs\/thumbs_IMG_3948.jpeg\"\n               data-image-id=\"21702\"\n               data-title=\"IMG_3948\"\n               data-description=\"Blick auf das Augstbordhorn\"\n               data-image-slug=\"img_3948\"\n               class=\"shutterset_39336\">\n                <img\n                    title=\"IMG_3948\"\n                    alt=\"IMG_3948\"\n                    src=\"https:\/\/www.freimarianne.ch\/wp-content\/gallery\/burchen-30-11-19\/thumbs\/thumbs_IMG_3948.jpeg\"\n                    width=\"100\"\n                    height=\"75\"\n                    style=\"max-width:100%;\"\n                \/>\n            <\/a>\n        <\/div>\n\t\t\t\t\t\t\t<\/div> \n\t\t\t\n        \n\t\t\t\t<div id=\"ngg-image-9\" class=\"ngg-gallery-thumbnail-box\" >\n\t\t\t\t        <div class=\"ngg-gallery-thumbnail\">\n            <a href=\"https:\/\/www.freimarianne.ch\/wp-content\/gallery\/burchen-30-11-19\/IMG_3951.jpeg\"\n               title=\"winterliche Stimmung in B\u00fcrchen\"\n               data-src=\"https:\/\/www.freimarianne.ch\/wp-content\/gallery\/burchen-30-11-19\/IMG_3951.jpeg\"\n               data-thumbnail=\"https:\/\/www.freimarianne.ch\/wp-content\/gallery\/burchen-30-11-19\/thumbs\/thumbs_IMG_3951.jpeg\"\n               data-image-id=\"21701\"\n               data-title=\"IMG_3951\"\n               data-description=\"winterliche Stimmung in B\u00fcrchen\"\n               data-image-slug=\"img_3951-2\"\n               class=\"shutterset_39336\">\n                <img\n                    title=\"IMG_3951\"\n                    alt=\"IMG_3951\"\n                    src=\"https:\/\/www.freimarianne.ch\/wp-content\/gallery\/burchen-30-11-19\/thumbs\/thumbs_IMG_3951.jpeg\"\n                    width=\"100\"\n                    height=\"75\"\n                    style=\"max-width:100%;\"\n                \/>\n            <\/a>\n        <\/div>\n\t\t\t\t\t\t\t<\/div> \n\t\t\t\n        \n\t\t\t\t<div id=\"ngg-image-10\" class=\"ngg-gallery-thumbnail-box\" >\n\t\t\t\t        <div class=\"ngg-gallery-thumbnail\">\n            <a href=\"https:\/\/www.freimarianne.ch\/wp-content\/gallery\/burchen-30-11-19\/IMG_3953.jpeg\"\n               title=\"winterliche Stimmung in B\u00fcrchen\"\n               data-src=\"https:\/\/www.freimarianne.ch\/wp-content\/gallery\/burchen-30-11-19\/IMG_3953.jpeg\"\n               data-thumbnail=\"https:\/\/www.freimarianne.ch\/wp-content\/gallery\/burchen-30-11-19\/thumbs\/thumbs_IMG_3953.jpeg\"\n               data-image-id=\"21700\"\n               data-title=\"IMG_3953\"\n               data-description=\"winterliche Stimmung in B\u00fcrchen\"\n               data-image-slug=\"img_3953-2\"\n               class=\"shutterset_39336\">\n                <img\n                    title=\"IMG_3953\"\n                    alt=\"IMG_3953\"\n                    src=\"https:\/\/www.freimarianne.ch\/wp-content\/gallery\/burchen-30-11-19\/thumbs\/thumbs_IMG_3953.jpeg\"\n                    width=\"100\"\n                    height=\"75\"\n                    style=\"max-width:100%;\"\n                \/>\n            <\/a>\n        <\/div>\n\t\t\t\t\t\t\t<\/div> \n\t\t\t\n        \n\t\t\t\t<div id=\"ngg-image-11\" class=\"ngg-gallery-thumbnail-box\" >\n\t\t\t\t        <div class=\"ngg-gallery-thumbnail\">\n            <a href=\"https:\/\/www.freimarianne.ch\/wp-content\/gallery\/burchen-30-11-19\/IMG_3955.jpeg\"\n               title=\"Blick ins Rhonetal; Mont Bonvin, Tschajethorn, Trubelstock, Wildstrubel\"\n               data-src=\"https:\/\/www.freimarianne.ch\/wp-content\/gallery\/burchen-30-11-19\/IMG_3955.jpeg\"\n               data-thumbnail=\"https:\/\/www.freimarianne.ch\/wp-content\/gallery\/burchen-30-11-19\/thumbs\/thumbs_IMG_3955.jpeg\"\n               data-image-id=\"21699\"\n               data-title=\"IMG_3955\"\n               data-description=\"Blick ins Rhonetal; Mont Bonvin, Tschajethorn, Trubelstock, Wildstrubel\"\n               data-image-slug=\"img_3955-3\"\n               class=\"shutterset_39336\">\n                <img\n                    title=\"IMG_3955\"\n                    alt=\"IMG_3955\"\n                    src=\"https:\/\/www.freimarianne.ch\/wp-content\/gallery\/burchen-30-11-19\/thumbs\/thumbs_IMG_3955.jpeg\"\n                    width=\"100\"\n                    height=\"75\"\n                    style=\"max-width:100%;\"\n                \/>\n            <\/a>\n        <\/div>\n\t\t\t\t\t\t\t<\/div> \n\t\t\t\n        \n\t\t\t\t<div id=\"ngg-image-12\" class=\"ngg-gallery-thumbnail-box\" >\n\t\t\t\t        <div class=\"ngg-gallery-thumbnail\">\n            <a href=\"https:\/\/www.freimarianne.ch\/wp-content\/gallery\/burchen-30-11-19\/IMG_3958.jpeg\"\n               title=\"Winteridylle in B\u00fcrchen; Mont Bonvin\"\n               data-src=\"https:\/\/www.freimarianne.ch\/wp-content\/gallery\/burchen-30-11-19\/IMG_3958.jpeg\"\n               data-thumbnail=\"https:\/\/www.freimarianne.ch\/wp-content\/gallery\/burchen-30-11-19\/thumbs\/thumbs_IMG_3958.jpeg\"\n               data-image-id=\"21698\"\n               data-title=\"IMG_3958\"\n               data-description=\"Winteridylle in B\u00fcrchen; Mont Bonvin\"\n               data-image-slug=\"img_3958-2\"\n               class=\"shutterset_39336\">\n                <img\n                    title=\"IMG_3958\"\n                    alt=\"IMG_3958\"\n                    src=\"https:\/\/www.freimarianne.ch\/wp-content\/gallery\/burchen-30-11-19\/thumbs\/thumbs_IMG_3958.jpeg\"\n                    width=\"100\"\n                    height=\"75\"\n                    style=\"max-width:100%;\"\n                \/>\n            <\/a>\n        <\/div>\n\t\t\t\t\t\t\t<\/div> \n\t\t\t\n        \n\t\t\t\t<div id=\"ngg-image-13\" class=\"ngg-gallery-thumbnail-box\" >\n\t\t\t\t        <div class=\"ngg-gallery-thumbnail\">\n            <a href=\"https:\/\/www.freimarianne.ch\/wp-content\/gallery\/burchen-30-11-19\/IMG_3961.jpeg\"\n               title=\"Winteridylle in B\u00fcrchen\"\n               data-src=\"https:\/\/www.freimarianne.ch\/wp-content\/gallery\/burchen-30-11-19\/IMG_3961.jpeg\"\n               data-thumbnail=\"https:\/\/www.freimarianne.ch\/wp-content\/gallery\/burchen-30-11-19\/thumbs\/thumbs_IMG_3961.jpeg\"\n               data-image-id=\"21697\"\n               data-title=\"IMG_3961\"\n               data-description=\"Winteridylle in B\u00fcrchen\"\n               data-image-slug=\"img_3961-2\"\n               class=\"shutterset_39336\">\n                <img\n                    title=\"IMG_3961\"\n                    alt=\"IMG_3961\"\n                    src=\"https:\/\/www.freimarianne.ch\/wp-content\/gallery\/burchen-30-11-19\/thumbs\/thumbs_IMG_3961.jpeg\"\n                    width=\"100\"\n                    height=\"75\"\n                    style=\"max-width:100%;\"\n                \/>\n            <\/a>\n        <\/div>\n\t\t\t\t\t\t\t<\/div> \n\t\t\t\n        \n\t\t\n\t\t<!-- Pagination -->\n\t<div class='ngg-clear'><\/div>\t<\/div>\n<\/p>\n","protected":false},"excerpt":{"rendered":"<p>Winterwanderung in B\u00fcrchen Winteridylle in B\u00fcrchen Wieder lockt mich der Schnee ins Wallis! In der Vorsaison kann man keine gespurten Wanderwege verlangen. So mache ich auf gut Gl\u00fcck eine Wanderung im Wald oberhalb B\u00fcrchen Station und komme dan nach einem Anstieg, de rmich auf die Skipiste bringt, wieder hinunter nach Egga. Ich h\u00e4nge noch zwei [&hellip;]<\/p>\n","protected":false},"author":1,"featured_media":0,"parent":38413,"menu_order":12,"comment_status":"closed","ping_status":"closed","template":"","meta":{"ngg_post_thumbnail":0},"_links":{"self":[{"href":"https:\/\/www.freimarianne.ch\/index.php?rest_route=\/wp\/v2\/pages\/39320"}],"collection":[{"href":"https:\/\/www.freimarianne.ch\/index.php?rest_route=\/wp\/v2\/pages"}],"about":[{"href":"https:\/\/www.freimarianne.ch\/index.php?rest_route=\/wp\/v2\/types\/page"}],"author":[{"embeddable":true,"href":"https:\/\/www.freimarianne.ch\/index.php?rest_route=\/wp\/v2\/users\/1"}],"replies":[{"embeddable":true,"href":"https:\/\/www.freimarianne.ch\/index.php?rest_route=%2Fwp%2Fv2%2Fcomments&post=39320"}],"version-history":[{"count":3,"href":"https:\/\/www.freimarianne.ch\/index.php?rest_route=\/wp\/v2\/pages\/39320\/revisions"}],"predecessor-version":[{"id":39337,"href":"https:\/\/www.freimarianne.ch\/index.php?rest_route=\/wp\/v2\/pages\/39320\/revisions\/39337"}],"up":[{"embeddable":true,"href":"https:\/\/www.freimarianne.ch\/index.php?rest_route=\/wp\/v2\/pages\/38413"}],"wp:attachment":[{"href":"https:\/\/www.freimarianne.ch\/index.php?rest_route=%2Fwp%2Fv2%2Fmedia&parent=39320"}],"curies":[{"name":"wp","href":"https:\/\/api.w.org\/{rel}","templated":true}]}}