{"id":39635,"date":"2020-01-18T09:56:45","date_gmt":"2020-01-18T08:56:45","guid":{"rendered":"http:\/\/www.freimarianne.ch\/?page_id=39635"},"modified":"2020-01-18T10:04:20","modified_gmt":"2020-01-18T09:04:20","slug":"waldstatt-ar-16-1-2020","status":"publish","type":"page","link":"https:\/\/www.freimarianne.ch\/?page_id=39635","title":{"rendered":"Waldstatt  AR  16.1.2020"},"content":{"rendered":"<p><strong>Rundwanderung bei Waldstatt<\/strong><\/p>\n<p><img loading=\"lazy\" class=\"size-full wp-image-39634\" src=\"http:\/\/www.freimarianne.ch\/wp-content\/uploads\/2020\/01\/Waldstatt500.jpeg\" alt=\"\" width=\"500\" height=\"334\" srcset=\"https:\/\/www.freimarianne.ch\/wp-content\/uploads\/2020\/01\/Waldstatt500.jpeg 500w, https:\/\/www.freimarianne.ch\/wp-content\/uploads\/2020\/01\/Waldstatt500-300x200.jpeg 300w, https:\/\/www.freimarianne.ch\/wp-content\/uploads\/2020\/01\/Waldstatt500-449x300.jpeg 449w\" sizes=\"(max-width: 500px) 100vw, 500px\" \/><\/p>\n<p>\u00fcber die Waldstatter\u00a0 H\u00f6he<\/p>\n<p>Heute zieht es uns in die Ostschweiz; eine Altertnative zu einem Tag im Schnee, den man ohnehin erst weit oben findet.<br \/>\nWir wandern \u00fcber die Waldstatter H\u00f6he hinunter ins Tobel bei Brisigm\u00fcli und dann am L\u00e4rchenhof hinauf zur Wis. Eigentlich w\u00e4re eine andere Route geplant gewesen, aber wir haben eine Abzweigung verpasst. Kein Wunder bei den vielen Wegen in der klein gekammerten Landschaft des Appenzellerlands! Um an der Sonne zu bleiben, gehen wir von Wis gegen die Windegg. Kurz vor dem Einzelhof finden wir eine Aussichtsbank unter einem Baum, der perfekte Ort f\u00fcr eine Mittagspause. Wir geniessen den Sonnenschein und die Sicht auf die Hundswiler H\u00f6he, den Hohen Kasten und den S\u00e4ntis und erinnern uns an all die Touren, die wir schon in dieser Gegend gemacht haben. Eine Hofkatze stattet uns dann noch einen Besuch ab, in der Hoffnung, etwas Gutes zu erhalten.<br \/>\nWir steigen dann ins Tal hinunter und m\u00fcssen eine Weile der Hauptstrasse folgen, um nach Z\u00fcrchersm\u00fchle zu kommen.<\/p>\n<p>Laut Schweizmobil:<br \/>\nDistanz: 7.86km; Aufstieg: 304m;Abstieg: 311m; Wanderzeit: 2h 17min<\/p>\n<p><a href=\"https:\/\/map.schweizmobil.ch\/?lang=de&amp;photos=yes&amp;bgLayer=pk&amp;logo=yes&amp;season=summer&amp;resolution=10&amp;E=2739154&amp;N=1245279&amp;layers=Wanderland&amp;trackId=6364583\">Karte Schweizmobil:<\/a><\/p>\n<p><!-- index.php -->\n<div\n\tclass=\"ngg-galleryoverview ngg-ajax-pagination-none\"\n\tid=\"ngg-gallery-39660-1\">\n\n    \t<div class=\"slideshowlink\">\n        <a href='https:\/\/www.freimarianne.ch\/index.php\/nggallery\/slideshow?page_id=39635'>[Show as slideshow]<\/a>\n\t\t\n\t<\/div>\n\t\t\t<!-- Thumbnails -->\n\t\t\t\t<div id=\"ngg-image-0\" class=\"ngg-gallery-thumbnail-box\" >\n\t\t\t\t        <div class=\"ngg-gallery-thumbnail\">\n            <a href=\"https:\/\/www.freimarianne.ch\/wp-content\/gallery\/waldstatt-16-1-2020\/IMG_4845.jpeg\"\n               title=\"Blick auf Waldstatt\"\n               data-src=\"https:\/\/www.freimarianne.ch\/wp-content\/gallery\/waldstatt-16-1-2020\/IMG_4845.jpeg\"\n               data-thumbnail=\"https:\/\/www.freimarianne.ch\/wp-content\/gallery\/waldstatt-16-1-2020\/thumbs\/thumbs_IMG_4845.jpeg\"\n               data-image-id=\"21840\"\n               data-title=\"IMG_4845\"\n               data-description=\"Blick auf Waldstatt\"\n               data-image-slug=\"img_4845-1\"\n               class=\"shutterset_39660\">\n                <img\n                    title=\"IMG_4845\"\n                    alt=\"IMG_4845\"\n                    src=\"https:\/\/www.freimarianne.ch\/wp-content\/gallery\/waldstatt-16-1-2020\/thumbs\/thumbs_IMG_4845.jpeg\"\n                    width=\"100\"\n                    height=\"75\"\n                    style=\"max-width:100%;\"\n                \/>\n            <\/a>\n        <\/div>\n\t\t\t\t\t\t\t<\/div> \n\t\t\t\n        \n\t\t\t\t<div id=\"ngg-image-1\" class=\"ngg-gallery-thumbnail-box\" >\n\t\t\t\t        <div class=\"ngg-gallery-thumbnail\">\n            <a href=\"https:\/\/www.freimarianne.ch\/wp-content\/gallery\/waldstatt-16-1-2020\/IMG_4846.jpeg\"\n               title=\"Haus auf Waldstatt H\u00f6he\"\n               data-src=\"https:\/\/www.freimarianne.ch\/wp-content\/gallery\/waldstatt-16-1-2020\/IMG_4846.jpeg\"\n               data-thumbnail=\"https:\/\/www.freimarianne.ch\/wp-content\/gallery\/waldstatt-16-1-2020\/thumbs\/thumbs_IMG_4846.jpeg\"\n               data-image-id=\"21839\"\n               data-title=\"IMG_4846\"\n               data-description=\"Haus auf Waldstatt H\u00f6he\"\n               data-image-slug=\"img_4846-4\"\n               class=\"shutterset_39660\">\n                <img\n                    title=\"IMG_4846\"\n                    alt=\"IMG_4846\"\n                    src=\"https:\/\/www.freimarianne.ch\/wp-content\/gallery\/waldstatt-16-1-2020\/thumbs\/thumbs_IMG_4846.jpeg\"\n                    width=\"100\"\n                    height=\"75\"\n                    style=\"max-width:100%;\"\n                \/>\n            <\/a>\n        <\/div>\n\t\t\t\t\t\t\t<\/div> \n\t\t\t\n        \n\t\t\t\t<div id=\"ngg-image-2\" class=\"ngg-gallery-thumbnail-box\" >\n\t\t\t\t        <div class=\"ngg-gallery-thumbnail\">\n            <a href=\"https:\/\/www.freimarianne.ch\/wp-content\/gallery\/waldstatt-16-1-2020\/IMG_4851.jpeg\"\n               title=\"K\u00fche im Stall\"\n               data-src=\"https:\/\/www.freimarianne.ch\/wp-content\/gallery\/waldstatt-16-1-2020\/IMG_4851.jpeg\"\n               data-thumbnail=\"https:\/\/www.freimarianne.ch\/wp-content\/gallery\/waldstatt-16-1-2020\/thumbs\/thumbs_IMG_4851.jpeg\"\n               data-image-id=\"21838\"\n               data-title=\"IMG_4851\"\n               data-description=\"K\u00fche im Stall\"\n               data-image-slug=\"img_4851\"\n               class=\"shutterset_39660\">\n                <img\n                    title=\"IMG_4851\"\n                    alt=\"IMG_4851\"\n                    src=\"https:\/\/www.freimarianne.ch\/wp-content\/gallery\/waldstatt-16-1-2020\/thumbs\/thumbs_IMG_4851.jpeg\"\n                    width=\"100\"\n                    height=\"75\"\n                    style=\"max-width:100%;\"\n                \/>\n            <\/a>\n        <\/div>\n\t\t\t\t\t\t\t<\/div> \n\t\t\t\n        \n\t\t\t\t<div id=\"ngg-image-3\" class=\"ngg-gallery-thumbnail-box\" >\n\t\t\t\t        <div class=\"ngg-gallery-thumbnail\">\n            <a href=\"https:\/\/www.freimarianne.ch\/wp-content\/gallery\/waldstatt-16-1-2020\/IMG_4853.jpeg\"\n               title=\"hier geht es steil hinunter zur Brisigm\u00fcli\"\n               data-src=\"https:\/\/www.freimarianne.ch\/wp-content\/gallery\/waldstatt-16-1-2020\/IMG_4853.jpeg\"\n               data-thumbnail=\"https:\/\/www.freimarianne.ch\/wp-content\/gallery\/waldstatt-16-1-2020\/thumbs\/thumbs_IMG_4853.jpeg\"\n               data-image-id=\"21837\"\n               data-title=\"IMG_4853\"\n               data-description=\"hier geht es steil hinunter zur Brisigm\u00fcli\"\n               data-image-slug=\"img_4853-2\"\n               class=\"shutterset_39660\">\n                <img\n                    title=\"IMG_4853\"\n                    alt=\"IMG_4853\"\n                    src=\"https:\/\/www.freimarianne.ch\/wp-content\/gallery\/waldstatt-16-1-2020\/thumbs\/thumbs_IMG_4853.jpeg\"\n                    width=\"100\"\n                    height=\"75\"\n                    style=\"max-width:100%;\"\n                \/>\n            <\/a>\n        <\/div>\n\t\t\t\t\t\t\t<\/div> \n\t\t\t\n        \n\t\t\t\t<div id=\"ngg-image-4\" class=\"ngg-gallery-thumbnail-box\" >\n\t\t\t\t        <div class=\"ngg-gallery-thumbnail\">\n            <a href=\"https:\/\/www.freimarianne.ch\/wp-content\/gallery\/waldstatt-16-1-2020\/IMG_4861.jpeg\"\n               title=\"der L\u00e4rchenhof\"\n               data-src=\"https:\/\/www.freimarianne.ch\/wp-content\/gallery\/waldstatt-16-1-2020\/IMG_4861.jpeg\"\n               data-thumbnail=\"https:\/\/www.freimarianne.ch\/wp-content\/gallery\/waldstatt-16-1-2020\/thumbs\/thumbs_IMG_4861.jpeg\"\n               data-image-id=\"21836\"\n               data-title=\"IMG_4861\"\n               data-description=\"der L\u00e4rchenhof\"\n               data-image-slug=\"img_4861-2\"\n               class=\"shutterset_39660\">\n                <img\n                    title=\"IMG_4861\"\n                    alt=\"IMG_4861\"\n                    src=\"https:\/\/www.freimarianne.ch\/wp-content\/gallery\/waldstatt-16-1-2020\/thumbs\/thumbs_IMG_4861.jpeg\"\n                    width=\"100\"\n                    height=\"75\"\n                    style=\"max-width:100%;\"\n                \/>\n            <\/a>\n        <\/div>\n\t\t\t\t\t\t\t<\/div> \n\t\t\t\n        \n\t\t\t\t<div id=\"ngg-image-5\" class=\"ngg-gallery-thumbnail-box\" >\n\t\t\t\t        <div class=\"ngg-gallery-thumbnail\">\n            <a href=\"https:\/\/www.freimarianne.ch\/wp-content\/gallery\/waldstatt-16-1-2020\/IMG_4866.jpeg\"\n               title=\"Besuch bei unserer Rast auf der Bank\"\n               data-src=\"https:\/\/www.freimarianne.ch\/wp-content\/gallery\/waldstatt-16-1-2020\/IMG_4866.jpeg\"\n               data-thumbnail=\"https:\/\/www.freimarianne.ch\/wp-content\/gallery\/waldstatt-16-1-2020\/thumbs\/thumbs_IMG_4866.jpeg\"\n               data-image-id=\"21835\"\n               data-title=\"IMG_4866\"\n               data-description=\"Besuch bei unserer Rast auf der Bank\"\n               data-image-slug=\"img_4866-2\"\n               class=\"shutterset_39660\">\n                <img\n                    title=\"IMG_4866\"\n                    alt=\"IMG_4866\"\n                    src=\"https:\/\/www.freimarianne.ch\/wp-content\/gallery\/waldstatt-16-1-2020\/thumbs\/thumbs_IMG_4866.jpeg\"\n                    width=\"100\"\n                    height=\"75\"\n                    style=\"max-width:100%;\"\n                \/>\n            <\/a>\n        <\/div>\n\t\t\t\t\t\t\t<\/div> \n\t\t\t\n        \n\t\t\t\t<div id=\"ngg-image-6\" class=\"ngg-gallery-thumbnail-box\" >\n\t\t\t\t        <div class=\"ngg-gallery-thumbnail\">\n            <a href=\"https:\/\/www.freimarianne.ch\/wp-content\/gallery\/waldstatt-16-1-2020\/IMG_4867.jpeg\"\n               title=\"diesen Hof meiden wir;  wiar w\u00e4ren aber auf diesem Weg schneller in Z\u00fcrcheersm\u00fchle gewesen\"\n               data-src=\"https:\/\/www.freimarianne.ch\/wp-content\/gallery\/waldstatt-16-1-2020\/IMG_4867.jpeg\"\n               data-thumbnail=\"https:\/\/www.freimarianne.ch\/wp-content\/gallery\/waldstatt-16-1-2020\/thumbs\/thumbs_IMG_4867.jpeg\"\n               data-image-id=\"21834\"\n               data-title=\"IMG_4867\"\n               data-description=\"diesen Hof meiden wir;  wiar w\u00e4ren aber auf diesem Weg schneller in Z\u00fcrcheersm\u00fchle gewesen\"\n               data-image-slug=\"img_4867-2\"\n               class=\"shutterset_39660\">\n                <img\n                    title=\"IMG_4867\"\n                    alt=\"IMG_4867\"\n                    src=\"https:\/\/www.freimarianne.ch\/wp-content\/gallery\/waldstatt-16-1-2020\/thumbs\/thumbs_IMG_4867.jpeg\"\n                    width=\"100\"\n                    height=\"75\"\n                    style=\"max-width:100%;\"\n                \/>\n            <\/a>\n        <\/div>\n\t\t\t\t\t\t\t<\/div> \n\t\t\t\n        \n\t\t\t\t<div id=\"ngg-image-7\" class=\"ngg-gallery-thumbnail-box\" >\n\t\t\t\t        <div class=\"ngg-gallery-thumbnail\">\n            <a href=\"https:\/\/www.freimarianne.ch\/wp-content\/gallery\/waldstatt-16-1-2020\/IMG_4868.jpeg\"\n               title=\"auf dem Weg ins Tal\"\n               data-src=\"https:\/\/www.freimarianne.ch\/wp-content\/gallery\/waldstatt-16-1-2020\/IMG_4868.jpeg\"\n               data-thumbnail=\"https:\/\/www.freimarianne.ch\/wp-content\/gallery\/waldstatt-16-1-2020\/thumbs\/thumbs_IMG_4868.jpeg\"\n               data-image-id=\"21833\"\n               data-title=\"IMG_4868\"\n               data-description=\"auf dem Weg ins Tal\"\n               data-image-slug=\"img_4868-2\"\n               class=\"shutterset_39660\">\n                <img\n                    title=\"IMG_4868\"\n                    alt=\"IMG_4868\"\n                    src=\"https:\/\/www.freimarianne.ch\/wp-content\/gallery\/waldstatt-16-1-2020\/thumbs\/thumbs_IMG_4868.jpeg\"\n                    width=\"100\"\n                    height=\"75\"\n                    style=\"max-width:100%;\"\n                \/>\n            <\/a>\n        <\/div>\n\t\t\t\t\t\t\t<\/div> \n\t\t\t\n        \n\t\t\t\t<div id=\"ngg-image-8\" class=\"ngg-gallery-thumbnail-box\" >\n\t\t\t\t        <div class=\"ngg-gallery-thumbnail\">\n            <a href=\"https:\/\/www.freimarianne.ch\/wp-content\/gallery\/waldstatt-16-1-2020\/IMG_4869.jpeg\"\n               title=\"auf dem Weg ins Tal\"\n               data-src=\"https:\/\/www.freimarianne.ch\/wp-content\/gallery\/waldstatt-16-1-2020\/IMG_4869.jpeg\"\n               data-thumbnail=\"https:\/\/www.freimarianne.ch\/wp-content\/gallery\/waldstatt-16-1-2020\/thumbs\/thumbs_IMG_4869.jpeg\"\n               data-image-id=\"21832\"\n               data-title=\"IMG_4869\"\n               data-description=\"auf dem Weg ins Tal\"\n               data-image-slug=\"img_4869-5\"\n               class=\"shutterset_39660\">\n                <img\n                    title=\"IMG_4869\"\n                    alt=\"IMG_4869\"\n                    src=\"https:\/\/www.freimarianne.ch\/wp-content\/gallery\/waldstatt-16-1-2020\/thumbs\/thumbs_IMG_4869.jpeg\"\n                    width=\"100\"\n                    height=\"75\"\n                    style=\"max-width:100%;\"\n                \/>\n            <\/a>\n        <\/div>\n\t\t\t\t\t\t\t<\/div> \n\t\t\t\n        \n\t\t\n\t\t<!-- Pagination -->\n\t<div class='ngg-clear'><\/div>\t<\/div>\n<\/p>\n","protected":false},"excerpt":{"rendered":"<p>Rundwanderung bei Waldstatt \u00fcber die Waldstatter\u00a0 H\u00f6he Heute zieht es uns in die Ostschweiz; eine Altertnative zu einem Tag im Schnee, den man ohnehin erst weit oben findet. Wir wandern \u00fcber die Waldstatter H\u00f6he hinunter ins Tobel bei Brisigm\u00fcli und dann am L\u00e4rchenhof hinauf zur Wis. Eigentlich w\u00e4re eine andere Route geplant gewesen, aber wir [&hellip;]<\/p>\n","protected":false},"author":1,"featured_media":0,"parent":39217,"menu_order":10,"comment_status":"closed","ping_status":"closed","template":"","meta":{"ngg_post_thumbnail":0},"_links":{"self":[{"href":"https:\/\/www.freimarianne.ch\/index.php?rest_route=\/wp\/v2\/pages\/39635"}],"collection":[{"href":"https:\/\/www.freimarianne.ch\/index.php?rest_route=\/wp\/v2\/pages"}],"about":[{"href":"https:\/\/www.freimarianne.ch\/index.php?rest_route=\/wp\/v2\/types\/page"}],"author":[{"embeddable":true,"href":"https:\/\/www.freimarianne.ch\/index.php?rest_route=\/wp\/v2\/users\/1"}],"replies":[{"embeddable":true,"href":"https:\/\/www.freimarianne.ch\/index.php?rest_route=%2Fwp%2Fv2%2Fcomments&post=39635"}],"version-history":[{"count":7,"href":"https:\/\/www.freimarianne.ch\/index.php?rest_route=\/wp\/v2\/pages\/39635\/revisions"}],"predecessor-version":[{"id":39663,"href":"https:\/\/www.freimarianne.ch\/index.php?rest_route=\/wp\/v2\/pages\/39635\/revisions\/39663"}],"up":[{"embeddable":true,"href":"https:\/\/www.freimarianne.ch\/index.php?rest_route=\/wp\/v2\/pages\/39217"}],"wp:attachment":[{"href":"https:\/\/www.freimarianne.ch\/index.php?rest_route=%2Fwp%2Fv2%2Fmedia&parent=39635"}],"curies":[{"name":"wp","href":"https:\/\/api.w.org\/{rel}","templated":true}]}}