{"id":40331,"date":"2020-05-24T09:35:50","date_gmt":"2020-05-24T08:35:50","guid":{"rendered":"http:\/\/www.freimarianne.ch\/?page_id=40331"},"modified":"2020-05-24T10:00:38","modified_gmt":"2020-05-24T09:00:38","slug":"herisau-schwellbrunn-ar-17-5-2020","status":"publish","type":"page","link":"https:\/\/www.freimarianne.ch\/?page_id=40331","title":{"rendered":"Herisau -Schwellbrunn  AR 17.5.2020"},"content":{"rendered":"<p><strong>Wanderung\u00a0 auf der Via Jacobi von Herisau nach Schwellbrunn<\/strong><\/p>\n<p><img loading=\"lazy\" class=\"size-full wp-image-40328\" src=\"http:\/\/www.freimarianne.ch\/wp-content\/uploads\/2020\/05\/IMG_5875._herisau_500.jpeg\" alt=\"\" width=\"500\" height=\"334\" srcset=\"https:\/\/www.freimarianne.ch\/wp-content\/uploads\/2020\/05\/IMG_5875._herisau_500.jpeg 500w, https:\/\/www.freimarianne.ch\/wp-content\/uploads\/2020\/05\/IMG_5875._herisau_500-300x200.jpeg 300w, https:\/\/www.freimarianne.ch\/wp-content\/uploads\/2020\/05\/IMG_5875._herisau_500-449x300.jpeg 449w\" sizes=\"(max-width: 500px) 100vw, 500px\" \/><br \/>\nauf Wiesenwegen auf und ab<\/p>\n<p>Es ist nicht so einfach in Herisau den Einstiegsort in die Via Jacobi in Richtung Schwellbrunn zu finden. Von Kreisel aus m\u00fcssen wir zweimal den Glattbach \u00fcberqueren, um auf die Route zu gelangen. Es dauert nicht lange und schon gehen wir auf einen Naturweg bergauf und sehen hinunter auf Herisau. Wir wandern durch die gr\u00fcne Landschaft hinauf zum B\u00fcel 802m und tauchen dann nach einer Weile in die k\u00fchlen Nieschberwald ein und kommen zum Hof Nieschberg 916m.<br \/>\nWir geniessen die Appenzeller Landschaft mit all den H\u00fcgeln und Taleinschnitten. Da wir beschliessen, nach Schwellbrunn zu gehen, zweigen wir beim P. 923m rechts ab und gelangen \u00fcber Kellersberg auf einer Wegspur in der Wiese und sp\u00e4ter durch den Wald hinunter nachHor\u00fcti. Von dort aus steigen wir rechts m\u00fchsam \u00fcber eine v\u00f6llig zertrampelte Kuhweide steil hinauf zur Strasse. Eigentlich gibt es hier gar keinen Pfad !. Bei Hohrain ist eine Postautohaltestelle. Da gleich ein Postauto kommt, benutzen wir die Gelegenheit und fahren hinauf nach Schwellbrunn, wo wir uns erst orientieren. Wir finden dann auf dem Horst oberhalb des Dorfes eine Bank auf dem Aussichtspunkt. Hier halten wir unsere Mittagsrast und geniessen das Panorama auf die S\u00e4ntiskette.<br \/>\nIch probiere zum ersten Mal die Peakfinder App aus.<br \/>\nDies war eine sehr kurze Wanderung, die wir wegen er pr\u00e4chtigen gr\u00fcnen Landschaft und den Wanderwegen sehr genossen haben.<\/p>\n<p>Laut Schweizmobil:<br \/>\nDistanz: 5.23km; Aufstieg: 338m; Abstieg: 189; Wanderzeit; 1h 44min<\/p>\n<p><a href=\"https:\/\/map.schweizmobil.ch\/?lang=de&amp;photos=yes&amp;logo=yes&amp;season=summer&amp;resolution=2.5&amp;E=2737234&amp;N=1246766&amp;bgLayer=pk&amp;layers=Wanderland%2CStation&amp;trackId=6849046\">Karte Schweizmobil:<\/a><\/p>\n<p><!-- index.php -->\n<div\n\tclass=\"ngg-galleryoverview ngg-ajax-pagination-none\"\n\tid=\"ngg-gallery-40487-1\">\n\n    \t<div class=\"slideshowlink\">\n        <a href='https:\/\/www.freimarianne.ch\/index.php\/nggallery\/slideshow?page_id=40331'>[Show as slideshow]<\/a>\n\t\t\n\t<\/div>\n\t\t\t<!-- Thumbnails -->\n\t\t\t\t<div id=\"ngg-image-0\" class=\"ngg-gallery-thumbnail-box\" >\n\t\t\t\t        <div class=\"ngg-gallery-thumbnail\">\n            <a href=\"https:\/\/www.freimarianne.ch\/wp-content\/gallery\/herisau-17-5-20\/IMG_5862.jpeg\"\n               title=\"Herisau am Bach unten\"\n               data-src=\"https:\/\/www.freimarianne.ch\/wp-content\/gallery\/herisau-17-5-20\/IMG_5862.jpeg\"\n               data-thumbnail=\"https:\/\/www.freimarianne.ch\/wp-content\/gallery\/herisau-17-5-20\/thumbs\/thumbs_IMG_5862.jpeg\"\n               data-image-id=\"22081\"\n               data-title=\"IMG_5862\"\n               data-description=\"Herisau am Bach unten\"\n               data-image-slug=\"img_5862-3\"\n               class=\"shutterset_40487\">\n                <img\n                    title=\"IMG_5862\"\n                    alt=\"IMG_5862\"\n                    src=\"https:\/\/www.freimarianne.ch\/wp-content\/gallery\/herisau-17-5-20\/thumbs\/thumbs_IMG_5862.jpeg\"\n                    width=\"100\"\n                    height=\"75\"\n                    style=\"max-width:100%;\"\n                \/>\n            <\/a>\n        <\/div>\n\t\t\t\t\t\t\t<\/div> \n\t\t\t\n        \n\t\t\t\t<div id=\"ngg-image-1\" class=\"ngg-gallery-thumbnail-box\" >\n\t\t\t\t        <div class=\"ngg-gallery-thumbnail\">\n            <a href=\"https:\/\/www.freimarianne.ch\/wp-content\/gallery\/herisau-17-5-20\/IMG_5865.jpeg\"\n               title=\"Blick auf Herisau;Kontraste\"\n               data-src=\"https:\/\/www.freimarianne.ch\/wp-content\/gallery\/herisau-17-5-20\/IMG_5865.jpeg\"\n               data-thumbnail=\"https:\/\/www.freimarianne.ch\/wp-content\/gallery\/herisau-17-5-20\/thumbs\/thumbs_IMG_5865.jpeg\"\n               data-image-id=\"22082\"\n               data-title=\"IMG_5865\"\n               data-description=\"Blick auf Herisau;Kontraste\"\n               data-image-slug=\"img_5865-2\"\n               class=\"shutterset_40487\">\n                <img\n                    title=\"IMG_5865\"\n                    alt=\"IMG_5865\"\n                    src=\"https:\/\/www.freimarianne.ch\/wp-content\/gallery\/herisau-17-5-20\/thumbs\/thumbs_IMG_5865.jpeg\"\n                    width=\"100\"\n                    height=\"75\"\n                    style=\"max-width:100%;\"\n                \/>\n            <\/a>\n        <\/div>\n\t\t\t\t\t\t\t<\/div> \n\t\t\t\n        \n\t\t\t\t<div id=\"ngg-image-2\" class=\"ngg-gallery-thumbnail-box\" >\n\t\t\t\t        <div class=\"ngg-gallery-thumbnail\">\n            <a href=\"https:\/\/www.freimarianne.ch\/wp-content\/gallery\/herisau-17-5-20\/IMG_5866.jpeg\"\n               title=\"auf Wiesenwegen  auf und ab\"\n               data-src=\"https:\/\/www.freimarianne.ch\/wp-content\/gallery\/herisau-17-5-20\/IMG_5866.jpeg\"\n               data-thumbnail=\"https:\/\/www.freimarianne.ch\/wp-content\/gallery\/herisau-17-5-20\/thumbs\/thumbs_IMG_5866.jpeg\"\n               data-image-id=\"22083\"\n               data-title=\"IMG_5866\"\n               data-description=\"auf Wiesenwegen  auf und ab\"\n               data-image-slug=\"img_5866-5\"\n               class=\"shutterset_40487\">\n                <img\n                    title=\"IMG_5866\"\n                    alt=\"IMG_5866\"\n                    src=\"https:\/\/www.freimarianne.ch\/wp-content\/gallery\/herisau-17-5-20\/thumbs\/thumbs_IMG_5866.jpeg\"\n                    width=\"100\"\n                    height=\"75\"\n                    style=\"max-width:100%;\"\n                \/>\n            <\/a>\n        <\/div>\n\t\t\t\t\t\t\t<\/div> \n\t\t\t\n        \n\t\t\t\t<div id=\"ngg-image-3\" class=\"ngg-gallery-thumbnail-box\" >\n\t\t\t\t        <div class=\"ngg-gallery-thumbnail\">\n            <a href=\"https:\/\/www.freimarianne.ch\/wp-content\/gallery\/herisau-17-5-20\/IMG_5868.jpeg\"\n               title=\"Blick zur\u00fcck auf Herisau\"\n               data-src=\"https:\/\/www.freimarianne.ch\/wp-content\/gallery\/herisau-17-5-20\/IMG_5868.jpeg\"\n               data-thumbnail=\"https:\/\/www.freimarianne.ch\/wp-content\/gallery\/herisau-17-5-20\/thumbs\/thumbs_IMG_5868.jpeg\"\n               data-image-id=\"22084\"\n               data-title=\"IMG_5868\"\n               data-description=\"Blick zur\u00fcck auf Herisau\"\n               data-image-slug=\"img_5868-3\"\n               class=\"shutterset_40487\">\n                <img\n                    title=\"IMG_5868\"\n                    alt=\"IMG_5868\"\n                    src=\"https:\/\/www.freimarianne.ch\/wp-content\/gallery\/herisau-17-5-20\/thumbs\/thumbs_IMG_5868.jpeg\"\n                    width=\"100\"\n                    height=\"75\"\n                    style=\"max-width:100%;\"\n                \/>\n            <\/a>\n        <\/div>\n\t\t\t\t\t\t\t<\/div> \n\t\t\t\n        \n\t\t\t\t<div id=\"ngg-image-4\" class=\"ngg-gallery-thumbnail-box\" >\n\t\t\t\t        <div class=\"ngg-gallery-thumbnail\">\n            <a href=\"https:\/\/www.freimarianne.ch\/wp-content\/gallery\/herisau-17-5-20\/IMG_5873.jpeg\"\n               title=\"auf Wiesenwegen  auf und ab\"\n               data-src=\"https:\/\/www.freimarianne.ch\/wp-content\/gallery\/herisau-17-5-20\/IMG_5873.jpeg\"\n               data-thumbnail=\"https:\/\/www.freimarianne.ch\/wp-content\/gallery\/herisau-17-5-20\/thumbs\/thumbs_IMG_5873.jpeg\"\n               data-image-id=\"22085\"\n               data-title=\"IMG_5873\"\n               data-description=\"auf Wiesenwegen  auf und ab\"\n               data-image-slug=\"img_5873-2\"\n               class=\"shutterset_40487\">\n                <img\n                    title=\"IMG_5873\"\n                    alt=\"IMG_5873\"\n                    src=\"https:\/\/www.freimarianne.ch\/wp-content\/gallery\/herisau-17-5-20\/thumbs\/thumbs_IMG_5873.jpeg\"\n                    width=\"100\"\n                    height=\"75\"\n                    style=\"max-width:100%;\"\n                \/>\n            <\/a>\n        <\/div>\n\t\t\t\t\t\t\t<\/div> \n\t\t\t\n        \n\t\t\t\t<div id=\"ngg-image-5\" class=\"ngg-gallery-thumbnail-box\" >\n\t\t\t\t        <div class=\"ngg-gallery-thumbnail\">\n            <a href=\"https:\/\/www.freimarianne.ch\/wp-content\/gallery\/herisau-17-5-20\/IMG_5876.jpeg\"\n               title=\"Wiesen -Bocksbart\"\n               data-src=\"https:\/\/www.freimarianne.ch\/wp-content\/gallery\/herisau-17-5-20\/IMG_5876.jpeg\"\n               data-thumbnail=\"https:\/\/www.freimarianne.ch\/wp-content\/gallery\/herisau-17-5-20\/thumbs\/thumbs_IMG_5876.jpeg\"\n               data-image-id=\"22086\"\n               data-title=\"IMG_5876\"\n               data-description=\"Wiesen -Bocksbart\"\n               data-image-slug=\"img_5876-6\"\n               class=\"shutterset_40487\">\n                <img\n                    title=\"IMG_5876\"\n                    alt=\"IMG_5876\"\n                    src=\"https:\/\/www.freimarianne.ch\/wp-content\/gallery\/herisau-17-5-20\/thumbs\/thumbs_IMG_5876.jpeg\"\n                    width=\"100\"\n                    height=\"75\"\n                    style=\"max-width:100%;\"\n                \/>\n            <\/a>\n        <\/div>\n\t\t\t\t\t\t\t<\/div> \n\t\t\t\n        \n\t\t\t\t<div id=\"ngg-image-6\" class=\"ngg-gallery-thumbnail-box\" >\n\t\t\t\t        <div class=\"ngg-gallery-thumbnail\">\n            <a href=\"https:\/\/www.freimarianne.ch\/wp-content\/gallery\/herisau-17-5-20\/IMG_5877.jpeg\"\n               title=\"W\"\n               data-src=\"https:\/\/www.freimarianne.ch\/wp-content\/gallery\/herisau-17-5-20\/IMG_5877.jpeg\"\n               data-thumbnail=\"https:\/\/www.freimarianne.ch\/wp-content\/gallery\/herisau-17-5-20\/thumbs\/thumbs_IMG_5877.jpeg\"\n               data-image-id=\"22087\"\n               data-title=\"IMG_5877\"\n               data-description=\"W\"\n               data-image-slug=\"img_5877-2\"\n               class=\"shutterset_40487\">\n                <img\n                    title=\"IMG_5877\"\n                    alt=\"IMG_5877\"\n                    src=\"https:\/\/www.freimarianne.ch\/wp-content\/gallery\/herisau-17-5-20\/thumbs\/thumbs_IMG_5877.jpeg\"\n                    width=\"100\"\n                    height=\"75\"\n                    style=\"max-width:100%;\"\n                \/>\n            <\/a>\n        <\/div>\n\t\t\t\t\t\t\t<\/div> \n\t\t\t\n        \n\t\t\t\t<div id=\"ngg-image-7\" class=\"ngg-gallery-thumbnail-box\" >\n\t\t\t\t        <div class=\"ngg-gallery-thumbnail\">\n            <a href=\"https:\/\/www.freimarianne.ch\/wp-content\/gallery\/herisau-17-5-20\/IMG_5883.jpeg\"\n               title=\"auf Wiesenwegen  auf und ab\"\n               data-src=\"https:\/\/www.freimarianne.ch\/wp-content\/gallery\/herisau-17-5-20\/IMG_5883.jpeg\"\n               data-thumbnail=\"https:\/\/www.freimarianne.ch\/wp-content\/gallery\/herisau-17-5-20\/thumbs\/thumbs_IMG_5883.jpeg\"\n               data-image-id=\"22088\"\n               data-title=\"IMG_5883\"\n               data-description=\"auf Wiesenwegen  auf und ab\"\n               data-image-slug=\"img_5883-3\"\n               class=\"shutterset_40487\">\n                <img\n                    title=\"IMG_5883\"\n                    alt=\"IMG_5883\"\n                    src=\"https:\/\/www.freimarianne.ch\/wp-content\/gallery\/herisau-17-5-20\/thumbs\/thumbs_IMG_5883.jpeg\"\n                    width=\"100\"\n                    height=\"75\"\n                    style=\"max-width:100%;\"\n                \/>\n            <\/a>\n        <\/div>\n\t\t\t\t\t\t\t<\/div> \n\t\t\t\n        \n\t\t\t\t<div id=\"ngg-image-8\" class=\"ngg-gallery-thumbnail-box\" >\n\t\t\t\t        <div class=\"ngg-gallery-thumbnail\">\n            <a href=\"https:\/\/www.freimarianne.ch\/wp-content\/gallery\/herisau-17-5-20\/IMG_5887.jpeg\"\n               title=\"auf Wiesenwegen  auf und ab\"\n               data-src=\"https:\/\/www.freimarianne.ch\/wp-content\/gallery\/herisau-17-5-20\/IMG_5887.jpeg\"\n               data-thumbnail=\"https:\/\/www.freimarianne.ch\/wp-content\/gallery\/herisau-17-5-20\/thumbs\/thumbs_IMG_5887.jpeg\"\n               data-image-id=\"22089\"\n               data-title=\"IMG_5887\"\n               data-description=\"auf Wiesenwegen  auf und ab\"\n               data-image-slug=\"img_5887\"\n               class=\"shutterset_40487\">\n                <img\n                    title=\"IMG_5887\"\n                    alt=\"IMG_5887\"\n                    src=\"https:\/\/www.freimarianne.ch\/wp-content\/gallery\/herisau-17-5-20\/thumbs\/thumbs_IMG_5887.jpeg\"\n                    width=\"100\"\n                    height=\"75\"\n                    style=\"max-width:100%;\"\n                \/>\n            <\/a>\n        <\/div>\n\t\t\t\t\t\t\t<\/div> \n\t\t\t\n        \n\t\t\t\t<div id=\"ngg-image-9\" class=\"ngg-gallery-thumbnail-box\" >\n\t\t\t\t        <div class=\"ngg-gallery-thumbnail\">\n            <a href=\"https:\/\/www.freimarianne.ch\/wp-content\/gallery\/herisau-17-5-20\/IMG_5892.jpeg\"\n               title=\"hinauf  zum Horst\"\n               data-src=\"https:\/\/www.freimarianne.ch\/wp-content\/gallery\/herisau-17-5-20\/IMG_5892.jpeg\"\n               data-thumbnail=\"https:\/\/www.freimarianne.ch\/wp-content\/gallery\/herisau-17-5-20\/thumbs\/thumbs_IMG_5892.jpeg\"\n               data-image-id=\"22090\"\n               data-title=\"IMG_5892\"\n               data-description=\"hinauf  zum Horst\"\n               data-image-slug=\"img_5892-1\"\n               class=\"shutterset_40487\">\n                <img\n                    title=\"IMG_5892\"\n                    alt=\"IMG_5892\"\n                    src=\"https:\/\/www.freimarianne.ch\/wp-content\/gallery\/herisau-17-5-20\/thumbs\/thumbs_IMG_5892.jpeg\"\n                    width=\"100\"\n                    height=\"75\"\n                    style=\"max-width:100%;\"\n                \/>\n            <\/a>\n        <\/div>\n\t\t\t\t\t\t\t<\/div> \n\t\t\t\n        \n\t\t\t\t<div id=\"ngg-image-10\" class=\"ngg-gallery-thumbnail-box\" >\n\t\t\t\t        <div class=\"ngg-gallery-thumbnail\">\n            <a href=\"https:\/\/www.freimarianne.ch\/wp-content\/gallery\/herisau-17-5-20\/IMG_5901.jpeg\"\n               title=\"Sicht auf hinterer Dorfteil von Schwellbrunn\"\n               data-src=\"https:\/\/www.freimarianne.ch\/wp-content\/gallery\/herisau-17-5-20\/IMG_5901.jpeg\"\n               data-thumbnail=\"https:\/\/www.freimarianne.ch\/wp-content\/gallery\/herisau-17-5-20\/thumbs\/thumbs_IMG_5901.jpeg\"\n               data-image-id=\"22091\"\n               data-title=\"IMG_5901\"\n               data-description=\"Sicht auf hinterer Dorfteil von Schwellbrunn\"\n               data-image-slug=\"img_5901-1\"\n               class=\"shutterset_40487\">\n                <img\n                    title=\"IMG_5901\"\n                    alt=\"IMG_5901\"\n                    src=\"https:\/\/www.freimarianne.ch\/wp-content\/gallery\/herisau-17-5-20\/thumbs\/thumbs_IMG_5901.jpeg\"\n                    width=\"100\"\n                    height=\"75\"\n                    style=\"max-width:100%;\"\n                \/>\n            <\/a>\n        <\/div>\n\t\t\t\t\t\t\t<\/div> \n\t\t\t\n        \n\t\t\t\t<div id=\"ngg-image-11\" class=\"ngg-gallery-thumbnail-box\" >\n\t\t\t\t        <div class=\"ngg-gallery-thumbnail\">\n            <a href=\"https:\/\/www.freimarianne.ch\/wp-content\/gallery\/herisau-17-5-20\/IMG_5907.jpeg\"\n               title=\"Sicht von Schwellbrunnaus: re hi Hundswiler H\u00f6chi\"\n               data-src=\"https:\/\/www.freimarianne.ch\/wp-content\/gallery\/herisau-17-5-20\/IMG_5907.jpeg\"\n               data-thumbnail=\"https:\/\/www.freimarianne.ch\/wp-content\/gallery\/herisau-17-5-20\/thumbs\/thumbs_IMG_5907.jpeg\"\n               data-image-id=\"22092\"\n               data-title=\"IMG_5907\"\n               data-description=\"Sicht von Schwellbrunnaus: re hi Hundswiler H\u00f6chi\"\n               data-image-slug=\"img_5907-3\"\n               class=\"shutterset_40487\">\n                <img\n                    title=\"IMG_5907\"\n                    alt=\"IMG_5907\"\n                    src=\"https:\/\/www.freimarianne.ch\/wp-content\/gallery\/herisau-17-5-20\/thumbs\/thumbs_IMG_5907.jpeg\"\n                    width=\"100\"\n                    height=\"75\"\n                    style=\"max-width:100%;\"\n                \/>\n            <\/a>\n        <\/div>\n\t\t\t\t\t\t\t<\/div> \n\t\t\t\n        \n\t\t\n\t\t<!-- Pagination -->\n\t<div class='ngg-clear'><\/div>\t<\/div>\n<\/p>\n","protected":false},"excerpt":{"rendered":"<p>Wanderung\u00a0 auf der Via Jacobi von Herisau nach Schwellbrunn auf Wiesenwegen auf und ab Es ist nicht so einfach in Herisau den Einstiegsort in die Via Jacobi in Richtung Schwellbrunn zu finden. Von Kreisel aus m\u00fcssen wir zweimal den Glattbach \u00fcberqueren, um auf die Route zu gelangen. Es dauert nicht lange und schon gehen wir [&hellip;]<\/p>\n","protected":false},"author":1,"featured_media":0,"parent":40177,"menu_order":7,"comment_status":"closed","ping_status":"closed","template":"","meta":{"ngg_post_thumbnail":0},"_links":{"self":[{"href":"https:\/\/www.freimarianne.ch\/index.php?rest_route=\/wp\/v2\/pages\/40331"}],"collection":[{"href":"https:\/\/www.freimarianne.ch\/index.php?rest_route=\/wp\/v2\/pages"}],"about":[{"href":"https:\/\/www.freimarianne.ch\/index.php?rest_route=\/wp\/v2\/types\/page"}],"author":[{"embeddable":true,"href":"https:\/\/www.freimarianne.ch\/index.php?rest_route=\/wp\/v2\/users\/1"}],"replies":[{"embeddable":true,"href":"https:\/\/www.freimarianne.ch\/index.php?rest_route=%2Fwp%2Fv2%2Fcomments&post=40331"}],"version-history":[{"count":5,"href":"https:\/\/www.freimarianne.ch\/index.php?rest_route=\/wp\/v2\/pages\/40331\/revisions"}],"predecessor-version":[{"id":40488,"href":"https:\/\/www.freimarianne.ch\/index.php?rest_route=\/wp\/v2\/pages\/40331\/revisions\/40488"}],"up":[{"embeddable":true,"href":"https:\/\/www.freimarianne.ch\/index.php?rest_route=\/wp\/v2\/pages\/40177"}],"wp:attachment":[{"href":"https:\/\/www.freimarianne.ch\/index.php?rest_route=%2Fwp%2Fv2%2Fmedia&parent=40331"}],"curies":[{"name":"wp","href":"https:\/\/api.w.org\/{rel}","templated":true}]}}