{"id":43920,"date":"2020-09-21T09:53:16","date_gmt":"2020-09-21T08:53:16","guid":{"rendered":"http:\/\/www.freimarianne.ch\/?page_id=43920"},"modified":"2020-09-25T07:44:51","modified_gmt":"2020-09-25T06:44:51","slug":"burgenstock-15-9-2020-lu","status":"publish","type":"page","link":"https:\/\/www.freimarianne.ch\/?page_id=43920","title":{"rendered":"B\u00fcrgenstock   LU    15.9.2020"},"content":{"rendered":"<p><strong>Rundwanderung auf dem B\u00fcrgenstock<\/strong><br \/>\n<strong>Obb\u00fcrgen &#8211; B\u00fcrgenstock &#8211; Felsenweg -Ch\u00e4nzeli &#8211; Honegg &#8211; B\u00fcrgenstock &#8211; Obb\u00fcrgen<\/strong><\/p>\n<p><img loading=\"lazy\" class=\"size-full wp-image-43908\" src=\"http:\/\/www.freimarianne.ch\/wp-content\/uploads\/2020\/09\/IMG_9001bu\u0308rgenstock500.jpeg\" alt=\"\" width=\"500\" height=\"334\" srcset=\"https:\/\/www.freimarianne.ch\/wp-content\/uploads\/2020\/09\/IMG_9001bu\u0308rgenstock500.jpeg 500w, https:\/\/www.freimarianne.ch\/wp-content\/uploads\/2020\/09\/IMG_9001bu\u0308rgenstock500-300x200.jpeg 300w, https:\/\/www.freimarianne.ch\/wp-content\/uploads\/2020\/09\/IMG_9001bu\u0308rgenstock500-449x300.jpeg 449w\" sizes=\"(max-width: 500px) 100vw, 500px\" \/> Vierwaldst\u00e4ttersee<\/p>\n<p>Wir haben einen sch\u00f6nen Sp\u00e4tsommertag f\u00fcr unsere Wanderung auf dem B\u00fcrgenstock. In Obb\u00fcrgen teilt sich die kleine Gruppe und zwei fahren mit dem Postauto hinauf auf den B\u00fcrgenstock. Die andern wandern im gr\u00fcnen Tal zwischendem beiden Gr\u00e4ten, Schiltgrat und Seewligrat hinauf zum B\u00fcrgenstock Resort, wo wir uns am Anfang des Felsenweges wieder treffen. Auf dem Felsenweg kommen wir nicht wie vorhin zum Schwitzen, denn wir gehen auf der schattigen Nordseite meist im Bergwald auf dem in den Kalkfelsen gehauenen Felsenweg, der auch ein Lernpfad ist.<br \/>\nMan kann \u00fcber den eingescannten QR Code auf der interessanten Webseite die Fragen beantworten.<br \/>\n<a href=\"http:\/\/www.lernpfad-felsenweg.ch\">Link<\/a><\/p>\n<p>Aber bei mir klappt es nicht.<\/p>\n<p>Wir kommem beim Hammetschwandlift vorbei und erreichen dann den Endpunkt des Felsenweges, wobei wir von der Nord-auf die S\u00fcdseite wechseln. Hier auf dem Ch\u00e4nzeli machen wir eine Rast und bewundern die pr\u00e4chtige Aussicht auf den Vierwaldst\u00e4ttersee. Dann geht es hinunter zur Honegg. Bald kommen wir am idealen Picknickplatz vorbei, wo wir uns f\u00fcr unseren Mittagshalt niederlassen.<br \/>\nNun steigen wir auf R\u00fcckweg leicht hinunter und kommen in das mond\u00e4ne B\u00fcrgenstock Resort, wo wir im<br \/>\nchicen Restaurant einkehren (ein anderes ist nicht offen).<br \/>\nWieder teilt sich die Gruppe und wir treffen uns wieder an der Postatohaltestelle Obb\u00fcrgen Post. Gemeinsam geht die Reise weiter \u00fcber Stansstad und Luzern nach Basel.<\/p>\n<p>Dies war eine sch\u00f6ne, nicht anspruchsvolle Wanderung.<\/p>\n<p>A) B\u00fcrgenstock Rundwanderung \u00fcber den Felslenweg f\u00fcr alle:<\/p>\n<p>Laut Schweizmobil:<br \/>\nDistanz: 6.54km; Aufstieg=Abstieg: 250m; Wanderzeit: 1h 56 min<\/p>\n<p><a href=\"https:\/\/map.schweizmobil.ch\/?lang=de&amp;photos=yes&amp;bgLayer=pk&amp;logo=yes&amp;season=summer&amp;resolution=1.5&amp;E=2672690&amp;N=1205615&amp;layers=Wanderland%2CStation&amp;trackId=6024638\">Karte Schweizmobil:<\/a><\/p>\n<p><!-- index.php -->\n<div\n\tclass=\"ngg-galleryoverview ngg-ajax-pagination-none\"\n\tid=\"ngg-gallery-44513-1\">\n\n    \t<div class=\"slideshowlink\">\n        <a href='https:\/\/www.freimarianne.ch\/index.php\/nggallery\/slideshow?page_id=43920'>[Show as slideshow]<\/a>\n\t\t\n\t<\/div>\n\t\t\t<!-- Thumbnails -->\n\t\t\t\t<div id=\"ngg-image-0\" class=\"ngg-gallery-thumbnail-box\" >\n\t\t\t\t        <div class=\"ngg-gallery-thumbnail\">\n            <a href=\"https:\/\/www.freimarianne.ch\/wp-content\/gallery\/burgenstock15-9-20\/IMG_3469.jpeg\"\n               title=\"Blick von der B\u00fcrgenstock Piazza\"\n               data-src=\"https:\/\/www.freimarianne.ch\/wp-content\/gallery\/burgenstock15-9-20\/IMG_3469.jpeg\"\n               data-thumbnail=\"https:\/\/www.freimarianne.ch\/wp-content\/gallery\/burgenstock15-9-20\/thumbs\/thumbs_IMG_3469.jpeg\"\n               data-image-id=\"23817\"\n               data-title=\"IMG_3469\"\n               data-description=\"Blick von der B\u00fcrgenstock Piazza\"\n               data-image-slug=\"img_3469-1\"\n               class=\"shutterset_44513\">\n                <img\n                    title=\"IMG_3469\"\n                    alt=\"IMG_3469\"\n                    src=\"https:\/\/www.freimarianne.ch\/wp-content\/gallery\/burgenstock15-9-20\/thumbs\/thumbs_IMG_3469.jpeg\"\n                    width=\"100\"\n                    height=\"75\"\n                    style=\"max-width:100%;\"\n                \/>\n            <\/a>\n        <\/div>\n\t\t\t\t\t\t\t<\/div> \n\t\t\t\n        \n\t\t\t\t<div id=\"ngg-image-1\" class=\"ngg-gallery-thumbnail-box\" >\n\t\t\t\t        <div class=\"ngg-gallery-thumbnail\">\n            <a href=\"https:\/\/www.freimarianne.ch\/wp-content\/gallery\/burgenstock15-9-20\/IMG_3470.jpeg\"\n               title=\"Blick ins Engelbergertal;li Buochserhorn\"\n               data-src=\"https:\/\/www.freimarianne.ch\/wp-content\/gallery\/burgenstock15-9-20\/IMG_3470.jpeg\"\n               data-thumbnail=\"https:\/\/www.freimarianne.ch\/wp-content\/gallery\/burgenstock15-9-20\/thumbs\/thumbs_IMG_3470.jpeg\"\n               data-image-id=\"23818\"\n               data-title=\"IMG_3470\"\n               data-description=\"Blick ins Engelbergertal;li Buochserhorn\"\n               data-image-slug=\"img_3470-1\"\n               class=\"shutterset_44513\">\n                <img\n                    title=\"IMG_3470\"\n                    alt=\"IMG_3470\"\n                    src=\"https:\/\/www.freimarianne.ch\/wp-content\/gallery\/burgenstock15-9-20\/thumbs\/thumbs_IMG_3470.jpeg\"\n                    width=\"100\"\n                    height=\"75\"\n                    style=\"max-width:100%;\"\n                \/>\n            <\/a>\n        <\/div>\n\t\t\t\t\t\t\t<\/div> \n\t\t\t\n        \n\t\t\t\t<div id=\"ngg-image-2\" class=\"ngg-gallery-thumbnail-box\" >\n\t\t\t\t        <div class=\"ngg-gallery-thumbnail\">\n            <a href=\"https:\/\/www.freimarianne.ch\/wp-content\/gallery\/burgenstock15-9-20\/IMG_3473.jpeg\"\n               title=\"auf der and. Seeseite bei Honegg\"\n               data-src=\"https:\/\/www.freimarianne.ch\/wp-content\/gallery\/burgenstock15-9-20\/IMG_3473.jpeg\"\n               data-thumbnail=\"https:\/\/www.freimarianne.ch\/wp-content\/gallery\/burgenstock15-9-20\/thumbs\/thumbs_IMG_3473.jpeg\"\n               data-image-id=\"23819\"\n               data-title=\"IMG_3473\"\n               data-description=\"auf der and. Seeseite bei Honegg\"\n               data-image-slug=\"img_3473-3\"\n               class=\"shutterset_44513\">\n                <img\n                    title=\"IMG_3473\"\n                    alt=\"IMG_3473\"\n                    src=\"https:\/\/www.freimarianne.ch\/wp-content\/gallery\/burgenstock15-9-20\/thumbs\/thumbs_IMG_3473.jpeg\"\n                    width=\"100\"\n                    height=\"75\"\n                    style=\"max-width:100%;\"\n                \/>\n            <\/a>\n        <\/div>\n\t\t\t\t\t\t\t<\/div> \n\t\t\t\n        \n\t\t\t\t<div id=\"ngg-image-3\" class=\"ngg-gallery-thumbnail-box\" >\n\t\t\t\t        <div class=\"ngg-gallery-thumbnail\">\n            <a href=\"https:\/\/www.freimarianne.ch\/wp-content\/gallery\/burgenstock15-9-20\/IMG_3477.jpeg\"\n               title=\"\"\n               data-src=\"https:\/\/www.freimarianne.ch\/wp-content\/gallery\/burgenstock15-9-20\/IMG_3477.jpeg\"\n               data-thumbnail=\"https:\/\/www.freimarianne.ch\/wp-content\/gallery\/burgenstock15-9-20\/thumbs\/thumbs_IMG_3477.jpeg\"\n               data-image-id=\"23820\"\n               data-title=\"IMG_3477\"\n               data-description=\"\"\n               data-image-slug=\"img_3477-6\"\n               class=\"shutterset_44513\">\n                <img\n                    title=\"IMG_3477\"\n                    alt=\"IMG_3477\"\n                    src=\"https:\/\/www.freimarianne.ch\/wp-content\/gallery\/burgenstock15-9-20\/thumbs\/thumbs_IMG_3477.jpeg\"\n                    width=\"100\"\n                    height=\"75\"\n                    style=\"max-width:100%;\"\n                \/>\n            <\/a>\n        <\/div>\n\t\t\t\t\t\t\t<\/div> \n\t\t\t\n        \n\t\t\t\t<div id=\"ngg-image-4\" class=\"ngg-gallery-thumbnail-box\" >\n\t\t\t\t        <div class=\"ngg-gallery-thumbnail\">\n            <a href=\"https:\/\/www.freimarianne.ch\/wp-content\/gallery\/burgenstock15-9-20\/IMG_8988.jpeg\"\n               title=\"alter Speicher ?\"\n               data-src=\"https:\/\/www.freimarianne.ch\/wp-content\/gallery\/burgenstock15-9-20\/IMG_8988.jpeg\"\n               data-thumbnail=\"https:\/\/www.freimarianne.ch\/wp-content\/gallery\/burgenstock15-9-20\/thumbs\/thumbs_IMG_8988.jpeg\"\n               data-image-id=\"23821\"\n               data-title=\"IMG_8988\"\n               data-description=\"alter Speicher ?\"\n               data-image-slug=\"img_8988-4\"\n               class=\"shutterset_44513\">\n                <img\n                    title=\"IMG_8988\"\n                    alt=\"IMG_8988\"\n                    src=\"https:\/\/www.freimarianne.ch\/wp-content\/gallery\/burgenstock15-9-20\/thumbs\/thumbs_IMG_8988.jpeg\"\n                    width=\"100\"\n                    height=\"75\"\n                    style=\"max-width:100%;\"\n                \/>\n            <\/a>\n        <\/div>\n\t\t\t\t\t\t\t<\/div> \n\t\t\t\n        \n\t\t\t\t<div id=\"ngg-image-5\" class=\"ngg-gallery-thumbnail-box\" >\n\t\t\t\t        <div class=\"ngg-gallery-thumbnail\">\n            <a href=\"https:\/\/www.freimarianne.ch\/wp-content\/gallery\/burgenstock15-9-20\/IMG_8989.jpeg\"\n               title=\"Blick hinunter ins Tal, wo wir gegangen sind; hi Stanserhorn\"\n               data-src=\"https:\/\/www.freimarianne.ch\/wp-content\/gallery\/burgenstock15-9-20\/IMG_8989.jpeg\"\n               data-thumbnail=\"https:\/\/www.freimarianne.ch\/wp-content\/gallery\/burgenstock15-9-20\/thumbs\/thumbs_IMG_8989.jpeg\"\n               data-image-id=\"23822\"\n               data-title=\"IMG_8989\"\n               data-description=\"Blick hinunter ins Tal, wo wir gegangen sind; hi Stanserhorn\"\n               data-image-slug=\"img_8989-3\"\n               class=\"shutterset_44513\">\n                <img\n                    title=\"IMG_8989\"\n                    alt=\"IMG_8989\"\n                    src=\"https:\/\/www.freimarianne.ch\/wp-content\/gallery\/burgenstock15-9-20\/thumbs\/thumbs_IMG_8989.jpeg\"\n                    width=\"100\"\n                    height=\"75\"\n                    style=\"max-width:100%;\"\n                \/>\n            <\/a>\n        <\/div>\n\t\t\t\t\t\t\t<\/div> \n\t\t\t\n        \n\t\t\t\t<div id=\"ngg-image-6\" class=\"ngg-gallery-thumbnail-box\" >\n\t\t\t\t        <div class=\"ngg-gallery-thumbnail\">\n            <a href=\"https:\/\/www.freimarianne.ch\/wp-content\/gallery\/burgenstock15-9-20\/IMG_8992.jpeg\"\n               title=\"beim Hammetschwandlift\"\n               data-src=\"https:\/\/www.freimarianne.ch\/wp-content\/gallery\/burgenstock15-9-20\/IMG_8992.jpeg\"\n               data-thumbnail=\"https:\/\/www.freimarianne.ch\/wp-content\/gallery\/burgenstock15-9-20\/thumbs\/thumbs_IMG_8992.jpeg\"\n               data-image-id=\"23823\"\n               data-title=\"IMG_8992\"\n               data-description=\"beim Hammetschwandlift\"\n               data-image-slug=\"img_8992-5\"\n               class=\"shutterset_44513\">\n                <img\n                    title=\"IMG_8992\"\n                    alt=\"IMG_8992\"\n                    src=\"https:\/\/www.freimarianne.ch\/wp-content\/gallery\/burgenstock15-9-20\/thumbs\/thumbs_IMG_8992.jpeg\"\n                    width=\"100\"\n                    height=\"75\"\n                    style=\"max-width:100%;\"\n                \/>\n            <\/a>\n        <\/div>\n\t\t\t\t\t\t\t<\/div> \n\t\t\t\n        \n\t\t\t\t<div id=\"ngg-image-7\" class=\"ngg-gallery-thumbnail-box\" >\n\t\t\t\t        <div class=\"ngg-gallery-thumbnail\">\n            <a href=\"https:\/\/www.freimarianne.ch\/wp-content\/gallery\/burgenstock15-9-20\/IMG_8994.jpeg\"\n               title=\"ein Tunnel auf dem Felsenweg\"\n               data-src=\"https:\/\/www.freimarianne.ch\/wp-content\/gallery\/burgenstock15-9-20\/IMG_8994.jpeg\"\n               data-thumbnail=\"https:\/\/www.freimarianne.ch\/wp-content\/gallery\/burgenstock15-9-20\/thumbs\/thumbs_IMG_8994.jpeg\"\n               data-image-id=\"23824\"\n               data-title=\"IMG_8994\"\n               data-description=\"ein Tunnel auf dem Felsenweg\"\n               data-image-slug=\"img_8994-2\"\n               class=\"shutterset_44513\">\n                <img\n                    title=\"IMG_8994\"\n                    alt=\"IMG_8994\"\n                    src=\"https:\/\/www.freimarianne.ch\/wp-content\/gallery\/burgenstock15-9-20\/thumbs\/thumbs_IMG_8994.jpeg\"\n                    width=\"100\"\n                    height=\"75\"\n                    style=\"max-width:100%;\"\n                \/>\n            <\/a>\n        <\/div>\n\t\t\t\t\t\t\t<\/div> \n\t\t\t\n        \n\t\t\t\t<div id=\"ngg-image-8\" class=\"ngg-gallery-thumbnail-box\" >\n\t\t\t\t        <div class=\"ngg-gallery-thumbnail\">\n            <a href=\"https:\/\/www.freimarianne.ch\/wp-content\/gallery\/burgenstock15-9-20\/IMG_9004.jpeg\"\n               title=\"auf dem schattigen Felsenweg\"\n               data-src=\"https:\/\/www.freimarianne.ch\/wp-content\/gallery\/burgenstock15-9-20\/IMG_9004.jpeg\"\n               data-thumbnail=\"https:\/\/www.freimarianne.ch\/wp-content\/gallery\/burgenstock15-9-20\/thumbs\/thumbs_IMG_9004.jpeg\"\n               data-image-id=\"23825\"\n               data-title=\"IMG_9004\"\n               data-description=\"auf dem schattigen Felsenweg\"\n               data-image-slug=\"img_9004-3\"\n               class=\"shutterset_44513\">\n                <img\n                    title=\"IMG_9004\"\n                    alt=\"IMG_9004\"\n                    src=\"https:\/\/www.freimarianne.ch\/wp-content\/gallery\/burgenstock15-9-20\/thumbs\/thumbs_IMG_9004.jpeg\"\n                    width=\"100\"\n                    height=\"75\"\n                    style=\"max-width:100%;\"\n                \/>\n            <\/a>\n        <\/div>\n\t\t\t\t\t\t\t<\/div> \n\t\t\t\n        \n\t\t\t\t<div id=\"ngg-image-9\" class=\"ngg-gallery-thumbnail-box\" >\n\t\t\t\t        <div class=\"ngg-gallery-thumbnail\">\n            <a href=\"https:\/\/www.freimarianne.ch\/wp-content\/gallery\/burgenstock15-9-20\/IMG_9007.jpeg\"\n               title=\"Blick auf Dossen, Rigi Hohfluh und Gersauerstock\"\n               data-src=\"https:\/\/www.freimarianne.ch\/wp-content\/gallery\/burgenstock15-9-20\/IMG_9007.jpeg\"\n               data-thumbnail=\"https:\/\/www.freimarianne.ch\/wp-content\/gallery\/burgenstock15-9-20\/thumbs\/thumbs_IMG_9007.jpeg\"\n               data-image-id=\"23826\"\n               data-title=\"IMG_9007\"\n               data-description=\"Blick auf Dossen, Rigi Hohfluh und Gersauerstock\"\n               data-image-slug=\"img_9007-6\"\n               class=\"shutterset_44513\">\n                <img\n                    title=\"IMG_9007\"\n                    alt=\"IMG_9007\"\n                    src=\"https:\/\/www.freimarianne.ch\/wp-content\/gallery\/burgenstock15-9-20\/thumbs\/thumbs_IMG_9007.jpeg\"\n                    width=\"100\"\n                    height=\"75\"\n                    style=\"max-width:100%;\"\n                \/>\n            <\/a>\n        <\/div>\n\t\t\t\t\t\t\t<\/div> \n\t\t\t\n        \n\t\t\t\t<div id=\"ngg-image-10\" class=\"ngg-gallery-thumbnail-box\" >\n\t\t\t\t        <div class=\"ngg-gallery-thumbnail\">\n            <a href=\"https:\/\/www.freimarianne.ch\/wp-content\/gallery\/burgenstock15-9-20\/IMG_9014.jpeg\"\n               title=\"auf den Weg hinunter zur Honegg\"\n               data-src=\"https:\/\/www.freimarianne.ch\/wp-content\/gallery\/burgenstock15-9-20\/IMG_9014.jpeg\"\n               data-thumbnail=\"https:\/\/www.freimarianne.ch\/wp-content\/gallery\/burgenstock15-9-20\/thumbs\/thumbs_IMG_9014.jpeg\"\n               data-image-id=\"23827\"\n               data-title=\"IMG_9014\"\n               data-description=\"auf den Weg hinunter zur Honegg\"\n               data-image-slug=\"img_9014-3\"\n               class=\"shutterset_44513\">\n                <img\n                    title=\"IMG_9014\"\n                    alt=\"IMG_9014\"\n                    src=\"https:\/\/www.freimarianne.ch\/wp-content\/gallery\/burgenstock15-9-20\/thumbs\/thumbs_IMG_9014.jpeg\"\n                    width=\"100\"\n                    height=\"75\"\n                    style=\"max-width:100%;\"\n                \/>\n            <\/a>\n        <\/div>\n\t\t\t\t\t\t\t<\/div> \n\t\t\t\n        \n\t\t\t\t<div id=\"ngg-image-11\" class=\"ngg-gallery-thumbnail-box\" >\n\t\t\t\t        <div class=\"ngg-gallery-thumbnail\">\n            <a href=\"https:\/\/www.freimarianne.ch\/wp-content\/gallery\/burgenstock15-9-20\/IMG_9015.jpeg\"\n               title=\"auf den Weg hinunter zur Honegg\"\n               data-src=\"https:\/\/www.freimarianne.ch\/wp-content\/gallery\/burgenstock15-9-20\/IMG_9015.jpeg\"\n               data-thumbnail=\"https:\/\/www.freimarianne.ch\/wp-content\/gallery\/burgenstock15-9-20\/thumbs\/thumbs_IMG_9015.jpeg\"\n               data-image-id=\"23828\"\n               data-title=\"IMG_9015\"\n               data-description=\"auf den Weg hinunter zur Honegg\"\n               data-image-slug=\"img_9015-2\"\n               class=\"shutterset_44513\">\n                <img\n                    title=\"IMG_9015\"\n                    alt=\"IMG_9015\"\n                    src=\"https:\/\/www.freimarianne.ch\/wp-content\/gallery\/burgenstock15-9-20\/thumbs\/thumbs_IMG_9015.jpeg\"\n                    width=\"100\"\n                    height=\"75\"\n                    style=\"max-width:100%;\"\n                \/>\n            <\/a>\n        <\/div>\n\t\t\t\t\t\t\t<\/div> \n\t\t\t\n        \n\t\t\t\t<div id=\"ngg-image-12\" class=\"ngg-gallery-thumbnail-box\" >\n\t\t\t\t        <div class=\"ngg-gallery-thumbnail\">\n            <a href=\"https:\/\/www.freimarianne.ch\/wp-content\/gallery\/burgenstock15-9-20\/IMG_9017.jpeg\"\n               title=\"Gersauerstock\"\n               data-src=\"https:\/\/www.freimarianne.ch\/wp-content\/gallery\/burgenstock15-9-20\/IMG_9017.jpeg\"\n               data-thumbnail=\"https:\/\/www.freimarianne.ch\/wp-content\/gallery\/burgenstock15-9-20\/thumbs\/thumbs_IMG_9017.jpeg\"\n               data-image-id=\"23829\"\n               data-title=\"IMG_9017\"\n               data-description=\"Gersauerstock\"\n               data-image-slug=\"img_9017-3\"\n               class=\"shutterset_44513\">\n                <img\n                    title=\"IMG_9017\"\n                    alt=\"IMG_9017\"\n                    src=\"https:\/\/www.freimarianne.ch\/wp-content\/gallery\/burgenstock15-9-20\/thumbs\/thumbs_IMG_9017.jpeg\"\n                    width=\"100\"\n                    height=\"75\"\n                    style=\"max-width:100%;\"\n                \/>\n            <\/a>\n        <\/div>\n\t\t\t\t\t\t\t<\/div> \n\t\t\t\n        \n\t\t\n\t\t<!-- Pagination -->\n\t<div class='ngg-clear'><\/div>\t<\/div>\n<\/p>\n","protected":false},"excerpt":{"rendered":"<p>Rundwanderung auf dem B\u00fcrgenstock Obb\u00fcrgen &#8211; B\u00fcrgenstock &#8211; Felsenweg -Ch\u00e4nzeli &#8211; Honegg &#8211; B\u00fcrgenstock &#8211; Obb\u00fcrgen Vierwaldst\u00e4ttersee Wir haben einen sch\u00f6nen Sp\u00e4tsommertag f\u00fcr unsere Wanderung auf dem B\u00fcrgenstock. In Obb\u00fcrgen teilt sich die kleine Gruppe und zwei fahren mit dem Postauto hinauf auf den B\u00fcrgenstock. Die andern wandern im gr\u00fcnen Tal zwischendem beiden Gr\u00e4ten, Schiltgrat [&hellip;]<\/p>\n","protected":false},"author":1,"featured_media":0,"parent":43602,"menu_order":6,"comment_status":"closed","ping_status":"closed","template":"","meta":{"ngg_post_thumbnail":0},"_links":{"self":[{"href":"https:\/\/www.freimarianne.ch\/index.php?rest_route=\/wp\/v2\/pages\/43920"}],"collection":[{"href":"https:\/\/www.freimarianne.ch\/index.php?rest_route=\/wp\/v2\/pages"}],"about":[{"href":"https:\/\/www.freimarianne.ch\/index.php?rest_route=\/wp\/v2\/types\/page"}],"author":[{"embeddable":true,"href":"https:\/\/www.freimarianne.ch\/index.php?rest_route=\/wp\/v2\/users\/1"}],"replies":[{"embeddable":true,"href":"https:\/\/www.freimarianne.ch\/index.php?rest_route=%2Fwp%2Fv2%2Fcomments&post=43920"}],"version-history":[{"count":14,"href":"https:\/\/www.freimarianne.ch\/index.php?rest_route=\/wp\/v2\/pages\/43920\/revisions"}],"predecessor-version":[{"id":44580,"href":"https:\/\/www.freimarianne.ch\/index.php?rest_route=\/wp\/v2\/pages\/43920\/revisions\/44580"}],"up":[{"embeddable":true,"href":"https:\/\/www.freimarianne.ch\/index.php?rest_route=\/wp\/v2\/pages\/43602"}],"wp:attachment":[{"href":"https:\/\/www.freimarianne.ch\/index.php?rest_route=%2Fwp%2Fv2%2Fmedia&parent=43920"}],"curies":[{"name":"wp","href":"https:\/\/api.w.org\/{rel}","templated":true}]}}