{"id":4943,"date":"2014-02-10T10:36:24","date_gmt":"2014-02-10T09:36:24","guid":{"rendered":"http:\/\/www.freimarianne.ch\/?page_id=4943"},"modified":"2015-01-03T09:26:04","modified_gmt":"2015-01-03T08:26:04","slug":"val-mustair-2-2-2014","status":"publish","type":"page","link":"https:\/\/www.freimarianne.ch\/?page_id=4943","title":{"rendered":"Val M\u00fcstair 2.2.2014"},"content":{"rendered":"<p>Unser <strong>Hotel in Valchava<\/strong> Hotel Central,das auch zentral liegt. Es ist ein sehr sch\u00f6nes und stilvoll eingerichtetes Haus, wo wir uns wohl f\u00fchlten.<br \/>\n<img loading=\"lazy\" class=\"aligncenter size-full wp-image-4964\" src=\"http:\/\/www.freimarianne.ch\/wp-content\/uploads\/2014\/02\/IMG_0797_hotel-400.jpg\" alt=\"IMG_0797_hotel-400\" width=\"400\" height=\"300\" srcset=\"https:\/\/www.freimarianne.ch\/wp-content\/uploads\/2014\/02\/IMG_0797_hotel-400.jpg 400w, https:\/\/www.freimarianne.ch\/wp-content\/uploads\/2014\/02\/IMG_0797_hotel-400-300x225.jpg 300w\" sizes=\"(max-width: 400px) 100vw, 400px\" \/><\/p>\n<p><strong>Alp da Munt-Tschierv<\/strong><br \/>\nWir fahren von Valchava zum Skigebiet Minschuns auf der Alp da Munt. Bei dichtesten Schneegest\u00f6ber laufen wir mit unseren Schneeschuhen los und machen eine Wanderung durch Arvenw\u00e4lder und Lichtungen im Gebiet Plaun da l&#8217;Aua. Das Spuren muss f\u00fcr unseren Tourenleiter Isidor sehr anstrengend sein. Wir befinden uns oberhalb der Ofenpassstrasse, die wir dann einmal auf dem Abstieg nach Tschierv queren m\u00fcssen. Teilweise erfolgt unser Abstieg auch auf der Piste, wo das Gehen etwas weniger m\u00fchsam ist. In der Talebene von Tschierv halten wir dann unsere \u00dcbung mit dem Lawinensuchger\u00e4t ab. Im Restaurant im Dorf k\u00f6nnen wir dann endlich in der W\u00e4rme absitzen und etwas trinken.<br \/>\nDie Wanderung durch den einsamen tief verschneiten Bergwald war sehr eindr\u00fccklich.<br \/>\nDanke Isidor f\u00fcr das Spuren im tiefen Schnee!<\/p>\n<p><!-- index.php -->\n<div\n\tclass=\"ngg-galleryoverview ngg-ajax-pagination-none\"\n\tid=\"ngg-gallery-8688-1\">\n\n    \t<div class=\"slideshowlink\">\n        <a href='https:\/\/www.freimarianne.ch\/index.php\/nggallery\/slideshow?page_id=4943'>[Show as slideshow]<\/a>\n\t\t\n\t<\/div>\n\t\t\t<!-- Thumbnails -->\n\t\t\t\t<div id=\"ngg-image-0\" class=\"ngg-gallery-thumbnail-box\" >\n\t\t\t\t        <div class=\"ngg-gallery-thumbnail\">\n            <a href=\"https:\/\/www.freimarianne.ch\/wp-content\/gallery\/mustair-2-2-14\/img_0670.jpg\"\n               title=\"\"\n               data-src=\"https:\/\/www.freimarianne.ch\/wp-content\/gallery\/mustair-2-2-14\/img_0670.jpg\"\n               data-thumbnail=\"https:\/\/www.freimarianne.ch\/wp-content\/gallery\/mustair-2-2-14\/thumbs\/thumbs_img_0670.jpg\"\n               data-image-id=\"7905\"\n               data-title=\"img_0670\"\n               data-description=\"\"\n               data-image-slug=\"img_0670\"\n               class=\"shutterset_8688\">\n                <img\n                    title=\"img_0670\"\n                    alt=\"img_0670\"\n                    src=\"https:\/\/www.freimarianne.ch\/wp-content\/gallery\/mustair-2-2-14\/thumbs\/thumbs_img_0670.jpg\"\n                    width=\"100\"\n                    height=\"75\"\n                    style=\"max-width:100%;\"\n                \/>\n            <\/a>\n        <\/div>\n\t\t\t\t\t\t\t<\/div> \n\t\t\t\n        \n\t\t\t\t<div id=\"ngg-image-1\" class=\"ngg-gallery-thumbnail-box\" >\n\t\t\t\t        <div class=\"ngg-gallery-thumbnail\">\n            <a href=\"https:\/\/www.freimarianne.ch\/wp-content\/gallery\/mustair-2-2-14\/img_0675.jpg\"\n               title=\"\"\n               data-src=\"https:\/\/www.freimarianne.ch\/wp-content\/gallery\/mustair-2-2-14\/img_0675.jpg\"\n               data-thumbnail=\"https:\/\/www.freimarianne.ch\/wp-content\/gallery\/mustair-2-2-14\/thumbs\/thumbs_img_0675.jpg\"\n               data-image-id=\"7906\"\n               data-title=\"img_0675\"\n               data-description=\"\"\n               data-image-slug=\"img_0675-2\"\n               class=\"shutterset_8688\">\n                <img\n                    title=\"img_0675\"\n                    alt=\"img_0675\"\n                    src=\"https:\/\/www.freimarianne.ch\/wp-content\/gallery\/mustair-2-2-14\/thumbs\/thumbs_img_0675.jpg\"\n                    width=\"100\"\n                    height=\"75\"\n                    style=\"max-width:100%;\"\n                \/>\n            <\/a>\n        <\/div>\n\t\t\t\t\t\t\t<\/div> \n\t\t\t\n        \n\t\t\t\t<div id=\"ngg-image-2\" class=\"ngg-gallery-thumbnail-box\" >\n\t\t\t\t        <div class=\"ngg-gallery-thumbnail\">\n            <a href=\"https:\/\/www.freimarianne.ch\/wp-content\/gallery\/mustair-2-2-14\/img_0684.jpg\"\n               title=\"\"\n               data-src=\"https:\/\/www.freimarianne.ch\/wp-content\/gallery\/mustair-2-2-14\/img_0684.jpg\"\n               data-thumbnail=\"https:\/\/www.freimarianne.ch\/wp-content\/gallery\/mustair-2-2-14\/thumbs\/thumbs_img_0684.jpg\"\n               data-image-id=\"7907\"\n               data-title=\"img_0684\"\n               data-description=\"\"\n               data-image-slug=\"img_0684-2\"\n               class=\"shutterset_8688\">\n                <img\n                    title=\"img_0684\"\n                    alt=\"img_0684\"\n                    src=\"https:\/\/www.freimarianne.ch\/wp-content\/gallery\/mustair-2-2-14\/thumbs\/thumbs_img_0684.jpg\"\n                    width=\"100\"\n                    height=\"75\"\n                    style=\"max-width:100%;\"\n                \/>\n            <\/a>\n        <\/div>\n\t\t\t\t\t\t\t<\/div> \n\t\t\t\n        \n\t\t\t\t<div id=\"ngg-image-3\" class=\"ngg-gallery-thumbnail-box\" >\n\t\t\t\t        <div class=\"ngg-gallery-thumbnail\">\n            <a href=\"https:\/\/www.freimarianne.ch\/wp-content\/gallery\/mustair-2-2-14\/img_0691.jpg\"\n               title=\"\"\n               data-src=\"https:\/\/www.freimarianne.ch\/wp-content\/gallery\/mustair-2-2-14\/img_0691.jpg\"\n               data-thumbnail=\"https:\/\/www.freimarianne.ch\/wp-content\/gallery\/mustair-2-2-14\/thumbs\/thumbs_img_0691.jpg\"\n               data-image-id=\"7908\"\n               data-title=\"img_0691\"\n               data-description=\"\"\n               data-image-slug=\"img_0691-2\"\n               class=\"shutterset_8688\">\n                <img\n                    title=\"img_0691\"\n                    alt=\"img_0691\"\n                    src=\"https:\/\/www.freimarianne.ch\/wp-content\/gallery\/mustair-2-2-14\/thumbs\/thumbs_img_0691.jpg\"\n                    width=\"100\"\n                    height=\"75\"\n                    style=\"max-width:100%;\"\n                \/>\n            <\/a>\n        <\/div>\n\t\t\t\t\t\t\t<\/div> \n\t\t\t\n        \n\t\t\t\t<div id=\"ngg-image-4\" class=\"ngg-gallery-thumbnail-box\" >\n\t\t\t\t        <div class=\"ngg-gallery-thumbnail\">\n            <a href=\"https:\/\/www.freimarianne.ch\/wp-content\/gallery\/mustair-2-2-14\/img_0696.jpg\"\n               title=\"\"\n               data-src=\"https:\/\/www.freimarianne.ch\/wp-content\/gallery\/mustair-2-2-14\/img_0696.jpg\"\n               data-thumbnail=\"https:\/\/www.freimarianne.ch\/wp-content\/gallery\/mustair-2-2-14\/thumbs\/thumbs_img_0696.jpg\"\n               data-image-id=\"7909\"\n               data-title=\"img_0696\"\n               data-description=\"\"\n               data-image-slug=\"img_0696\"\n               class=\"shutterset_8688\">\n                <img\n                    title=\"img_0696\"\n                    alt=\"img_0696\"\n                    src=\"https:\/\/www.freimarianne.ch\/wp-content\/gallery\/mustair-2-2-14\/thumbs\/thumbs_img_0696.jpg\"\n                    width=\"100\"\n                    height=\"75\"\n                    style=\"max-width:100%;\"\n                \/>\n            <\/a>\n        <\/div>\n\t\t\t\t\t\t\t<\/div> \n\t\t\t\n        \n\t\t\t\t<div id=\"ngg-image-5\" class=\"ngg-gallery-thumbnail-box\" >\n\t\t\t\t        <div class=\"ngg-gallery-thumbnail\">\n            <a href=\"https:\/\/www.freimarianne.ch\/wp-content\/gallery\/mustair-2-2-14\/img_0704.jpg\"\n               title=\"\"\n               data-src=\"https:\/\/www.freimarianne.ch\/wp-content\/gallery\/mustair-2-2-14\/img_0704.jpg\"\n               data-thumbnail=\"https:\/\/www.freimarianne.ch\/wp-content\/gallery\/mustair-2-2-14\/thumbs\/thumbs_img_0704.jpg\"\n               data-image-id=\"7910\"\n               data-title=\"img_0704\"\n               data-description=\"\"\n               data-image-slug=\"img_0704\"\n               class=\"shutterset_8688\">\n                <img\n                    title=\"img_0704\"\n                    alt=\"img_0704\"\n                    src=\"https:\/\/www.freimarianne.ch\/wp-content\/gallery\/mustair-2-2-14\/thumbs\/thumbs_img_0704.jpg\"\n                    width=\"100\"\n                    height=\"75\"\n                    style=\"max-width:100%;\"\n                \/>\n            <\/a>\n        <\/div>\n\t\t\t\t\t\t\t<\/div> \n\t\t\t\n        \n\t\t\t\t<div id=\"ngg-image-6\" class=\"ngg-gallery-thumbnail-box\" >\n\t\t\t\t        <div class=\"ngg-gallery-thumbnail\">\n            <a href=\"https:\/\/www.freimarianne.ch\/wp-content\/gallery\/mustair-2-2-14\/img_0705.jpg\"\n               title=\"\"\n               data-src=\"https:\/\/www.freimarianne.ch\/wp-content\/gallery\/mustair-2-2-14\/img_0705.jpg\"\n               data-thumbnail=\"https:\/\/www.freimarianne.ch\/wp-content\/gallery\/mustair-2-2-14\/thumbs\/thumbs_img_0705.jpg\"\n               data-image-id=\"7911\"\n               data-title=\"img_0705\"\n               data-description=\"\"\n               data-image-slug=\"img_0705\"\n               class=\"shutterset_8688\">\n                <img\n                    title=\"img_0705\"\n                    alt=\"img_0705\"\n                    src=\"https:\/\/www.freimarianne.ch\/wp-content\/gallery\/mustair-2-2-14\/thumbs\/thumbs_img_0705.jpg\"\n                    width=\"100\"\n                    height=\"75\"\n                    style=\"max-width:100%;\"\n                \/>\n            <\/a>\n        <\/div>\n\t\t\t\t\t\t\t<\/div> \n\t\t\t\n        \n\t\t\t\t<div id=\"ngg-image-7\" class=\"ngg-gallery-thumbnail-box\" >\n\t\t\t\t        <div class=\"ngg-gallery-thumbnail\">\n            <a href=\"https:\/\/www.freimarianne.ch\/wp-content\/gallery\/mustair-2-2-14\/img_0707.jpg\"\n               title=\"\"\n               data-src=\"https:\/\/www.freimarianne.ch\/wp-content\/gallery\/mustair-2-2-14\/img_0707.jpg\"\n               data-thumbnail=\"https:\/\/www.freimarianne.ch\/wp-content\/gallery\/mustair-2-2-14\/thumbs\/thumbs_img_0707.jpg\"\n               data-image-id=\"7912\"\n               data-title=\"img_0707\"\n               data-description=\"\"\n               data-image-slug=\"img_0707-2\"\n               class=\"shutterset_8688\">\n                <img\n                    title=\"img_0707\"\n                    alt=\"img_0707\"\n                    src=\"https:\/\/www.freimarianne.ch\/wp-content\/gallery\/mustair-2-2-14\/thumbs\/thumbs_img_0707.jpg\"\n                    width=\"100\"\n                    height=\"75\"\n                    style=\"max-width:100%;\"\n                \/>\n            <\/a>\n        <\/div>\n\t\t\t\t\t\t\t<\/div> \n\t\t\t\n        \n\t\t\n\t\t<!-- Pagination -->\n\t<div class='ngg-clear'><\/div>\t<\/div>\n<\/p>\n","protected":false},"excerpt":{"rendered":"<p>Unser Hotel in Valchava Hotel Central,das auch zentral liegt. Es ist ein sehr sch\u00f6nes und stilvoll eingerichtetes Haus, wo wir uns wohl f\u00fchlten. Alp da Munt-Tschierv Wir fahren von Valchava zum Skigebiet Minschuns auf der Alp da Munt. Bei dichtesten Schneegest\u00f6ber laufen wir mit unseren Schneeschuhen los und machen eine Wanderung durch Arvenw\u00e4lder und Lichtungen [&hellip;]<\/p>\n","protected":false},"author":1,"featured_media":0,"parent":4932,"menu_order":1,"comment_status":"closed","ping_status":"closed","template":"","meta":{"ngg_post_thumbnail":0},"_links":{"self":[{"href":"https:\/\/www.freimarianne.ch\/index.php?rest_route=\/wp\/v2\/pages\/4943"}],"collection":[{"href":"https:\/\/www.freimarianne.ch\/index.php?rest_route=\/wp\/v2\/pages"}],"about":[{"href":"https:\/\/www.freimarianne.ch\/index.php?rest_route=\/wp\/v2\/types\/page"}],"author":[{"embeddable":true,"href":"https:\/\/www.freimarianne.ch\/index.php?rest_route=\/wp\/v2\/users\/1"}],"replies":[{"embeddable":true,"href":"https:\/\/www.freimarianne.ch\/index.php?rest_route=%2Fwp%2Fv2%2Fcomments&post=4943"}],"version-history":[{"count":7,"href":"https:\/\/www.freimarianne.ch\/index.php?rest_route=\/wp\/v2\/pages\/4943\/revisions"}],"predecessor-version":[{"id":8690,"href":"https:\/\/www.freimarianne.ch\/index.php?rest_route=\/wp\/v2\/pages\/4943\/revisions\/8690"}],"up":[{"embeddable":true,"href":"https:\/\/www.freimarianne.ch\/index.php?rest_route=\/wp\/v2\/pages\/4932"}],"wp:attachment":[{"href":"https:\/\/www.freimarianne.ch\/index.php?rest_route=%2Fwp%2Fv2%2Fmedia&parent=4943"}],"curies":[{"name":"wp","href":"https:\/\/api.w.org\/{rel}","templated":true}]}}