{"id":5215,"date":"2014-04-20T08:19:20","date_gmt":"2014-04-20T07:19:20","guid":{"rendered":"http:\/\/www.freimarianne.ch\/?page_id=5215"},"modified":"2014-04-20T08:19:21","modified_gmt":"2014-04-20T07:19:21","slug":"belpberg-be-10-4-2014","status":"publish","type":"page","link":"https:\/\/www.freimarianne.ch\/?page_id=5215","title":{"rendered":"Belpberg, BE  10.4.2014"},"content":{"rendered":"<p><strong>Fr\u00fchlingswanderung<\/strong> \u00fcber den Belpberg bei sch\u00f6nster Aussicht<br \/>\nBelp- Belpberg Chutzen &#8211; Gerzensee-Kirchdorf<br \/>\n<img loading=\"lazy\" src=\"http:\/\/www.freimarianne.ch\/wp-content\/uploads\/2014\/04\/IMG_0130_belpberg_500.jpg\" alt=\"IMG_0130_belpberg_500\" width=\"500\" height=\"375\" class=\"aligncenter size-full wp-image-5210\" srcset=\"https:\/\/www.freimarianne.ch\/wp-content\/uploads\/2014\/04\/IMG_0130_belpberg_500.jpg 500w, https:\/\/www.freimarianne.ch\/wp-content\/uploads\/2014\/04\/IMG_0130_belpberg_500-300x225.jpg 300w, https:\/\/www.freimarianne.ch\/wp-content\/uploads\/2014\/04\/IMG_0130_belpberg_500-400x300.jpg 400w\" sizes=\"(max-width: 500px) 100vw, 500px\" \/><\/a><\/p>\n","protected":false},"excerpt":{"rendered":"<p>Fr\u00fchlingswanderung \u00fcber den Belpberg bei sch\u00f6nster Aussicht Belp- Belpberg Chutzen &#8211; Gerzensee-Kirchdorf<\/p>\n","protected":false},"author":1,"featured_media":0,"parent":5166,"menu_order":4,"comment_status":"closed","ping_status":"closed","template":"","meta":{"ngg_post_thumbnail":0},"_links":{"self":[{"href":"https:\/\/www.freimarianne.ch\/index.php?rest_route=\/wp\/v2\/pages\/5215"}],"collection":[{"href":"https:\/\/www.freimarianne.ch\/index.php?rest_route=\/wp\/v2\/pages"}],"about":[{"href":"https:\/\/www.freimarianne.ch\/index.php?rest_route=\/wp\/v2\/types\/page"}],"author":[{"embeddable":true,"href":"https:\/\/www.freimarianne.ch\/index.php?rest_route=\/wp\/v2\/users\/1"}],"replies":[{"embeddable":true,"href":"https:\/\/www.freimarianne.ch\/index.php?rest_route=%2Fwp%2Fv2%2Fcomments&post=5215"}],"version-history":[{"count":1,"href":"https:\/\/www.freimarianne.ch\/index.php?rest_route=\/wp\/v2\/pages\/5215\/revisions"}],"predecessor-version":[{"id":5216,"href":"https:\/\/www.freimarianne.ch\/index.php?rest_route=\/wp\/v2\/pages\/5215\/revisions\/5216"}],"up":[{"embeddable":true,"href":"https:\/\/www.freimarianne.ch\/index.php?rest_route=\/wp\/v2\/pages\/5166"}],"wp:attachment":[{"href":"https:\/\/www.freimarianne.ch\/index.php?rest_route=%2Fwp%2Fv2%2Fmedia&parent=5215"}],"curies":[{"name":"wp","href":"https:\/\/api.w.org\/{rel}","templated":true}]}}