{"id":59577,"date":"2022-05-31T15:08:59","date_gmt":"2022-05-31T14:08:59","guid":{"rendered":"http:\/\/www.freimarianne.ch\/?page_id=59577"},"modified":"2022-05-31T16:04:19","modified_gmt":"2022-05-31T15:04:19","slug":"hochwacht-be-12-5-2022","status":"publish","type":"page","link":"https:\/\/www.freimarianne.ch\/?page_id=59577","title":{"rendered":"Hochwacht  BE 12.5.2022"},"content":{"rendered":"\n<p><strong>Wanderung von Langnau i.E.  nach Eggiwil <\/strong> <strong>mit den  Novartis Berg&amp;Ski Club<\/strong><\/p>\n\n\n<div id=\"attachment_59566\" style=\"width: 510px\" class=\"wp-caption alignleft\"><img aria-describedby=\"caption-attachment-59566\" loading=\"lazy\" class=\"size-full wp-image-59566\" src=\"http:\/\/www.freimarianne.ch\/wp-content\/uploads\/2022\/05\/IMG_0259._Hochwacht_500.jpeg\" alt=\"\" width=\"500\" height=\"358\" srcset=\"https:\/\/www.freimarianne.ch\/wp-content\/uploads\/2022\/05\/IMG_0259._Hochwacht_500.jpeg 500w, https:\/\/www.freimarianne.ch\/wp-content\/uploads\/2022\/05\/IMG_0259._Hochwacht_500-300x215.jpeg 300w, https:\/\/www.freimarianne.ch\/wp-content\/uploads\/2022\/05\/IMG_0259._Hochwacht_500-419x300.jpeg 419w\" sizes=\"(max-width: 500px) 100vw, 500px\" \/><p id=\"caption-attachment-59566\" class=\"wp-caption-text\">das h\u00fcgelige gr\u00fcne Emmental<\/p><\/div>\n<p>Dieses Jahr k\u00f6nnen wir die Hochwacht Wanderung durchf\u00fchren, nachdem ich sie letztes Jahr absagen musste. Wir sind heute nur 6 Personen. In Langnau i.E. laufen wir gleich los, \u00fcberqueren die Ilfis und befinden uns dann bereits auf einen schmalen Wanderweg, der oberhalb des Flusses verl\u00e4uft. Bald beginnt der Weg anzusteigen und wir erreichen \u00fcber Vorder Zwygarten die Wildmatt 979m, wobei es etliche steile Treppen zu \u00fcberwinden galt. Beim Aussichtspunkt Hochwacht machen wir eine Rast auf einer Bank und geniessen die pr\u00e4chtige Sicht ins Gr\u00fcne und das Panorama. Dann geht es kurz weiter auf der Strasse und dann im Wald hinauf zum Waldrand, wo wir auf Baumst\u00e4mmen unsere eher fr\u00fche MIttagsrast halten, denn von hier aus bietet sich eine pr\u00e4chtige Sicht hin\u00fcber zur Stockhornkette und es ist der einzige gut Platz f\u00fcr eine Rast.<br>Der Weg f\u00fchrt uns dann weiter hinauf und dann hinunter zum H\u00fcpfenboden 1016m, wo es eine Gasparini Glace zu kaufen gibt !<br>Wohlgen\u00e4hrt wandern wir weiter, leider auf Teer, bis wir auf den Weg hinauf zum Hegeloch Tunnel abzweigen k\u00f6nnen. \u00dcber gr\u00fcne Weiden wandern wir hinunter zum Hinteren Girsgrat und dann eher steil hinunter ins Dorf Eggiwil, wo wir im B\u00e4ren noch Zeit f\u00fcr ein Bier haben.Dies war eine eine angenehme Fr\u00fchlingswanderung Wanderung ohne jegliche Hetze.Distanz: 12.36km; Aufstieg: 589m; Abstieg: 530m; Wanderzeit: 3h 50 min<\/p>\n<p><a href=\"https:\/\/map.schweizmobil.ch\/?lang=de&amp;bgLayer=pk&amp;logo=yes&amp;season=summer&amp;resolution=20&amp;E=2627195&amp;N=1195215&amp;trackId=5620180\">Karte Schweizmobil:<\/a> <\/p>\n\n\n<!-- index.php -->\n<div\n\tclass=\"ngg-galleryoverview ngg-ajax-pagination-none\"\n\tid=\"ngg-gallery-a29c871f477c05dc75787d389a80edce-1\">\n\n    \t<div class=\"slideshowlink\">\n        <a href='https:\/\/www.freimarianne.ch\/index.php\/nggallery\/slideshow?page_id=59577'>[Show as slideshow]<\/a>\n\t\t\n\t<\/div>\n\t\t\t<!-- Thumbnails -->\n\t\t\t\t<div id=\"ngg-image-0\" class=\"ngg-gallery-thumbnail-box\" >\n\t\t\t\t        <div class=\"ngg-gallery-thumbnail\">\n            <a href=\"https:\/\/www.freimarianne.ch\/wp-content\/gallery\/hochwacht-12-5-22\/IMG_0239.jpeg\"\n               title=\"bei der Wildmatt 979m\"\n               data-src=\"https:\/\/www.freimarianne.ch\/wp-content\/gallery\/hochwacht-12-5-22\/IMG_0239.jpeg\"\n               data-thumbnail=\"https:\/\/www.freimarianne.ch\/wp-content\/gallery\/hochwacht-12-5-22\/thumbs\/thumbs_IMG_0239.jpeg\"\n               data-image-id=\"29149\"\n               data-title=\"IMG_0239\"\n               data-description=\"bei der Wildmatt 979m\"\n               data-image-slug=\"img_0239-1\"\n               class=\"shutterset_a29c871f477c05dc75787d389a80edce\">\n                <img\n                    title=\"IMG_0239\"\n                    alt=\"IMG_0239\"\n                    src=\"https:\/\/www.freimarianne.ch\/wp-content\/gallery\/hochwacht-12-5-22\/cache\/IMG_0239.jpeg-nggid0529149-ngg0dyn-100x75x100-00f0w010c010r110f110r010t010.jpeg\"\n                    width=\"100\"\n                    height=\"75\"\n                    style=\"max-width:100%;\"\n                \/>\n            <\/a>\n        <\/div>\n\t\t\t\t\t\t\t<\/div> \n\t\t\t\n                            \n\t\t\t\t<div id=\"ngg-image-1\" class=\"ngg-gallery-thumbnail-box\" >\n\t\t\t\t        <div class=\"ngg-gallery-thumbnail\">\n            <a href=\"https:\/\/www.freimarianne.ch\/wp-content\/gallery\/hochwacht-12-5-22\/IMG_0242.jpeg\"\n               title=\"Aussichtspunkt Hochwacht\"\n               data-src=\"https:\/\/www.freimarianne.ch\/wp-content\/gallery\/hochwacht-12-5-22\/IMG_0242.jpeg\"\n               data-thumbnail=\"https:\/\/www.freimarianne.ch\/wp-content\/gallery\/hochwacht-12-5-22\/thumbs\/thumbs_IMG_0242.jpeg\"\n               data-image-id=\"29147\"\n               data-title=\"IMG_0242\"\n               data-description=\"Aussichtspunkt Hochwacht\"\n               data-image-slug=\"img_0242\"\n               class=\"shutterset_a29c871f477c05dc75787d389a80edce\">\n                <img\n                    title=\"IMG_0242\"\n                    alt=\"IMG_0242\"\n                    src=\"https:\/\/www.freimarianne.ch\/wp-content\/gallery\/hochwacht-12-5-22\/cache\/IMG_0242.jpeg-nggid0529147-ngg0dyn-100x75x100-00f0w010c010r110f110r010t010.jpeg\"\n                    width=\"100\"\n                    height=\"75\"\n                    style=\"max-width:100%;\"\n                \/>\n            <\/a>\n        <\/div>\n\t\t\t\t\t\t\t<\/div> \n\t\t\t\n                            \n\t\t\t\t<div id=\"ngg-image-2\" class=\"ngg-gallery-thumbnail-box\" >\n\t\t\t\t        <div class=\"ngg-gallery-thumbnail\">\n            <a href=\"https:\/\/www.freimarianne.ch\/wp-content\/gallery\/hochwacht-12-5-22\/IMG_0245.jpeg\"\n               title=\"Mittagspause mit Panoprama\"\n               data-src=\"https:\/\/www.freimarianne.ch\/wp-content\/gallery\/hochwacht-12-5-22\/IMG_0245.jpeg\"\n               data-thumbnail=\"https:\/\/www.freimarianne.ch\/wp-content\/gallery\/hochwacht-12-5-22\/thumbs\/thumbs_IMG_0245.jpeg\"\n               data-image-id=\"29148\"\n               data-title=\"IMG_0245\"\n               data-description=\"Mittagspause mit Panoprama\"\n               data-image-slug=\"img_0245-2\"\n               class=\"shutterset_a29c871f477c05dc75787d389a80edce\">\n                <img\n                    title=\"IMG_0245\"\n                    alt=\"IMG_0245\"\n                    src=\"https:\/\/www.freimarianne.ch\/wp-content\/gallery\/hochwacht-12-5-22\/cache\/IMG_0245.jpeg-nggid0529148-ngg0dyn-100x75x100-00f0w010c010r110f110r010t010.jpeg\"\n                    width=\"100\"\n                    height=\"70\"\n                    style=\"max-width:100%;\"\n                \/>\n            <\/a>\n        <\/div>\n\t\t\t\t\t\t\t<\/div> \n\t\t\t\n                            \n\t\t\t\t<div id=\"ngg-image-3\" class=\"ngg-gallery-thumbnail-box\" >\n\t\t\t\t        <div class=\"ngg-gallery-thumbnail\">\n            <a href=\"https:\/\/www.freimarianne.ch\/wp-content\/gallery\/hochwacht-12-5-22\/IMG_0247.jpeg\"\n               title=\"Eule\"\n               data-src=\"https:\/\/www.freimarianne.ch\/wp-content\/gallery\/hochwacht-12-5-22\/IMG_0247.jpeg\"\n               data-thumbnail=\"https:\/\/www.freimarianne.ch\/wp-content\/gallery\/hochwacht-12-5-22\/thumbs\/thumbs_IMG_0247.jpeg\"\n               data-image-id=\"29144\"\n               data-title=\"IMG_0247\"\n               data-description=\"Eule\"\n               data-image-slug=\"img_0247-4\"\n               class=\"shutterset_a29c871f477c05dc75787d389a80edce\">\n                <img\n                    title=\"IMG_0247\"\n                    alt=\"IMG_0247\"\n                    src=\"https:\/\/www.freimarianne.ch\/wp-content\/gallery\/hochwacht-12-5-22\/cache\/IMG_0247.jpeg-nggid0529144-ngg0dyn-100x75x100-00f0w010c010r110f110r010t010.jpeg\"\n                    width=\"100\"\n                    height=\"75\"\n                    style=\"max-width:100%;\"\n                \/>\n            <\/a>\n        <\/div>\n\t\t\t\t\t\t\t<\/div> \n\t\t\t\n                                    <br style=\"clear: both\" \/>\n                    \n\t\t\t\t<div id=\"ngg-image-4\" class=\"ngg-gallery-thumbnail-box\" >\n\t\t\t\t        <div class=\"ngg-gallery-thumbnail\">\n            <a href=\"https:\/\/www.freimarianne.ch\/wp-content\/gallery\/hochwacht-12-5-22\/IMG_0251.jpeg\"\n               title=\"Sicht ins gr\u00fcne Emmental\"\n               data-src=\"https:\/\/www.freimarianne.ch\/wp-content\/gallery\/hochwacht-12-5-22\/IMG_0251.jpeg\"\n               data-thumbnail=\"https:\/\/www.freimarianne.ch\/wp-content\/gallery\/hochwacht-12-5-22\/thumbs\/thumbs_IMG_0251.jpeg\"\n               data-image-id=\"29143\"\n               data-title=\"IMG_0251\"\n               data-description=\"Sicht ins gr\u00fcne Emmental\"\n               data-image-slug=\"img_0251-3\"\n               class=\"shutterset_a29c871f477c05dc75787d389a80edce\">\n                <img\n                    title=\"IMG_0251\"\n                    alt=\"IMG_0251\"\n                    src=\"https:\/\/www.freimarianne.ch\/wp-content\/gallery\/hochwacht-12-5-22\/cache\/IMG_0251.jpeg-nggid0529143-ngg0dyn-100x75x100-00f0w010c010r110f110r010t010.jpeg\"\n                    width=\"100\"\n                    height=\"75\"\n                    style=\"max-width:100%;\"\n                \/>\n            <\/a>\n        <\/div>\n\t\t\t\t\t\t\t<\/div> \n\t\t\t\n                            \n\t\t\t\t<div id=\"ngg-image-5\" class=\"ngg-gallery-thumbnail-box\" >\n\t\t\t\t        <div class=\"ngg-gallery-thumbnail\">\n            <a href=\"https:\/\/www.freimarianne.ch\/wp-content\/gallery\/hochwacht-12-5-22\/IMG_0254.jpeg\"\n               title=\"auf der anderen Seite des Tunnels; Niesen und Stockhornkette\"\n               data-src=\"https:\/\/www.freimarianne.ch\/wp-content\/gallery\/hochwacht-12-5-22\/IMG_0254.jpeg\"\n               data-thumbnail=\"https:\/\/www.freimarianne.ch\/wp-content\/gallery\/hochwacht-12-5-22\/thumbs\/thumbs_IMG_0254.jpeg\"\n               data-image-id=\"29141\"\n               data-title=\"IMG_0254\"\n               data-description=\"auf der anderen Seite des Tunnels; Niesen und Stockhornkette\"\n               data-image-slug=\"img_0254-6\"\n               class=\"shutterset_a29c871f477c05dc75787d389a80edce\">\n                <img\n                    title=\"IMG_0254\"\n                    alt=\"IMG_0254\"\n                    src=\"https:\/\/www.freimarianne.ch\/wp-content\/gallery\/hochwacht-12-5-22\/cache\/IMG_0254.jpeg-nggid0529141-ngg0dyn-100x75x100-00f0w010c010r110f110r010t010.jpeg\"\n                    width=\"100\"\n                    height=\"75\"\n                    style=\"max-width:100%;\"\n                \/>\n            <\/a>\n        <\/div>\n\t\t\t\t\t\t\t<\/div> \n\t\t\t\n                            \n\t\t\t\t<div id=\"ngg-image-6\" class=\"ngg-gallery-thumbnail-box\" >\n\t\t\t\t        <div class=\"ngg-gallery-thumbnail\">\n            <a href=\"https:\/\/www.freimarianne.ch\/wp-content\/gallery\/hochwacht-12-5-22\/IMG_0255.jpeg\"\n               title=\"wundersch\u00f6ne Landschaft\"\n               data-src=\"https:\/\/www.freimarianne.ch\/wp-content\/gallery\/hochwacht-12-5-22\/IMG_0255.jpeg\"\n               data-thumbnail=\"https:\/\/www.freimarianne.ch\/wp-content\/gallery\/hochwacht-12-5-22\/thumbs\/thumbs_IMG_0255.jpeg\"\n               data-image-id=\"29145\"\n               data-title=\"IMG_0255\"\n               data-description=\"wundersch\u00f6ne Landschaft\"\n               data-image-slug=\"img_0255-8\"\n               class=\"shutterset_a29c871f477c05dc75787d389a80edce\">\n                <img\n                    title=\"IMG_0255\"\n                    alt=\"IMG_0255\"\n                    src=\"https:\/\/www.freimarianne.ch\/wp-content\/gallery\/hochwacht-12-5-22\/cache\/IMG_0255.jpeg-nggid0529145-ngg0dyn-100x75x100-00f0w010c010r110f110r010t010.jpeg\"\n                    width=\"100\"\n                    height=\"75\"\n                    style=\"max-width:100%;\"\n                \/>\n            <\/a>\n        <\/div>\n\t\t\t\t\t\t\t<\/div> \n\t\t\t\n                            \n\t\t\t\t<div id=\"ngg-image-7\" class=\"ngg-gallery-thumbnail-box\" >\n\t\t\t\t        <div class=\"ngg-gallery-thumbnail\">\n            <a href=\"https:\/\/www.freimarianne.ch\/wp-content\/gallery\/hochwacht-12-5-22\/IMG_0261.jpeg\"\n               title=\"unterwegs zum Hint. Girsgrat\"\n               data-src=\"https:\/\/www.freimarianne.ch\/wp-content\/gallery\/hochwacht-12-5-22\/IMG_0261.jpeg\"\n               data-thumbnail=\"https:\/\/www.freimarianne.ch\/wp-content\/gallery\/hochwacht-12-5-22\/thumbs\/thumbs_IMG_0261.jpeg\"\n               data-image-id=\"29142\"\n               data-title=\"IMG_0261\"\n               data-description=\"unterwegs zum Hint. Girsgrat\"\n               data-image-slug=\"img_0261-7\"\n               class=\"shutterset_a29c871f477c05dc75787d389a80edce\">\n                <img\n                    title=\"IMG_0261\"\n                    alt=\"IMG_0261\"\n                    src=\"https:\/\/www.freimarianne.ch\/wp-content\/gallery\/hochwacht-12-5-22\/cache\/IMG_0261.jpeg-nggid0529142-ngg0dyn-100x75x100-00f0w010c010r110f110r010t010.jpeg\"\n                    width=\"100\"\n                    height=\"75\"\n                    style=\"max-width:100%;\"\n                \/>\n            <\/a>\n        <\/div>\n\t\t\t\t\t\t\t<\/div> \n\t\t\t\n                                    <br style=\"clear: both\" \/>\n                    \n\t\t\t\t<div id=\"ngg-image-8\" class=\"ngg-gallery-thumbnail-box\" >\n\t\t\t\t        <div class=\"ngg-gallery-thumbnail\">\n            <a href=\"https:\/\/www.freimarianne.ch\/wp-content\/gallery\/hochwacht-12-5-22\/IMG_0264.jpeg\"\n               title=\"unterwegs hinunter nach Eggiwil\"\n               data-src=\"https:\/\/www.freimarianne.ch\/wp-content\/gallery\/hochwacht-12-5-22\/IMG_0264.jpeg\"\n               data-thumbnail=\"https:\/\/www.freimarianne.ch\/wp-content\/gallery\/hochwacht-12-5-22\/thumbs\/thumbs_IMG_0264.jpeg\"\n               data-image-id=\"29146\"\n               data-title=\"IMG_0264\"\n               data-description=\"unterwegs hinunter nach Eggiwil\"\n               data-image-slug=\"img_0264-2\"\n               class=\"shutterset_a29c871f477c05dc75787d389a80edce\">\n                <img\n                    title=\"IMG_0264\"\n                    alt=\"IMG_0264\"\n                    src=\"https:\/\/www.freimarianne.ch\/wp-content\/gallery\/hochwacht-12-5-22\/cache\/IMG_0264.jpeg-nggid0529146-ngg0dyn-100x75x100-00f0w010c010r110f110r010t010.jpeg\"\n                    width=\"100\"\n                    height=\"75\"\n                    style=\"max-width:100%;\"\n                \/>\n            <\/a>\n        <\/div>\n\t\t\t\t\t\t\t<\/div> \n\t\t\t\n                            \n\t\t\n\t\t<!-- Pagination -->\n\t<div class='ngg-clear'><\/div>\t<\/div>\n\n\n\n\n<!-- index.php -->\n<div\n\tclass=\"ngg-galleryoverview ngg-ajax-pagination-none\"\n\tid=\"ngg-gallery-e021708d65c9dd334647182b54850536-1\">\n\n    \t<div class=\"slideshowlink\">\n        <a href='https:\/\/www.freimarianne.ch\/index.php\/nggallery\/slideshow?page_id=59577'>[Show as slideshow]<\/a>\n\t\t\n\t<\/div>\n\t\t\t<!-- Thumbnails -->\n\t\t\t\t<div id=\"ngg-image-0\" class=\"ngg-gallery-thumbnail-box\" >\n\t\t\t\t        <div class=\"ngg-gallery-thumbnail\">\n            <a href=\"https:\/\/www.freimarianne.ch\/wp-content\/gallery\/hochwacht-iph-12-5-22\/IMG_0920.jpeg\"\n               title=\"Sicht vom Hochwacht Aussichtspunkt\"\n               data-src=\"https:\/\/www.freimarianne.ch\/wp-content\/gallery\/hochwacht-iph-12-5-22\/IMG_0920.jpeg\"\n               data-thumbnail=\"https:\/\/www.freimarianne.ch\/wp-content\/gallery\/hochwacht-iph-12-5-22\/thumbs\/thumbs_IMG_0920.jpeg\"\n               data-image-id=\"29151\"\n               data-title=\"IMG_0920\"\n               data-description=\"Sicht vom Hochwacht Aussichtspunkt\"\n               data-image-slug=\"img_0920-2\"\n               class=\"shutterset_e021708d65c9dd334647182b54850536\">\n                <img\n                    title=\"IMG_0920\"\n                    alt=\"IMG_0920\"\n                    src=\"https:\/\/www.freimarianne.ch\/wp-content\/gallery\/hochwacht-iph-12-5-22\/cache\/IMG_0920.jpeg-nggid0529151-ngg0dyn-100x75x100-00f0w010c010r110f110r010t010.jpeg\"\n                    width=\"100\"\n                    height=\"56\"\n                    style=\"max-width:100%;\"\n                \/>\n            <\/a>\n        <\/div>\n\t\t\t\t\t\t\t<\/div> \n\t\t\t\n                            \n\t\t\t\t<div id=\"ngg-image-1\" class=\"ngg-gallery-thumbnail-box\" >\n\t\t\t\t        <div class=\"ngg-gallery-thumbnail\">\n            <a href=\"https:\/\/www.freimarianne.ch\/wp-content\/gallery\/hochwacht-iph-12-5-22\/IMG_0910.jpeg\"\n               title=\"unterwegs \u00fcber die Hochwacht\"\n               data-src=\"https:\/\/www.freimarianne.ch\/wp-content\/gallery\/hochwacht-iph-12-5-22\/IMG_0910.jpeg\"\n               data-thumbnail=\"https:\/\/www.freimarianne.ch\/wp-content\/gallery\/hochwacht-iph-12-5-22\/thumbs\/thumbs_IMG_0910.jpeg\"\n               data-image-id=\"29155\"\n               data-title=\"IMG_0910\"\n               data-description=\"unterwegs \u00fcber die Hochwacht\"\n               data-image-slug=\"img_0910-1\"\n               class=\"shutterset_e021708d65c9dd334647182b54850536\">\n                <img\n                    title=\"IMG_0910\"\n                    alt=\"IMG_0910\"\n                    src=\"https:\/\/www.freimarianne.ch\/wp-content\/gallery\/hochwacht-iph-12-5-22\/cache\/IMG_0910.jpeg-nggid0529155-ngg0dyn-100x75x100-00f0w010c010r110f110r010t010.jpeg\"\n                    width=\"100\"\n                    height=\"75\"\n                    style=\"max-width:100%;\"\n                \/>\n            <\/a>\n        <\/div>\n\t\t\t\t\t\t\t<\/div> \n\t\t\t\n                            \n\t\t\t\t<div id=\"ngg-image-2\" class=\"ngg-gallery-thumbnail-box\" >\n\t\t\t\t        <div class=\"ngg-gallery-thumbnail\">\n            <a href=\"https:\/\/www.freimarianne.ch\/wp-content\/gallery\/hochwacht-iph-12-5-22\/IMG_0917.jpeg\"\n               title=\"Sicht vom Picknickplatz; li Hohgant Kette; hi  Mittagshorn;mi Sigriswiler Rothornkette; re Vord.Lohner und Niesen\"\n               data-src=\"https:\/\/www.freimarianne.ch\/wp-content\/gallery\/hochwacht-iph-12-5-22\/IMG_0917.jpeg\"\n               data-thumbnail=\"https:\/\/www.freimarianne.ch\/wp-content\/gallery\/hochwacht-iph-12-5-22\/thumbs\/thumbs_IMG_0917.jpeg\"\n               data-image-id=\"29153\"\n               data-title=\"IMG_0917\"\n               data-description=\"Sicht vom Picknickplatz; li Hohgant Kette; hi  Mittagshorn;mi Sigriswiler Rothornkette; re Vord.Lohner und Niesen\"\n               data-image-slug=\"img_0917-3\"\n               class=\"shutterset_e021708d65c9dd334647182b54850536\">\n                <img\n                    title=\"IMG_0917\"\n                    alt=\"IMG_0917\"\n                    src=\"https:\/\/www.freimarianne.ch\/wp-content\/gallery\/hochwacht-iph-12-5-22\/cache\/IMG_0917.jpeg-nggid0529153-ngg0dyn-100x75x100-00f0w010c010r110f110r010t010.jpeg\"\n                    width=\"100\"\n                    height=\"57\"\n                    style=\"max-width:100%;\"\n                \/>\n            <\/a>\n        <\/div>\n\t\t\t\t\t\t\t<\/div> \n\t\t\t\n                            \n\t\t\t\t<div id=\"ngg-image-3\" class=\"ngg-gallery-thumbnail-box\" >\n\t\t\t\t        <div class=\"ngg-gallery-thumbnail\">\n            <a href=\"https:\/\/www.freimarianne.ch\/wp-content\/gallery\/hochwacht-iph-12-5-22\/IMG_0914.jpeg\"\n               title=\"\"\n               data-src=\"https:\/\/www.freimarianne.ch\/wp-content\/gallery\/hochwacht-iph-12-5-22\/IMG_0914.jpeg\"\n               data-thumbnail=\"https:\/\/www.freimarianne.ch\/wp-content\/gallery\/hochwacht-iph-12-5-22\/thumbs\/thumbs_IMG_0914.jpeg\"\n               data-image-id=\"29152\"\n               data-title=\"IMG_0914\"\n               data-description=\"\"\n               data-image-slug=\"img_0914-4\"\n               class=\"shutterset_e021708d65c9dd334647182b54850536\">\n                <img\n                    title=\"IMG_0914\"\n                    alt=\"IMG_0914\"\n                    src=\"https:\/\/www.freimarianne.ch\/wp-content\/gallery\/hochwacht-iph-12-5-22\/cache\/IMG_0914.jpeg-nggid0529152-ngg0dyn-100x75x100-00f0w010c010r110f110r010t010.jpeg\"\n                    width=\"100\"\n                    height=\"56\"\n                    style=\"max-width:100%;\"\n                \/>\n            <\/a>\n        <\/div>\n\t\t\t\t\t\t\t<\/div> \n\t\t\t\n                                    <br style=\"clear: both\" \/>\n                    \n\t\t\t\t<div id=\"ngg-image-4\" class=\"ngg-gallery-thumbnail-box\" >\n\t\t\t\t        <div class=\"ngg-gallery-thumbnail\">\n            <a href=\"https:\/\/www.freimarianne.ch\/wp-content\/gallery\/hochwacht-iph-12-5-22\/IMG_0912.jpeg\"\n               title=\"li Schrattenflue mit Schibenstoll;  mi hi Tannhorn; re Hohgant\"\n               data-src=\"https:\/\/www.freimarianne.ch\/wp-content\/gallery\/hochwacht-iph-12-5-22\/IMG_0912.jpeg\"\n               data-thumbnail=\"https:\/\/www.freimarianne.ch\/wp-content\/gallery\/hochwacht-iph-12-5-22\/thumbs\/thumbs_IMG_0912.jpeg\"\n               data-image-id=\"29154\"\n               data-title=\"IMG_0912\"\n               data-description=\"li Schrattenflue mit Schibenstoll;  mi hi Tannhorn; re Hohgant\"\n               data-image-slug=\"img_0912\"\n               class=\"shutterset_e021708d65c9dd334647182b54850536\">\n                <img\n                    title=\"IMG_0912\"\n                    alt=\"IMG_0912\"\n                    src=\"https:\/\/www.freimarianne.ch\/wp-content\/gallery\/hochwacht-iph-12-5-22\/cache\/IMG_0912.jpeg-nggid0529154-ngg0dyn-100x75x100-00f0w010c010r110f110r010t010.jpeg\"\n                    width=\"100\"\n                    height=\"56\"\n                    style=\"max-width:100%;\"\n                \/>\n            <\/a>\n        <\/div>\n\t\t\t\t\t\t\t<\/div> \n\t\t\t\n                            \n\t\t\t\t<div id=\"ngg-image-5\" class=\"ngg-gallery-thumbnail-box\" >\n\t\t\t\t        <div class=\"ngg-gallery-thumbnail\">\n            <a href=\"https:\/\/www.freimarianne.ch\/wp-content\/gallery\/hochwacht-iph-12-5-22\/IMG_0913.jpeg\"\n               title=\"li Schrattenflue mit Schibenstoll; re Hohgant\"\n               data-src=\"https:\/\/www.freimarianne.ch\/wp-content\/gallery\/hochwacht-iph-12-5-22\/IMG_0913.jpeg\"\n               data-thumbnail=\"https:\/\/www.freimarianne.ch\/wp-content\/gallery\/hochwacht-iph-12-5-22\/thumbs\/thumbs_IMG_0913.jpeg\"\n               data-image-id=\"29150\"\n               data-title=\"IMG_0913\"\n               data-description=\"li Schrattenflue mit Schibenstoll; re Hohgant\"\n               data-image-slug=\"img_0913-4\"\n               class=\"shutterset_e021708d65c9dd334647182b54850536\">\n                <img\n                    title=\"IMG_0913\"\n                    alt=\"IMG_0913\"\n                    src=\"https:\/\/www.freimarianne.ch\/wp-content\/gallery\/hochwacht-iph-12-5-22\/cache\/IMG_0913.jpeg-nggid0529150-ngg0dyn-100x75x100-00f0w010c010r110f110r010t010.jpeg\"\n                    width=\"100\"\n                    height=\"56\"\n                    style=\"max-width:100%;\"\n                \/>\n            <\/a>\n        <\/div>\n\t\t\t\t\t\t\t<\/div> \n\t\t\t\n                            \n\t\t\n\t\t<!-- Pagination -->\n\t<div class='ngg-clear'><\/div>\t<\/div>\n\n","protected":false},"excerpt":{"rendered":"<p>Wanderung von Langnau i.E. nach Eggiwil mit den Novartis Berg&amp;Ski Club Dieses Jahr k\u00f6nnen wir die Hochwacht Wanderung durchf\u00fchren, nachdem ich sie letztes Jahr absagen musste. Wir sind heute nur 6 Personen. In Langnau i.E. laufen wir gleich los, \u00fcberqueren die Ilfis und befinden uns dann bereits auf einen schmalen Wanderweg, der oberhalb des Flusses [&hellip;]<\/p>\n","protected":false},"author":1,"featured_media":0,"parent":59150,"menu_order":16,"comment_status":"closed","ping_status":"closed","template":"","meta":{"ngg_post_thumbnail":0},"_links":{"self":[{"href":"https:\/\/www.freimarianne.ch\/index.php?rest_route=\/wp\/v2\/pages\/59577"}],"collection":[{"href":"https:\/\/www.freimarianne.ch\/index.php?rest_route=\/wp\/v2\/pages"}],"about":[{"href":"https:\/\/www.freimarianne.ch\/index.php?rest_route=\/wp\/v2\/types\/page"}],"author":[{"embeddable":true,"href":"https:\/\/www.freimarianne.ch\/index.php?rest_route=\/wp\/v2\/users\/1"}],"replies":[{"embeddable":true,"href":"https:\/\/www.freimarianne.ch\/index.php?rest_route=%2Fwp%2Fv2%2Fcomments&post=59577"}],"version-history":[{"count":2,"href":"https:\/\/www.freimarianne.ch\/index.php?rest_route=\/wp\/v2\/pages\/59577\/revisions"}],"predecessor-version":[{"id":59803,"href":"https:\/\/www.freimarianne.ch\/index.php?rest_route=\/wp\/v2\/pages\/59577\/revisions\/59803"}],"up":[{"embeddable":true,"href":"https:\/\/www.freimarianne.ch\/index.php?rest_route=\/wp\/v2\/pages\/59150"}],"wp:attachment":[{"href":"https:\/\/www.freimarianne.ch\/index.php?rest_route=%2Fwp%2Fv2%2Fmedia&parent=59577"}],"curies":[{"name":"wp","href":"https:\/\/api.w.org\/{rel}","templated":true}]}}