{"id":60360,"date":"2022-07-28T13:52:41","date_gmt":"2022-07-28T12:52:41","guid":{"rendered":"http:\/\/www.freimarianne.ch\/?page_id=60360"},"modified":"2022-08-20T10:38:37","modified_gmt":"2022-08-20T09:38:37","slug":"filisur-wiesner-viadukt-gr-19-7-2022","status":"publish","type":"page","link":"https:\/\/www.freimarianne.ch\/?page_id=60360","title":{"rendered":"Filisur &#8211; Wiesner Viadukt  GR  19.7.2022"},"content":{"rendered":"\n<p><strong>Von Filisur durch die Landwasser Schlucht; \u00fcber das Wiesner Viadukt zur\u00fcck nach Filisur<\/strong><\/p>\n\n\n\n<p><strong>mit der Gruppe Alpenblick<\/strong><\/p>\n\n\n<div id=\"attachment_60350\" style=\"width: 510px\" class=\"wp-caption alignleft\"><img aria-describedby=\"caption-attachment-60350\" loading=\"lazy\" class=\"size-full wp-image-60350\" src=\"http:\/\/www.freimarianne.ch\/wp-content\/uploads\/2022\/07\/IMG_1415_filisur-19.7._500.jpeg\" alt=\"\" width=\"500\" height=\"399\" srcset=\"https:\/\/www.freimarianne.ch\/wp-content\/uploads\/2022\/07\/IMG_1415_filisur-19.7._500.jpeg 500w, https:\/\/www.freimarianne.ch\/wp-content\/uploads\/2022\/07\/IMG_1415_filisur-19.7._500-300x239.jpeg 300w, https:\/\/www.freimarianne.ch\/wp-content\/uploads\/2022\/07\/IMG_1415_filisur-19.7._500-376x300.jpeg 376w\" sizes=\"(max-width: 500px) 100vw, 500px\" \/><p id=\"caption-attachment-60350\" class=\"wp-caption-text\">Landwasser Viadukt<\/p><\/div>\n<p>Heute k\u00f6nnen wir die vorgelaufene Filisur Wanderung mit der kleinen Alpenblick Gruppe durchf\u00fchren!<br>\nLaut Wetterbericht k\u00f6nnte der heutige Tag der w\u00e4rmste des Sommers 2022 werden ! Wir sind jedenfalls mit gen\u00fcgend Getr\u00e4nken unterwegs!<br>\nDer erste H\u00f6hepunkt der Wanderung ist das Landwasser Viadukt, unter welchem wir stehen. Als wir an diesen Ort gelangen, f\u00e4hrt sogar ein Zug \u00fcber die imposante Br\u00fccke!<\/p>\n<p>Wir sind froh um den Schatten in der Landwasser Schlucht ! Aber es gibt vor allem beim Aufstieg einige besonnte Stellen. Auch die Bahnstation Wiesen liegt an der Sonne. Zum Gl\u00fcck gibt es hier einen Brunnen und ein Restaurant. An einem Schattenplatz geniessen wir unsere diversen Getr\u00e4nke. Die zweite Etappe der Wanderung f\u00fchrt \u00fcber das Wiesner Viadukt zu einem Aussichtspunkt im Wald. Auch hier sehen wir ganz kurz den Zug \u00fcber die Br\u00fccke fahren. Noch folgt eine leichter Aufstieg, der aber im Bergwald erfolgt. Alle geniessen diesen sch\u00f6ne Wegabschnitt im Bergwald.<\/p>\n<p>Sp\u00e4ter haben wir noch Zeit f\u00fcr einen Halt auf einer Wiese (im Schatten eines Baumes). Dann steigen wir hinunter nach Filisur, wo wir um 16.01h den Zug besteigen k\u00f6nnen.<\/p>\n<p>Alle scheinen diese Wanderung trotz der Hitze gut \u00fcberstanden zu haben.<\/p>\n<p>Danke Brigitte f\u00fcr das Organisieren!<\/p>\n<p>Laut Schweizmobil:<\/p>\n<p>Distanz: 12.40km; Aufstieg=Abstieg: 528m; Wanderzeit: 3h 45min<\/p>\n<p><a href=\"https:\/\/map.schweizmobil.ch\/?lang=de&amp;photos=yes&amp;logo=yes&amp;detours=yes&amp;season=summer&amp;resolution=14.41&amp;E=2789927&amp;N=1160457&amp;bgLayer=pk&amp;trackId=1583579778\">Karte Schweizmobil:<\/a><\/p>\n<p>&nbsp;<\/p>\n<p>&nbsp;<\/p>\n\n\n<!-- index.php -->\n<div\n\tclass=\"ngg-galleryoverview ngg-ajax-pagination-none\"\n\tid=\"ngg-gallery-f7724d5e007251668616507e5483b6c6-1\">\n\n    \t<div class=\"slideshowlink\">\n        <a href='https:\/\/www.freimarianne.ch\/index.php\/nggallery\/slideshow?page_id=60360'>[Show as slideshow]<\/a>\n\t\t\n\t<\/div>\n\t\t\t<!-- Thumbnails -->\n\t\t\t\t<div id=\"ngg-image-0\" class=\"ngg-gallery-thumbnail-box\" >\n\t\t\t\t        <div class=\"ngg-gallery-thumbnail\">\n            <a href=\"https:\/\/www.freimarianne.ch\/wp-content\/gallery\/filisur-19-7-22\/IMG_1414.jpeg\"\n               title=\"Landwasser Viadukt\"\n               data-src=\"https:\/\/www.freimarianne.ch\/wp-content\/gallery\/filisur-19-7-22\/IMG_1414.jpeg\"\n               data-thumbnail=\"https:\/\/www.freimarianne.ch\/wp-content\/gallery\/filisur-19-7-22\/thumbs\/thumbs_IMG_1414.jpeg\"\n               data-image-id=\"29746\"\n               data-title=\"IMG_1414\"\n               data-description=\"Landwasser Viadukt\"\n               data-image-slug=\"img_1414-1\"\n               class=\"shutterset_f7724d5e007251668616507e5483b6c6\">\n                <img\n                    title=\"IMG_1414\"\n                    alt=\"IMG_1414\"\n                    src=\"https:\/\/www.freimarianne.ch\/wp-content\/gallery\/filisur-19-7-22\/cache\/IMG_1414.jpeg-nggid0529746-ngg0dyn-100x75x100-00f0w010c010r110f110r010t010.jpeg\"\n                    width=\"100\"\n                    height=\"67\"\n                    style=\"max-width:100%;\"\n                \/>\n            <\/a>\n        <\/div>\n\t\t\t\t\t\t\t<\/div> \n\t\t\t\n                            \n\t\t\t\t<div id=\"ngg-image-1\" class=\"ngg-gallery-thumbnail-box\" >\n\t\t\t\t        <div class=\"ngg-gallery-thumbnail\">\n            <a href=\"https:\/\/www.freimarianne.ch\/wp-content\/gallery\/filisur-19-7-22\/IMG_1416.jpeg\"\n               title=\"Landwasser Schlucht\"\n               data-src=\"https:\/\/www.freimarianne.ch\/wp-content\/gallery\/filisur-19-7-22\/IMG_1416.jpeg\"\n               data-thumbnail=\"https:\/\/www.freimarianne.ch\/wp-content\/gallery\/filisur-19-7-22\/thumbs\/thumbs_IMG_1416.jpeg\"\n               data-image-id=\"29745\"\n               data-title=\"IMG_1416\"\n               data-description=\"Landwasser Schlucht\"\n               data-image-slug=\"img_1416-4\"\n               class=\"shutterset_f7724d5e007251668616507e5483b6c6\">\n                <img\n                    title=\"IMG_1416\"\n                    alt=\"IMG_1416\"\n                    src=\"https:\/\/www.freimarianne.ch\/wp-content\/gallery\/filisur-19-7-22\/cache\/IMG_1416.jpeg-nggid0529745-ngg0dyn-100x75x100-00f0w010c010r110f110r010t010.jpeg\"\n                    width=\"100\"\n                    height=\"75\"\n                    style=\"max-width:100%;\"\n                \/>\n            <\/a>\n        <\/div>\n\t\t\t\t\t\t\t<\/div> \n\t\t\t\n                            \n\t\t\t\t<div id=\"ngg-image-2\" class=\"ngg-gallery-thumbnail-box\" >\n\t\t\t\t        <div class=\"ngg-gallery-thumbnail\">\n            <a href=\"https:\/\/www.freimarianne.ch\/wp-content\/gallery\/filisur-19-7-22\/IMG_1418.jpeg\"\n               title=\"Landwasser Schlucht\"\n               data-src=\"https:\/\/www.freimarianne.ch\/wp-content\/gallery\/filisur-19-7-22\/IMG_1418.jpeg\"\n               data-thumbnail=\"https:\/\/www.freimarianne.ch\/wp-content\/gallery\/filisur-19-7-22\/thumbs\/thumbs_IMG_1418.jpeg\"\n               data-image-id=\"29747\"\n               data-title=\"IMG_1418\"\n               data-description=\"Landwasser Schlucht\"\n               data-image-slug=\"img_1418\"\n               class=\"shutterset_f7724d5e007251668616507e5483b6c6\">\n                <img\n                    title=\"IMG_1418\"\n                    alt=\"IMG_1418\"\n                    src=\"https:\/\/www.freimarianne.ch\/wp-content\/gallery\/filisur-19-7-22\/cache\/IMG_1418.jpeg-nggid0529747-ngg0dyn-100x75x100-00f0w010c010r110f110r010t010.jpeg\"\n                    width=\"100\"\n                    height=\"75\"\n                    style=\"max-width:100%;\"\n                \/>\n            <\/a>\n        <\/div>\n\t\t\t\t\t\t\t<\/div> \n\t\t\t\n                            \n\t\t\t\t<div id=\"ngg-image-3\" class=\"ngg-gallery-thumbnail-box\" >\n\t\t\t\t        <div class=\"ngg-gallery-thumbnail\">\n            <a href=\"https:\/\/www.freimarianne.ch\/wp-content\/gallery\/filisur-19-7-22\/IMG_1419.jpeg\"\n               title=\"Landwasser Schlucht\"\n               data-src=\"https:\/\/www.freimarianne.ch\/wp-content\/gallery\/filisur-19-7-22\/IMG_1419.jpeg\"\n               data-thumbnail=\"https:\/\/www.freimarianne.ch\/wp-content\/gallery\/filisur-19-7-22\/thumbs\/thumbs_IMG_1419.jpeg\"\n               data-image-id=\"29740\"\n               data-title=\"IMG_1419\"\n               data-description=\"Landwasser Schlucht\"\n               data-image-slug=\"img_1419-4\"\n               class=\"shutterset_f7724d5e007251668616507e5483b6c6\">\n                <img\n                    title=\"IMG_1419\"\n                    alt=\"IMG_1419\"\n                    src=\"https:\/\/www.freimarianne.ch\/wp-content\/gallery\/filisur-19-7-22\/cache\/IMG_1419.jpeg-nggid0529740-ngg0dyn-100x75x100-00f0w010c010r110f110r010t010.jpeg\"\n                    width=\"100\"\n                    height=\"75\"\n                    style=\"max-width:100%;\"\n                \/>\n            <\/a>\n        <\/div>\n\t\t\t\t\t\t\t<\/div> \n\t\t\t\n                                    <br style=\"clear: both\" \/>\n                    \n\t\t\t\t<div id=\"ngg-image-4\" class=\"ngg-gallery-thumbnail-box\" >\n\t\t\t\t        <div class=\"ngg-gallery-thumbnail\">\n            <a href=\"https:\/\/www.freimarianne.ch\/wp-content\/gallery\/filisur-19-7-22\/IMG_1420.jpeg\"\n               title=\"Landwasser Schlucht\"\n               data-src=\"https:\/\/www.freimarianne.ch\/wp-content\/gallery\/filisur-19-7-22\/IMG_1420.jpeg\"\n               data-thumbnail=\"https:\/\/www.freimarianne.ch\/wp-content\/gallery\/filisur-19-7-22\/thumbs\/thumbs_IMG_1420.jpeg\"\n               data-image-id=\"29742\"\n               data-title=\"IMG_1420\"\n               data-description=\"Landwasser Schlucht\"\n               data-image-slug=\"img_1420-3\"\n               class=\"shutterset_f7724d5e007251668616507e5483b6c6\">\n                <img\n                    title=\"IMG_1420\"\n                    alt=\"IMG_1420\"\n                    src=\"https:\/\/www.freimarianne.ch\/wp-content\/gallery\/filisur-19-7-22\/cache\/IMG_1420.jpeg-nggid0529742-ngg0dyn-100x75x100-00f0w010c010r110f110r010t010.jpeg\"\n                    width=\"100\"\n                    height=\"75\"\n                    style=\"max-width:100%;\"\n                \/>\n            <\/a>\n        <\/div>\n\t\t\t\t\t\t\t<\/div> \n\t\t\t\n                            \n\t\t\t\t<div id=\"ngg-image-5\" class=\"ngg-gallery-thumbnail-box\" >\n\t\t\t\t        <div class=\"ngg-gallery-thumbnail\">\n            <a href=\"https:\/\/www.freimarianne.ch\/wp-content\/gallery\/filisur-19-7-22\/IMG_1423.jpeg\"\n               title=\"Picknickplatz am Landwasser\"\n               data-src=\"https:\/\/www.freimarianne.ch\/wp-content\/gallery\/filisur-19-7-22\/IMG_1423.jpeg\"\n               data-thumbnail=\"https:\/\/www.freimarianne.ch\/wp-content\/gallery\/filisur-19-7-22\/thumbs\/thumbs_IMG_1423.jpeg\"\n               data-image-id=\"29743\"\n               data-title=\"IMG_1423\"\n               data-description=\"Picknickplatz am Landwasser\"\n               data-image-slug=\"img_1423-6\"\n               class=\"shutterset_f7724d5e007251668616507e5483b6c6\">\n                <img\n                    title=\"IMG_1423\"\n                    alt=\"IMG_1423\"\n                    src=\"https:\/\/www.freimarianne.ch\/wp-content\/gallery\/filisur-19-7-22\/cache\/IMG_1423.jpeg-nggid0529743-ngg0dyn-100x75x100-00f0w010c010r110f110r010t010.jpeg\"\n                    width=\"100\"\n                    height=\"72\"\n                    style=\"max-width:100%;\"\n                \/>\n            <\/a>\n        <\/div>\n\t\t\t\t\t\t\t<\/div> \n\t\t\t\n                            \n\t\t\t\t<div id=\"ngg-image-6\" class=\"ngg-gallery-thumbnail-box\" >\n\t\t\t\t        <div class=\"ngg-gallery-thumbnail\">\n            <a href=\"https:\/\/www.freimarianne.ch\/wp-content\/gallery\/filisur-19-7-22\/IMG_1427.jpeg\"\n               title=\"\u00fcber das Wiesner Viadukt\"\n               data-src=\"https:\/\/www.freimarianne.ch\/wp-content\/gallery\/filisur-19-7-22\/IMG_1427.jpeg\"\n               data-thumbnail=\"https:\/\/www.freimarianne.ch\/wp-content\/gallery\/filisur-19-7-22\/thumbs\/thumbs_IMG_1427.jpeg\"\n               data-image-id=\"29741\"\n               data-title=\"IMG_1427\"\n               data-description=\"\u00fcber das Wiesner Viadukt\"\n               data-image-slug=\"img_1427-6\"\n               class=\"shutterset_f7724d5e007251668616507e5483b6c6\">\n                <img\n                    title=\"IMG_1427\"\n                    alt=\"IMG_1427\"\n                    src=\"https:\/\/www.freimarianne.ch\/wp-content\/gallery\/filisur-19-7-22\/cache\/IMG_1427.jpeg-nggid0529741-ngg0dyn-100x75x100-00f0w010c010r110f110r010t010.jpeg\"\n                    width=\"100\"\n                    height=\"69\"\n                    style=\"max-width:100%;\"\n                \/>\n            <\/a>\n        <\/div>\n\t\t\t\t\t\t\t<\/div> \n\t\t\t\n                            \n\t\t\t\t<div id=\"ngg-image-7\" class=\"ngg-gallery-thumbnail-box\" >\n\t\t\t\t        <div class=\"ngg-gallery-thumbnail\">\n            <a href=\"https:\/\/www.freimarianne.ch\/wp-content\/gallery\/filisur-19-7-22\/IMG_1428.jpeg\"\n               title=\"Blick in die Landwasserschlucht\"\n               data-src=\"https:\/\/www.freimarianne.ch\/wp-content\/gallery\/filisur-19-7-22\/IMG_1428.jpeg\"\n               data-thumbnail=\"https:\/\/www.freimarianne.ch\/wp-content\/gallery\/filisur-19-7-22\/thumbs\/thumbs_IMG_1428.jpeg\"\n               data-image-id=\"29744\"\n               data-title=\"IMG_1428\"\n               data-description=\"Blick in die Landwasserschlucht\"\n               data-image-slug=\"img_1428-7\"\n               class=\"shutterset_f7724d5e007251668616507e5483b6c6\">\n                <img\n                    title=\"IMG_1428\"\n                    alt=\"IMG_1428\"\n                    src=\"https:\/\/www.freimarianne.ch\/wp-content\/gallery\/filisur-19-7-22\/cache\/IMG_1428.jpeg-nggid0529744-ngg0dyn-100x75x100-00f0w010c010r110f110r010t010.jpeg\"\n                    width=\"56\"\n                    height=\"75\"\n                    style=\"max-width:100%;\"\n                \/>\n            <\/a>\n        <\/div>\n\t\t\t\t\t\t\t<\/div> \n\t\t\t\n                                    <br style=\"clear: both\" \/>\n                    \n\t\t\t\t<div id=\"ngg-image-8\" class=\"ngg-gallery-thumbnail-box\" >\n\t\t\t\t        <div class=\"ngg-gallery-thumbnail\">\n            <a href=\"https:\/\/www.freimarianne.ch\/wp-content\/gallery\/filisur-19-7-22\/IMG_1429.jpeg\"\n               title=\"das Wiesner viaduktj\"\n               data-src=\"https:\/\/www.freimarianne.ch\/wp-content\/gallery\/filisur-19-7-22\/IMG_1429.jpeg\"\n               data-thumbnail=\"https:\/\/www.freimarianne.ch\/wp-content\/gallery\/filisur-19-7-22\/thumbs\/thumbs_IMG_1429.jpeg\"\n               data-image-id=\"29739\"\n               data-title=\"IMG_1429\"\n               data-description=\"das Wiesner viaduktj\"\n               data-image-slug=\"img_1429-4\"\n               class=\"shutterset_f7724d5e007251668616507e5483b6c6\">\n                <img\n                    title=\"IMG_1429\"\n                    alt=\"IMG_1429\"\n                    src=\"https:\/\/www.freimarianne.ch\/wp-content\/gallery\/filisur-19-7-22\/cache\/IMG_1429.jpeg-nggid0529739-ngg0dyn-100x75x100-00f0w010c010r110f110r010t010.jpeg\"\n                    width=\"91\"\n                    height=\"75\"\n                    style=\"max-width:100%;\"\n                \/>\n            <\/a>\n        <\/div>\n\t\t\t\t\t\t\t<\/div> \n\t\t\t\n                            \n\t\t\n\t\t<!-- Pagination -->\n\t<div class='ngg-clear'><\/div>\t<\/div>\n\n","protected":false},"excerpt":{"rendered":"<p>Von Filisur durch die Landwasser Schlucht; \u00fcber das Wiesner Viadukt zur\u00fcck nach Filisur mit der Gruppe Alpenblick Heute k\u00f6nnen wir die vorgelaufene Filisur Wanderung mit der kleinen Alpenblick Gruppe durchf\u00fchren! Laut Wetterbericht k\u00f6nnte der heutige Tag der w\u00e4rmste des Sommers 2022 werden ! Wir sind jedenfalls mit gen\u00fcgend Getr\u00e4nken unterwegs! Der erste H\u00f6hepunkt der Wanderung [&hellip;]<\/p>\n","protected":false},"author":1,"featured_media":0,"parent":59592,"menu_order":17,"comment_status":"closed","ping_status":"closed","template":"","meta":{"ngg_post_thumbnail":0},"_links":{"self":[{"href":"https:\/\/www.freimarianne.ch\/index.php?rest_route=\/wp\/v2\/pages\/60360"}],"collection":[{"href":"https:\/\/www.freimarianne.ch\/index.php?rest_route=\/wp\/v2\/pages"}],"about":[{"href":"https:\/\/www.freimarianne.ch\/index.php?rest_route=\/wp\/v2\/types\/page"}],"author":[{"embeddable":true,"href":"https:\/\/www.freimarianne.ch\/index.php?rest_route=\/wp\/v2\/users\/1"}],"replies":[{"embeddable":true,"href":"https:\/\/www.freimarianne.ch\/index.php?rest_route=%2Fwp%2Fv2%2Fcomments&post=60360"}],"version-history":[{"count":4,"href":"https:\/\/www.freimarianne.ch\/index.php?rest_route=\/wp\/v2\/pages\/60360\/revisions"}],"predecessor-version":[{"id":60534,"href":"https:\/\/www.freimarianne.ch\/index.php?rest_route=\/wp\/v2\/pages\/60360\/revisions\/60534"}],"up":[{"embeddable":true,"href":"https:\/\/www.freimarianne.ch\/index.php?rest_route=\/wp\/v2\/pages\/59592"}],"wp:attachment":[{"href":"https:\/\/www.freimarianne.ch\/index.php?rest_route=%2Fwp%2Fv2%2Fmedia&parent=60360"}],"curies":[{"name":"wp","href":"https:\/\/api.w.org\/{rel}","templated":true}]}}