{"id":61667,"date":"2023-02-25T09:09:37","date_gmt":"2023-02-25T08:09:37","guid":{"rendered":"http:\/\/www.freimarianne.ch\/?page_id=61667"},"modified":"2023-02-25T17:49:21","modified_gmt":"2023-02-25T16:49:21","slug":"saanenmoser-gstaad-be-29-1-2023","status":"publish","type":"page","link":"https:\/\/www.freimarianne.ch\/?page_id=61667","title":{"rendered":"Saanenm\u00f6ser &#8211; Gstaad   BE   29.1.2023"},"content":{"rendered":"\n<div class=\"wp-block-image is-style-default\"><figure class=\"alignleft\"><img loading=\"lazy\" width=\"500\" height=\"375\" src=\"http:\/\/www.freimarianne.ch\/wp-content\/uploads\/2023\/02\/IMG_3836._Gstaad_2.23_500.jpeg\" alt=\"\" class=\"wp-image-61652\" srcset=\"https:\/\/www.freimarianne.ch\/wp-content\/uploads\/2023\/02\/IMG_3836._Gstaad_2.23_500.jpeg 500w, https:\/\/www.freimarianne.ch\/wp-content\/uploads\/2023\/02\/IMG_3836._Gstaad_2.23_500-300x225.jpeg 300w, https:\/\/www.freimarianne.ch\/wp-content\/uploads\/2023\/02\/IMG_3836._Gstaad_2.23_500-400x300.jpeg 400w\" sizes=\"(max-width: 500px) 100vw, 500px\" \/><\/figure><\/div>\n\n\n<p>Heute Sonntag soll es endlich sonnig sein, was sehr viel Leute in die Berge lockt. Die Z\u00fcge sind entsprechend voll, sodass viele stehen m\u00fcssen.<br>Wir fahren nach Saanenm\u00f6ser und wandern gem\u00fctlich auf dem Winterwanderweg gegen Sch\u00f6nried.<br>Auf einer Bank halten wir unsere Mittagsrast und geniessen den Sonnenschein und das Panorama.<br>Dann geht es auf dem Winterwanderweg weiter, der uns in vielen Schlaufen hinunter nach Gstaad bringt.<\/p>\n<p>Dies war eine kurze aber immer wieder sehr sch\u00f6ne Genusswanderung.<\/p>\n<p><a href=\"_wp_link_placeholder\" data-wplink-edit=\"true\">Karte Schweizmobil:<\/a><\/p>\n<p>&nbsp;<\/p>\n<p>&nbsp;<\/p>\n<p>&nbsp;<\/p>\n\n\n<!-- index.php -->\n<div\n\tclass=\"ngg-galleryoverview ngg-ajax-pagination-none\"\n\tid=\"ngg-gallery-ddf7fdea03621c1c039d1d10983a83b1-1\">\n\n    \t<div class=\"slideshowlink\">\n        <a href='https:\/\/www.freimarianne.ch\/index.php\/nggallery\/slideshow?page_id=61667'>[Show as slideshow]<\/a>\n\t\t\n\t<\/div>\n\t\t\t<!-- Thumbnails -->\n\t\t\t\t<div id=\"ngg-image-0\" class=\"ngg-gallery-thumbnail-box\" >\n\t\t\t\t        <div class=\"ngg-gallery-thumbnail\">\n            <a href=\"https:\/\/www.freimarianne.ch\/wp-content\/gallery\/saanenmoser-29-1-23\/IMG_2903.jpeg\"\n               title=\"bei Sch\u00f6nried\"\n               data-src=\"https:\/\/www.freimarianne.ch\/wp-content\/gallery\/saanenmoser-29-1-23\/IMG_2903.jpeg\"\n               data-thumbnail=\"https:\/\/www.freimarianne.ch\/wp-content\/gallery\/saanenmoser-29-1-23\/thumbs\/thumbs_IMG_2903.jpeg\"\n               data-image-id=\"30819\"\n               data-title=\"IMG_2903\"\n               data-description=\"bei Sch\u00f6nried\"\n               data-image-slug=\"img_2903-2\"\n               class=\"shutterset_ddf7fdea03621c1c039d1d10983a83b1\">\n                <img\n                    title=\"IMG_2903\"\n                    alt=\"IMG_2903\"\n                    src=\"https:\/\/www.freimarianne.ch\/wp-content\/gallery\/saanenmoser-29-1-23\/cache\/IMG_2903.jpeg-nggid0530819-ngg0dyn-100x75x100-00f0w010c010r110f110r010t010.jpeg\"\n                    width=\"97\"\n                    height=\"75\"\n                    style=\"max-width:100%;\"\n                \/>\n            <\/a>\n        <\/div>\n\t\t\t\t\t\t\t<\/div> \n\t\t\t\n                            \n\t\t\t\t<div id=\"ngg-image-1\" class=\"ngg-gallery-thumbnail-box\" >\n\t\t\t\t        <div class=\"ngg-gallery-thumbnail\">\n            <a href=\"https:\/\/www.freimarianne.ch\/wp-content\/gallery\/saanenmoser-29-1-23\/IMG_2904.jpeg\"\n               title=\"bei Sch\u00f6nried\"\n               data-src=\"https:\/\/www.freimarianne.ch\/wp-content\/gallery\/saanenmoser-29-1-23\/IMG_2904.jpeg\"\n               data-thumbnail=\"https:\/\/www.freimarianne.ch\/wp-content\/gallery\/saanenmoser-29-1-23\/thumbs\/thumbs_IMG_2904.jpeg\"\n               data-image-id=\"30817\"\n               data-title=\"IMG_2904\"\n               data-description=\"bei Sch\u00f6nried\"\n               data-image-slug=\"img_2904-2\"\n               class=\"shutterset_ddf7fdea03621c1c039d1d10983a83b1\">\n                <img\n                    title=\"IMG_2904\"\n                    alt=\"IMG_2904\"\n                    src=\"https:\/\/www.freimarianne.ch\/wp-content\/gallery\/saanenmoser-29-1-23\/cache\/IMG_2904.jpeg-nggid0530817-ngg0dyn-100x75x100-00f0w010c010r110f110r010t010.jpeg\"\n                    width=\"93\"\n                    height=\"75\"\n                    style=\"max-width:100%;\"\n                \/>\n            <\/a>\n        <\/div>\n\t\t\t\t\t\t\t<\/div> \n\t\t\t\n                            \n\t\t\t\t<div id=\"ngg-image-2\" class=\"ngg-gallery-thumbnail-box\" >\n\t\t\t\t        <div class=\"ngg-gallery-thumbnail\">\n            <a href=\"https:\/\/www.freimarianne.ch\/wp-content\/gallery\/saanenmoser-29-1-23\/IMG_2909.jpeg\"\n               title=\"Marianne; Wispile 1938m\"\n               data-src=\"https:\/\/www.freimarianne.ch\/wp-content\/gallery\/saanenmoser-29-1-23\/IMG_2909.jpeg\"\n               data-thumbnail=\"https:\/\/www.freimarianne.ch\/wp-content\/gallery\/saanenmoser-29-1-23\/thumbs\/thumbs_IMG_2909.jpeg\"\n               data-image-id=\"30818\"\n               data-title=\"IMG_2909\"\n               data-description=\"Marianne; Wispile 1938m\"\n               data-image-slug=\"img_2909-2\"\n               class=\"shutterset_ddf7fdea03621c1c039d1d10983a83b1\">\n                <img\n                    title=\"IMG_2909\"\n                    alt=\"IMG_2909\"\n                    src=\"https:\/\/www.freimarianne.ch\/wp-content\/gallery\/saanenmoser-29-1-23\/cache\/IMG_2909.jpeg-nggid0530818-ngg0dyn-100x75x100-00f0w010c010r110f110r010t010.jpeg\"\n                    width=\"84\"\n                    height=\"75\"\n                    style=\"max-width:100%;\"\n                \/>\n            <\/a>\n        <\/div>\n\t\t\t\t\t\t\t<\/div> \n\t\t\t\n                            \n\t\t\t\t<div id=\"ngg-image-3\" class=\"ngg-gallery-thumbnail-box\" >\n\t\t\t\t        <div class=\"ngg-gallery-thumbnail\">\n            <a href=\"https:\/\/www.freimarianne.ch\/wp-content\/gallery\/saanenmoser-29-1-23\/IMG_2911.jpeg\"\n               title=\"winterliche Landschaft\"\n               data-src=\"https:\/\/www.freimarianne.ch\/wp-content\/gallery\/saanenmoser-29-1-23\/IMG_2911.jpeg\"\n               data-thumbnail=\"https:\/\/www.freimarianne.ch\/wp-content\/gallery\/saanenmoser-29-1-23\/thumbs\/thumbs_IMG_2911.jpeg\"\n               data-image-id=\"30816\"\n               data-title=\"IMG_2911\"\n               data-description=\"winterliche Landschaft\"\n               data-image-slug=\"img_2911-1\"\n               class=\"shutterset_ddf7fdea03621c1c039d1d10983a83b1\">\n                <img\n                    title=\"IMG_2911\"\n                    alt=\"IMG_2911\"\n                    src=\"https:\/\/www.freimarianne.ch\/wp-content\/gallery\/saanenmoser-29-1-23\/cache\/IMG_2911.jpeg-nggid0530816-ngg0dyn-100x75x100-00f0w010c010r110f110r010t010.jpeg\"\n                    width=\"100\"\n                    height=\"71\"\n                    style=\"max-width:100%;\"\n                \/>\n            <\/a>\n        <\/div>\n\t\t\t\t\t\t\t<\/div> \n\t\t\t\n                                    <br style=\"clear: both\" \/>\n                    \n\t\t\t\t<div id=\"ngg-image-4\" class=\"ngg-gallery-thumbnail-box\" >\n\t\t\t\t        <div class=\"ngg-gallery-thumbnail\">\n            <a href=\"https:\/\/www.freimarianne.ch\/wp-content\/gallery\/saanenmoser-29-1-23\/IMG_2913.jpeg\"\n               title=\"Blick zur\u00fcck auf Sch\u00f6nried\"\n               data-src=\"https:\/\/www.freimarianne.ch\/wp-content\/gallery\/saanenmoser-29-1-23\/IMG_2913.jpeg\"\n               data-thumbnail=\"https:\/\/www.freimarianne.ch\/wp-content\/gallery\/saanenmoser-29-1-23\/thumbs\/thumbs_IMG_2913.jpeg\"\n               data-image-id=\"30815\"\n               data-title=\"IMG_2913\"\n               data-description=\"Blick zur\u00fcck auf Sch\u00f6nried\"\n               data-image-slug=\"img_2913-5\"\n               class=\"shutterset_ddf7fdea03621c1c039d1d10983a83b1\">\n                <img\n                    title=\"IMG_2913\"\n                    alt=\"IMG_2913\"\n                    src=\"https:\/\/www.freimarianne.ch\/wp-content\/gallery\/saanenmoser-29-1-23\/cache\/IMG_2913.jpeg-nggid0530815-ngg0dyn-100x75x100-00f0w010c010r110f110r010t010.jpeg\"\n                    width=\"94\"\n                    height=\"75\"\n                    style=\"max-width:100%;\"\n                \/>\n            <\/a>\n        <\/div>\n\t\t\t\t\t\t\t<\/div> \n\t\t\t\n                            \n\t\t\t\t<div id=\"ngg-image-5\" class=\"ngg-gallery-thumbnail-box\" >\n\t\t\t\t        <div class=\"ngg-gallery-thumbnail\">\n            <a href=\"https:\/\/www.freimarianne.ch\/wp-content\/gallery\/saanenmoser-29-1-23\/IMG_2914.jpeg\"\n               title=\"le Rubli 2285m\"\n               data-src=\"https:\/\/www.freimarianne.ch\/wp-content\/gallery\/saanenmoser-29-1-23\/IMG_2914.jpeg\"\n               data-thumbnail=\"https:\/\/www.freimarianne.ch\/wp-content\/gallery\/saanenmoser-29-1-23\/thumbs\/thumbs_IMG_2914.jpeg\"\n               data-image-id=\"30814\"\n               data-title=\"IMG_2914\"\n               data-description=\"le Rubli 2285m\"\n               data-image-slug=\"img_2914-3\"\n               class=\"shutterset_ddf7fdea03621c1c039d1d10983a83b1\">\n                <img\n                    title=\"IMG_2914\"\n                    alt=\"IMG_2914\"\n                    src=\"https:\/\/www.freimarianne.ch\/wp-content\/gallery\/saanenmoser-29-1-23\/cache\/IMG_2914.jpeg-nggid0530814-ngg0dyn-100x75x100-00f0w010c010r110f110r010t010.jpeg\"\n                    width=\"94\"\n                    height=\"75\"\n                    style=\"max-width:100%;\"\n                \/>\n            <\/a>\n        <\/div>\n\t\t\t\t\t\t\t<\/div> \n\t\t\t\n                            \n\t\t\t\t<div id=\"ngg-image-6\" class=\"ngg-gallery-thumbnail-box\" >\n\t\t\t\t        <div class=\"ngg-gallery-thumbnail\">\n            <a href=\"https:\/\/www.freimarianne.ch\/wp-content\/gallery\/saanenmoser-29-1-23\/IMG_2916.jpeg\"\n               title=\"Blick gegen   Saanen\"\n               data-src=\"https:\/\/www.freimarianne.ch\/wp-content\/gallery\/saanenmoser-29-1-23\/IMG_2916.jpeg\"\n               data-thumbnail=\"https:\/\/www.freimarianne.ch\/wp-content\/gallery\/saanenmoser-29-1-23\/thumbs\/thumbs_IMG_2916.jpeg\"\n               data-image-id=\"30813\"\n               data-title=\"IMG_2916\"\n               data-description=\"Blick gegen   Saanen\"\n               data-image-slug=\"img_2916-2\"\n               class=\"shutterset_ddf7fdea03621c1c039d1d10983a83b1\">\n                <img\n                    title=\"IMG_2916\"\n                    alt=\"IMG_2916\"\n                    src=\"https:\/\/www.freimarianne.ch\/wp-content\/gallery\/saanenmoser-29-1-23\/cache\/IMG_2916.jpeg-nggid0530813-ngg0dyn-100x75x100-00f0w010c010r110f110r010t010.jpeg\"\n                    width=\"100\"\n                    height=\"75\"\n                    style=\"max-width:100%;\"\n                \/>\n            <\/a>\n        <\/div>\n\t\t\t\t\t\t\t<\/div> \n\t\t\t\n                            \n\t\t\n\t\t<!-- Pagination -->\n\t<div class='ngg-clear'><\/div>\t<\/div>\n\n\n\n\n<!-- index.php -->\n<div\n\tclass=\"ngg-galleryoverview ngg-ajax-pagination-none\"\n\tid=\"ngg-gallery-255829f48c8d2aed10068792a9813ecc-1\">\n\n    \t<div class=\"slideshowlink\">\n        <a href='https:\/\/www.freimarianne.ch\/index.php\/nggallery\/slideshow?page_id=61667'>[Show as slideshow]<\/a>\n\t\t\n\t<\/div>\n\t\t\t<!-- Thumbnails -->\n\t\t\t\t<div id=\"ngg-image-0\" class=\"ngg-gallery-thumbnail-box\" >\n\t\t\t\t        <div class=\"ngg-gallery-thumbnail\">\n            <a href=\"https:\/\/www.freimarianne.ch\/wp-content\/gallery\/saanenmoser-iph-29-1-23\/IMG_3847.jpeg\"\n               title=\"\"\n               data-src=\"https:\/\/www.freimarianne.ch\/wp-content\/gallery\/saanenmoser-iph-29-1-23\/IMG_3847.jpeg\"\n               data-thumbnail=\"https:\/\/www.freimarianne.ch\/wp-content\/gallery\/saanenmoser-iph-29-1-23\/thumbs\/thumbs_IMG_3847.jpeg\"\n               data-image-id=\"30826\"\n               data-title=\"IMG_3847\"\n               data-description=\"\"\n               data-image-slug=\"img_3847-1\"\n               class=\"shutterset_255829f48c8d2aed10068792a9813ecc\">\n                <img\n                    title=\"IMG_3847\"\n                    alt=\"IMG_3847\"\n                    src=\"https:\/\/www.freimarianne.ch\/wp-content\/gallery\/saanenmoser-iph-29-1-23\/cache\/IMG_3847.jpeg-nggid0530826-ngg0dyn-100x75x100-00f0w010c010r110f110r010t010.jpeg\"\n                    width=\"100\"\n                    height=\"56\"\n                    style=\"max-width:100%;\"\n                \/>\n            <\/a>\n        <\/div>\n\t\t\t\t\t\t\t<\/div> \n\t\t\t\n                            \n\t\t\t\t<div id=\"ngg-image-1\" class=\"ngg-gallery-thumbnail-box\" >\n\t\t\t\t        <div class=\"ngg-gallery-thumbnail\">\n            <a href=\"https:\/\/www.freimarianne.ch\/wp-content\/gallery\/saanenmoser-iph-29-1-23\/IMG_3833.jpeg\"\n               title=\"Blick gegen Gstaad\"\n               data-src=\"https:\/\/www.freimarianne.ch\/wp-content\/gallery\/saanenmoser-iph-29-1-23\/IMG_3833.jpeg\"\n               data-thumbnail=\"https:\/\/www.freimarianne.ch\/wp-content\/gallery\/saanenmoser-iph-29-1-23\/thumbs\/thumbs_IMG_3833.jpeg\"\n               data-image-id=\"30828\"\n               data-title=\"IMG_3833\"\n               data-description=\"Blick gegen Gstaad\"\n               data-image-slug=\"img_3833-2\"\n               class=\"shutterset_255829f48c8d2aed10068792a9813ecc\">\n                <img\n                    title=\"IMG_3833\"\n                    alt=\"IMG_3833\"\n                    src=\"https:\/\/www.freimarianne.ch\/wp-content\/gallery\/saanenmoser-iph-29-1-23\/cache\/IMG_3833.jpeg-nggid0530828-ngg0dyn-100x75x100-00f0w010c010r110f110r010t010.jpeg\"\n                    width=\"97\"\n                    height=\"75\"\n                    style=\"max-width:100%;\"\n                \/>\n            <\/a>\n        <\/div>\n\t\t\t\t\t\t\t<\/div> \n\t\t\t\n                            \n\t\t\t\t<div id=\"ngg-image-2\" class=\"ngg-gallery-thumbnail-box\" >\n\t\t\t\t        <div class=\"ngg-gallery-thumbnail\">\n            <a href=\"https:\/\/www.freimarianne.ch\/wp-content\/gallery\/saanenmoser-iph-29-1-23\/IMG_3844.jpeg\"\n               title=\"\"\n               data-src=\"https:\/\/www.freimarianne.ch\/wp-content\/gallery\/saanenmoser-iph-29-1-23\/IMG_3844.jpeg\"\n               data-thumbnail=\"https:\/\/www.freimarianne.ch\/wp-content\/gallery\/saanenmoser-iph-29-1-23\/thumbs\/thumbs_IMG_3844.jpeg\"\n               data-image-id=\"30827\"\n               data-title=\"IMG_3844\"\n               data-description=\"\"\n               data-image-slug=\"img_3844-3\"\n               class=\"shutterset_255829f48c8d2aed10068792a9813ecc\">\n                <img\n                    title=\"IMG_3844\"\n                    alt=\"IMG_3844\"\n                    src=\"https:\/\/www.freimarianne.ch\/wp-content\/gallery\/saanenmoser-iph-29-1-23\/cache\/IMG_3844.jpeg-nggid0530827-ngg0dyn-100x75x100-00f0w010c010r110f110r010t010.jpeg\"\n                    width=\"100\"\n                    height=\"56\"\n                    style=\"max-width:100%;\"\n                \/>\n            <\/a>\n        <\/div>\n\t\t\t\t\t\t\t<\/div> \n\t\t\t\n                            \n\t\t\t\t<div id=\"ngg-image-3\" class=\"ngg-gallery-thumbnail-box\" >\n\t\t\t\t        <div class=\"ngg-gallery-thumbnail\">\n            <a href=\"https:\/\/www.freimarianne.ch\/wp-content\/gallery\/saanenmoser-iph-29-1-23\/IMG_3845.jpeg\"\n               title=\"\"\n               data-src=\"https:\/\/www.freimarianne.ch\/wp-content\/gallery\/saanenmoser-iph-29-1-23\/IMG_3845.jpeg\"\n               data-thumbnail=\"https:\/\/www.freimarianne.ch\/wp-content\/gallery\/saanenmoser-iph-29-1-23\/thumbs\/thumbs_IMG_3845.jpeg\"\n               data-image-id=\"30822\"\n               data-title=\"IMG_3845\"\n               data-description=\"\"\n               data-image-slug=\"img_3845-1\"\n               class=\"shutterset_255829f48c8d2aed10068792a9813ecc\">\n                <img\n                    title=\"IMG_3845\"\n                    alt=\"IMG_3845\"\n                    src=\"https:\/\/www.freimarianne.ch\/wp-content\/gallery\/saanenmoser-iph-29-1-23\/cache\/IMG_3845.jpeg-nggid0530822-ngg0dyn-100x75x100-00f0w010c010r110f110r010t010.jpeg\"\n                    width=\"100\"\n                    height=\"56\"\n                    style=\"max-width:100%;\"\n                \/>\n            <\/a>\n        <\/div>\n\t\t\t\t\t\t\t<\/div> \n\t\t\t\n                                    <br style=\"clear: both\" \/>\n                    \n\t\t\t\t<div id=\"ngg-image-4\" class=\"ngg-gallery-thumbnail-box\" >\n\t\t\t\t        <div class=\"ngg-gallery-thumbnail\">\n            <a href=\"https:\/\/www.freimarianne.ch\/wp-content\/gallery\/saanenmoser-iph-29-1-23\/IMG_3835.jpeg\"\n               title=\"Gummfluh 2458m, Le Rubli 2285m\"\n               data-src=\"https:\/\/www.freimarianne.ch\/wp-content\/gallery\/saanenmoser-iph-29-1-23\/IMG_3835.jpeg\"\n               data-thumbnail=\"https:\/\/www.freimarianne.ch\/wp-content\/gallery\/saanenmoser-iph-29-1-23\/thumbs\/thumbs_IMG_3835.jpeg\"\n               data-image-id=\"30821\"\n               data-title=\"IMG_3835\"\n               data-description=\"Gummfluh 2458m, Le Rubli 2285m\"\n               data-image-slug=\"img_3835-3\"\n               class=\"shutterset_255829f48c8d2aed10068792a9813ecc\">\n                <img\n                    title=\"IMG_3835\"\n                    alt=\"IMG_3835\"\n                    src=\"https:\/\/www.freimarianne.ch\/wp-content\/gallery\/saanenmoser-iph-29-1-23\/cache\/IMG_3835.jpeg-nggid0530821-ngg0dyn-100x75x100-00f0w010c010r110f110r010t010.jpeg\"\n                    width=\"100\"\n                    height=\"64\"\n                    style=\"max-width:100%;\"\n                \/>\n            <\/a>\n        <\/div>\n\t\t\t\t\t\t\t<\/div> \n\t\t\t\n                            \n\t\t\t\t<div id=\"ngg-image-5\" class=\"ngg-gallery-thumbnail-box\" >\n\t\t\t\t        <div class=\"ngg-gallery-thumbnail\">\n            <a href=\"https:\/\/www.freimarianne.ch\/wp-content\/gallery\/saanenmoser-iph-29-1-23\/IMG_3836.jpeg\"\n               title=\"\"\n               data-src=\"https:\/\/www.freimarianne.ch\/wp-content\/gallery\/saanenmoser-iph-29-1-23\/IMG_3836.jpeg\"\n               data-thumbnail=\"https:\/\/www.freimarianne.ch\/wp-content\/gallery\/saanenmoser-iph-29-1-23\/thumbs\/thumbs_IMG_3836.jpeg\"\n               data-image-id=\"30825\"\n               data-title=\"IMG_3836\"\n               data-description=\"\"\n               data-image-slug=\"img_3836-1\"\n               class=\"shutterset_255829f48c8d2aed10068792a9813ecc\">\n                <img\n                    title=\"IMG_3836\"\n                    alt=\"IMG_3836\"\n                    src=\"https:\/\/www.freimarianne.ch\/wp-content\/gallery\/saanenmoser-iph-29-1-23\/cache\/IMG_3836.jpeg-nggid0530825-ngg0dyn-100x75x100-00f0w010c010r110f110r010t010.jpeg\"\n                    width=\"100\"\n                    height=\"75\"\n                    style=\"max-width:100%;\"\n                \/>\n            <\/a>\n        <\/div>\n\t\t\t\t\t\t\t<\/div> \n\t\t\t\n                            \n\t\t\t\t<div id=\"ngg-image-6\" class=\"ngg-gallery-thumbnail-box\" >\n\t\t\t\t        <div class=\"ngg-gallery-thumbnail\">\n            <a href=\"https:\/\/www.freimarianne.ch\/wp-content\/gallery\/saanenmoser-iph-29-1-23\/IMG_3843.jpeg\"\n               title=\"\"\n               data-src=\"https:\/\/www.freimarianne.ch\/wp-content\/gallery\/saanenmoser-iph-29-1-23\/IMG_3843.jpeg\"\n               data-thumbnail=\"https:\/\/www.freimarianne.ch\/wp-content\/gallery\/saanenmoser-iph-29-1-23\/thumbs\/thumbs_IMG_3843.jpeg\"\n               data-image-id=\"30824\"\n               data-title=\"IMG_3843\"\n               data-description=\"\"\n               data-image-slug=\"img_3843-2\"\n               class=\"shutterset_255829f48c8d2aed10068792a9813ecc\">\n                <img\n                    title=\"IMG_3843\"\n                    alt=\"IMG_3843\"\n                    src=\"https:\/\/www.freimarianne.ch\/wp-content\/gallery\/saanenmoser-iph-29-1-23\/cache\/IMG_3843.jpeg-nggid0530824-ngg0dyn-100x75x100-00f0w010c010r110f110r010t010.jpeg\"\n                    width=\"100\"\n                    height=\"59\"\n                    style=\"max-width:100%;\"\n                \/>\n            <\/a>\n        <\/div>\n\t\t\t\t\t\t\t<\/div> \n\t\t\t\n                            \n\t\t\t\t<div id=\"ngg-image-7\" class=\"ngg-gallery-thumbnail-box\" >\n\t\t\t\t        <div class=\"ngg-gallery-thumbnail\">\n            <a href=\"https:\/\/www.freimarianne.ch\/wp-content\/gallery\/saanenmoser-iph-29-1-23\/IMG_3841.jpeg\"\n               title=\"\"\n               data-src=\"https:\/\/www.freimarianne.ch\/wp-content\/gallery\/saanenmoser-iph-29-1-23\/IMG_3841.jpeg\"\n               data-thumbnail=\"https:\/\/www.freimarianne.ch\/wp-content\/gallery\/saanenmoser-iph-29-1-23\/thumbs\/thumbs_IMG_3841.jpeg\"\n               data-image-id=\"30823\"\n               data-title=\"IMG_3841\"\n               data-description=\"\"\n               data-image-slug=\"img_3841-1\"\n               class=\"shutterset_255829f48c8d2aed10068792a9813ecc\">\n                <img\n                    title=\"IMG_3841\"\n                    alt=\"IMG_3841\"\n                    src=\"https:\/\/www.freimarianne.ch\/wp-content\/gallery\/saanenmoser-iph-29-1-23\/cache\/IMG_3841.jpeg-nggid0530823-ngg0dyn-100x75x100-00f0w010c010r110f110r010t010.jpeg\"\n                    width=\"100\"\n                    height=\"56\"\n                    style=\"max-width:100%;\"\n                \/>\n            <\/a>\n        <\/div>\n\t\t\t\t\t\t\t<\/div> \n\t\t\t\n                                    <br style=\"clear: both\" \/>\n                    \n\t\t\t\t<div id=\"ngg-image-8\" class=\"ngg-gallery-thumbnail-box\" >\n\t\t\t\t        <div class=\"ngg-gallery-thumbnail\">\n            <a href=\"https:\/\/www.freimarianne.ch\/wp-content\/gallery\/saanenmoser-iph-29-1-23\/HVYM7680.jpeg\"\n               title=\"Marianne; Gummfluh  2485m, le Rubli 2285m\"\n               data-src=\"https:\/\/www.freimarianne.ch\/wp-content\/gallery\/saanenmoser-iph-29-1-23\/HVYM7680.jpeg\"\n               data-thumbnail=\"https:\/\/www.freimarianne.ch\/wp-content\/gallery\/saanenmoser-iph-29-1-23\/thumbs\/thumbs_HVYM7680.jpeg\"\n               data-image-id=\"30820\"\n               data-title=\"HVYM7680\"\n               data-description=\"Marianne; Gummfluh  2485m, le Rubli 2285m\"\n               data-image-slug=\"hvym7680\"\n               class=\"shutterset_255829f48c8d2aed10068792a9813ecc\">\n                <img\n                    title=\"HVYM7680\"\n                    alt=\"HVYM7680\"\n                    src=\"https:\/\/www.freimarianne.ch\/wp-content\/gallery\/saanenmoser-iph-29-1-23\/cache\/HVYM7680.jpeg-nggid0530820-ngg0dyn-100x75x100-00f0w010c010r110f110r010t010.jpeg\"\n                    width=\"75\"\n                    height=\"75\"\n                    style=\"max-width:100%;\"\n                \/>\n            <\/a>\n        <\/div>\n\t\t\t\t\t\t\t<\/div> \n\t\t\t\n                            \n\t\t\n\t\t<!-- Pagination -->\n\t<div class='ngg-clear'><\/div>\t<\/div>\n\n","protected":false},"excerpt":{"rendered":"<p>Heute Sonntag soll es endlich sonnig sein, was sehr viel Leute in die Berge lockt. Die Z\u00fcge sind entsprechend voll, sodass viele stehen m\u00fcssen.Wir fahren nach Saanenm\u00f6ser und wandern gem\u00fctlich auf dem Winterwanderweg gegen Sch\u00f6nried.Auf einer Bank halten wir unsere Mittagsrast und geniessen den Sonnenschein und das Panorama.Dann geht es auf dem Winterwanderweg weiter, der [&hellip;]<\/p>\n","protected":false},"author":1,"featured_media":0,"parent":61580,"menu_order":3,"comment_status":"closed","ping_status":"closed","template":"","meta":{"ngg_post_thumbnail":0},"_links":{"self":[{"href":"https:\/\/www.freimarianne.ch\/index.php?rest_route=\/wp\/v2\/pages\/61667"}],"collection":[{"href":"https:\/\/www.freimarianne.ch\/index.php?rest_route=\/wp\/v2\/pages"}],"about":[{"href":"https:\/\/www.freimarianne.ch\/index.php?rest_route=\/wp\/v2\/types\/page"}],"author":[{"embeddable":true,"href":"https:\/\/www.freimarianne.ch\/index.php?rest_route=\/wp\/v2\/users\/1"}],"replies":[{"embeddable":true,"href":"https:\/\/www.freimarianne.ch\/index.php?rest_route=%2Fwp%2Fv2%2Fcomments&post=61667"}],"version-history":[{"count":5,"href":"https:\/\/www.freimarianne.ch\/index.php?rest_route=\/wp\/v2\/pages\/61667\/revisions"}],"predecessor-version":[{"id":61954,"href":"https:\/\/www.freimarianne.ch\/index.php?rest_route=\/wp\/v2\/pages\/61667\/revisions\/61954"}],"up":[{"embeddable":true,"href":"https:\/\/www.freimarianne.ch\/index.php?rest_route=\/wp\/v2\/pages\/61580"}],"wp:attachment":[{"href":"https:\/\/www.freimarianne.ch\/index.php?rest_route=%2Fwp%2Fv2%2Fmedia&parent=61667"}],"curies":[{"name":"wp","href":"https:\/\/api.w.org\/{rel}","templated":true}]}}