{"id":63730,"date":"2024-01-19T10:13:27","date_gmt":"2024-01-19T09:13:27","guid":{"rendered":"http:\/\/www.freimarianne.ch\/?page_id=63730"},"modified":"2024-01-19T10:28:35","modified_gmt":"2024-01-19T09:28:35","slug":"saanenmoser-gstaad-be-11-1-2024","status":"publish","type":"page","link":"https:\/\/www.freimarianne.ch\/?page_id=63730","title":{"rendered":"Saanenm\u00f6ser  &#8211; Gstaad  BE 11.1.2024"},"content":{"rendered":"\n<p><strong>Winterwanderung<\/strong><\/p>\n\n\n<div id=\"attachment_63723\" style=\"width: 510px\" class=\"wp-caption alignleft\"><img aria-describedby=\"caption-attachment-63723\" loading=\"lazy\" class=\"size-full wp-image-63723\" src=\"http:\/\/www.freimarianne.ch\/wp-content\/uploads\/2024\/01\/IMG_5587._saanenmo\u0308sser-1.24_500.jpeg\" alt=\"\" width=\"500\" height=\"345\" srcset=\"https:\/\/www.freimarianne.ch\/wp-content\/uploads\/2024\/01\/IMG_5587._saanenmo\u0308sser-1.24_500.jpeg 500w, https:\/\/www.freimarianne.ch\/wp-content\/uploads\/2024\/01\/IMG_5587._saanenmo\u0308sser-1.24_500-300x207.jpeg 300w, https:\/\/www.freimarianne.ch\/wp-content\/uploads\/2024\/01\/IMG_5587._saanenmo\u0308sser-1.24_500-435x300.jpeg 435w\" sizes=\"(max-width: 500px) 100vw, 500px\" \/><p id=\"caption-attachment-63723\" class=\"wp-caption-text\">Gummfluh und Rubli<\/p><\/div>\n<p>Nach der m\u00fchsamen Erk\u00e4ltung bin ich endlich wieder unterwegs. Da ich es nicht gleich \u00fcbertreiben m\u00f6chte, mache ich die meersch\u00f6ne Winterwanderung von Saanenm\u00f6ser nach Gstaad, die eher ein Spaziergang ist. Die Schneeverh\u00e4ltnisse sind in Saanenm\u00f6ser am besten. Gegen Gstaad hat es immer weniger Schnee.<\/p>\n<p>Heute habe ich wenigstens Sonnenschein genossen und konnte dem z\u00e4hen Hochnebel \u00fcber dem Mittelland entfliehen.<\/p>\n<p>&nbsp;<\/p>\n\n\n<!-- index.php -->\n<div\n\tclass=\"ngg-galleryoverview ngg-ajax-pagination-none\"\n\tid=\"ngg-gallery-11e695ddfaa37cc521f298305369e5f7-1\">\n\n    \t<div class=\"slideshowlink\">\n        <a href='https:\/\/www.freimarianne.ch\/index.php\/nggallery\/slideshow?page_id=63730'>[Show as slideshow]<\/a>\n\t\t\n\t<\/div>\n\t\t\t<!-- Thumbnails -->\n\t\t\t\t<div id=\"ngg-image-0\" class=\"ngg-gallery-thumbnail-box\" >\n\t\t\t\t        <div class=\"ngg-gallery-thumbnail\">\n            <a href=\"https:\/\/www.freimarianne.ch\/wp-content\/gallery\/saanenmoser-11-1-24\/IMG_5583.jpeg\"\n               title=\"in Saanenm\u00f6ser\"\n               data-src=\"https:\/\/www.freimarianne.ch\/wp-content\/gallery\/saanenmoser-11-1-24\/IMG_5583.jpeg\"\n               data-thumbnail=\"https:\/\/www.freimarianne.ch\/wp-content\/gallery\/saanenmoser-11-1-24\/thumbs\/thumbs_IMG_5583.jpeg\"\n               data-image-id=\"32071\"\n               data-title=\"in Saanenm\u00f6ser\"\n               data-description=\"in Saanenm\u00f6ser\"\n               data-image-slug=\"img_5583-4\"\n               class=\"shutterset_11e695ddfaa37cc521f298305369e5f7\">\n                <img\n                    title=\"in Saanenm\u00f6ser\"\n                    alt=\"in Saanenm\u00f6ser\"\n                    src=\"https:\/\/www.freimarianne.ch\/wp-content\/gallery\/saanenmoser-11-1-24\/cache\/IMG_5583.jpeg-nggid0532071-ngg0dyn-100x75x100-00f0w010c010r110f110r010t010.jpeg\"\n                    width=\"100\"\n                    height=\"75\"\n                    style=\"max-width:100%;\"\n                \/>\n            <\/a>\n        <\/div>\n\t\t\t\t\t\t\t<\/div> \n\t\t\t\n                            \n\t\t\t\t<div id=\"ngg-image-1\" class=\"ngg-gallery-thumbnail-box\" >\n\t\t\t\t        <div class=\"ngg-gallery-thumbnail\">\n            <a href=\"https:\/\/www.freimarianne.ch\/wp-content\/gallery\/saanenmoser-11-1-24\/IMG_5586.jpeg\"\n               title=\"Blick gegen das Rellerli\"\n               data-src=\"https:\/\/www.freimarianne.ch\/wp-content\/gallery\/saanenmoser-11-1-24\/IMG_5586.jpeg\"\n               data-thumbnail=\"https:\/\/www.freimarianne.ch\/wp-content\/gallery\/saanenmoser-11-1-24\/thumbs\/thumbs_IMG_5586.jpeg\"\n               data-image-id=\"32068\"\n               data-title=\"Blick gegen das Rellerli\"\n               data-description=\"Blick gegen das Rellerli\"\n               data-image-slug=\"img_5586-4\"\n               class=\"shutterset_11e695ddfaa37cc521f298305369e5f7\">\n                <img\n                    title=\"Blick gegen das Rellerli\"\n                    alt=\"Blick gegen das Rellerli\"\n                    src=\"https:\/\/www.freimarianne.ch\/wp-content\/gallery\/saanenmoser-11-1-24\/cache\/IMG_5586.jpeg-nggid0532068-ngg0dyn-100x75x100-00f0w010c010r110f110r010t010.jpeg\"\n                    width=\"100\"\n                    height=\"75\"\n                    style=\"max-width:100%;\"\n                \/>\n            <\/a>\n        <\/div>\n\t\t\t\t\t\t\t<\/div> \n\t\t\t\n                            \n\t\t\t\t<div id=\"ngg-image-2\" class=\"ngg-gallery-thumbnail-box\" >\n\t\t\t\t        <div class=\"ngg-gallery-thumbnail\">\n            <a href=\"https:\/\/www.freimarianne.ch\/wp-content\/gallery\/saanenmoser-11-1-24\/IMG_5588.jpeg\"\n               title=\"Blick gegen Saanen\"\n               data-src=\"https:\/\/www.freimarianne.ch\/wp-content\/gallery\/saanenmoser-11-1-24\/IMG_5588.jpeg\"\n               data-thumbnail=\"https:\/\/www.freimarianne.ch\/wp-content\/gallery\/saanenmoser-11-1-24\/thumbs\/thumbs_IMG_5588.jpeg\"\n               data-image-id=\"32065\"\n               data-title=\"Blick gegen Saanen\"\n               data-description=\"Blick gegen Saanen\"\n               data-image-slug=\"img_5588-1\"\n               class=\"shutterset_11e695ddfaa37cc521f298305369e5f7\">\n                <img\n                    title=\"Blick gegen Saanen\"\n                    alt=\"Blick gegen Saanen\"\n                    src=\"https:\/\/www.freimarianne.ch\/wp-content\/gallery\/saanenmoser-11-1-24\/cache\/IMG_5588.jpeg-nggid0532065-ngg0dyn-100x75x100-00f0w010c010r110f110r010t010.jpeg\"\n                    width=\"100\"\n                    height=\"61\"\n                    style=\"max-width:100%;\"\n                \/>\n            <\/a>\n        <\/div>\n\t\t\t\t\t\t\t<\/div> \n\t\t\t\n                            \n\t\t\t\t<div id=\"ngg-image-3\" class=\"ngg-gallery-thumbnail-box\" >\n\t\t\t\t        <div class=\"ngg-gallery-thumbnail\">\n            <a href=\"https:\/\/www.freimarianne.ch\/wp-content\/gallery\/saanenmoser-11-1-24\/IMG_5663.jpeg\"\n               title=\"\"\n               data-src=\"https:\/\/www.freimarianne.ch\/wp-content\/gallery\/saanenmoser-11-1-24\/IMG_5663.jpeg\"\n               data-thumbnail=\"https:\/\/www.freimarianne.ch\/wp-content\/gallery\/saanenmoser-11-1-24\/thumbs\/thumbs_IMG_5663.jpeg\"\n               data-image-id=\"32067\"\n               data-title=\"IMG_5663\"\n               data-description=\"\"\n               data-image-slug=\"img_5663-1\"\n               class=\"shutterset_11e695ddfaa37cc521f298305369e5f7\">\n                <img\n                    title=\"IMG_5663\"\n                    alt=\"IMG_5663\"\n                    src=\"https:\/\/www.freimarianne.ch\/wp-content\/gallery\/saanenmoser-11-1-24\/cache\/IMG_5663.jpeg-nggid0532067-ngg0dyn-100x75x100-00f0w010c010r110f110r010t010.jpeg\"\n                    width=\"100\"\n                    height=\"56\"\n                    style=\"max-width:100%;\"\n                \/>\n            <\/a>\n        <\/div>\n\t\t\t\t\t\t\t<\/div> \n\t\t\t\n                                    <br style=\"clear: both\" \/>\n                    \n\t\t\t\t<div id=\"ngg-image-4\" class=\"ngg-gallery-thumbnail-box\" >\n\t\t\t\t        <div class=\"ngg-gallery-thumbnail\">\n            <a href=\"https:\/\/www.freimarianne.ch\/wp-content\/gallery\/saanenmoser-11-1-24\/IMG_5661.jpeg\"\n               title=\"\"\n               data-src=\"https:\/\/www.freimarianne.ch\/wp-content\/gallery\/saanenmoser-11-1-24\/IMG_5661.jpeg\"\n               data-thumbnail=\"https:\/\/www.freimarianne.ch\/wp-content\/gallery\/saanenmoser-11-1-24\/thumbs\/thumbs_IMG_5661.jpeg\"\n               data-image-id=\"32070\"\n               data-title=\"IMG_5661\"\n               data-description=\"\"\n               data-image-slug=\"img_5661-4\"\n               class=\"shutterset_11e695ddfaa37cc521f298305369e5f7\">\n                <img\n                    title=\"IMG_5661\"\n                    alt=\"IMG_5661\"\n                    src=\"https:\/\/www.freimarianne.ch\/wp-content\/gallery\/saanenmoser-11-1-24\/cache\/IMG_5661.jpeg-nggid0532070-ngg0dyn-100x75x100-00f0w010c010r110f110r010t010.jpeg\"\n                    width=\"100\"\n                    height=\"56\"\n                    style=\"max-width:100%;\"\n                \/>\n            <\/a>\n        <\/div>\n\t\t\t\t\t\t\t<\/div> \n\t\t\t\n                            \n\t\t\t\t<div id=\"ngg-image-5\" class=\"ngg-gallery-thumbnail-box\" >\n\t\t\t\t        <div class=\"ngg-gallery-thumbnail\">\n            <a href=\"https:\/\/www.freimarianne.ch\/wp-content\/gallery\/saanenmoser-11-1-24\/IMG_5660.jpeg\"\n               title=\"\"\n               data-src=\"https:\/\/www.freimarianne.ch\/wp-content\/gallery\/saanenmoser-11-1-24\/IMG_5660.jpeg\"\n               data-thumbnail=\"https:\/\/www.freimarianne.ch\/wp-content\/gallery\/saanenmoser-11-1-24\/thumbs\/thumbs_IMG_5660.jpeg\"\n               data-image-id=\"32069\"\n               data-title=\"IMG_5660\"\n               data-description=\"\"\n               data-image-slug=\"img_5660-3\"\n               class=\"shutterset_11e695ddfaa37cc521f298305369e5f7\">\n                <img\n                    title=\"IMG_5660\"\n                    alt=\"IMG_5660\"\n                    src=\"https:\/\/www.freimarianne.ch\/wp-content\/gallery\/saanenmoser-11-1-24\/cache\/IMG_5660.jpeg-nggid0532069-ngg0dyn-100x75x100-00f0w010c010r110f110r010t010.jpeg\"\n                    width=\"100\"\n                    height=\"56\"\n                    style=\"max-width:100%;\"\n                \/>\n            <\/a>\n        <\/div>\n\t\t\t\t\t\t\t<\/div> \n\t\t\t\n                            \n\t\t\t\t<div id=\"ngg-image-6\" class=\"ngg-gallery-thumbnail-box\" >\n\t\t\t\t        <div class=\"ngg-gallery-thumbnail\">\n            <a href=\"https:\/\/www.freimarianne.ch\/wp-content\/gallery\/saanenmoser-11-1-24\/IMG_5659.jpeg\"\n               title=\"\"\n               data-src=\"https:\/\/www.freimarianne.ch\/wp-content\/gallery\/saanenmoser-11-1-24\/IMG_5659.jpeg\"\n               data-thumbnail=\"https:\/\/www.freimarianne.ch\/wp-content\/gallery\/saanenmoser-11-1-24\/thumbs\/thumbs_IMG_5659.jpeg\"\n               data-image-id=\"32066\"\n               data-title=\"IMG_5659\"\n               data-description=\"\"\n               data-image-slug=\"img_5659-1\"\n               class=\"shutterset_11e695ddfaa37cc521f298305369e5f7\">\n                <img\n                    title=\"IMG_5659\"\n                    alt=\"IMG_5659\"\n                    src=\"https:\/\/www.freimarianne.ch\/wp-content\/gallery\/saanenmoser-11-1-24\/cache\/IMG_5659.jpeg-nggid0532066-ngg0dyn-100x75x100-00f0w010c010r110f110r010t010.jpeg\"\n                    width=\"100\"\n                    height=\"56\"\n                    style=\"max-width:100%;\"\n                \/>\n            <\/a>\n        <\/div>\n\t\t\t\t\t\t\t<\/div> \n\t\t\t\n                            \n\t\t\n\t\t<!-- Pagination -->\n\t<div class='ngg-clear'><\/div>\t<\/div>\n\n","protected":false},"excerpt":{"rendered":"<p>Winterwanderung Nach der m\u00fchsamen Erk\u00e4ltung bin ich endlich wieder unterwegs. Da ich es nicht gleich \u00fcbertreiben m\u00f6chte, mache ich die meersch\u00f6ne Winterwanderung von Saanenm\u00f6ser nach Gstaad, die eher ein Spaziergang ist. Die Schneeverh\u00e4ltnisse sind in Saanenm\u00f6ser am besten. Gegen Gstaad hat es immer weniger Schnee. Heute habe ich wenigstens Sonnenschein genossen und konnte dem z\u00e4hen [&hellip;]<\/p>\n","protected":false},"author":1,"featured_media":0,"parent":63673,"menu_order":4,"comment_status":"closed","ping_status":"closed","template":"","meta":{"ngg_post_thumbnail":0},"_links":{"self":[{"href":"https:\/\/www.freimarianne.ch\/index.php?rest_route=\/wp\/v2\/pages\/63730"}],"collection":[{"href":"https:\/\/www.freimarianne.ch\/index.php?rest_route=\/wp\/v2\/pages"}],"about":[{"href":"https:\/\/www.freimarianne.ch\/index.php?rest_route=\/wp\/v2\/types\/page"}],"author":[{"embeddable":true,"href":"https:\/\/www.freimarianne.ch\/index.php?rest_route=\/wp\/v2\/users\/1"}],"replies":[{"embeddable":true,"href":"https:\/\/www.freimarianne.ch\/index.php?rest_route=%2Fwp%2Fv2%2Fcomments&post=63730"}],"version-history":[{"count":3,"href":"https:\/\/www.freimarianne.ch\/index.php?rest_route=\/wp\/v2\/pages\/63730\/revisions"}],"predecessor-version":[{"id":63784,"href":"https:\/\/www.freimarianne.ch\/index.php?rest_route=\/wp\/v2\/pages\/63730\/revisions\/63784"}],"up":[{"embeddable":true,"href":"https:\/\/www.freimarianne.ch\/index.php?rest_route=\/wp\/v2\/pages\/63673"}],"wp:attachment":[{"href":"https:\/\/www.freimarianne.ch\/index.php?rest_route=%2Fwp%2Fv2%2Fmedia&parent=63730"}],"curies":[{"name":"wp","href":"https:\/\/api.w.org\/{rel}","templated":true}]}}