{"id":7255,"date":"2014-09-30T13:45:25","date_gmt":"2014-09-30T12:45:25","guid":{"rendered":"http:\/\/www.freimarianne.ch\/?page_id=7255"},"modified":"2014-10-08T10:11:13","modified_gmt":"2014-10-08T09:11:13","slug":"isleten-isenthal-ur-28-9-2014","status":"publish","type":"page","link":"https:\/\/www.freimarianne.ch\/?page_id=7255","title":{"rendered":"Isleten &#8211; Isenthal, UR  28.9.2014"},"content":{"rendered":"<p><strong>Wanderung von Isleten nach Isenthal zum Alpabzug<\/strong><\/p>\n<p><img loading=\"lazy\" class=\"aligncenter size-full wp-image-7261\" src=\"http:\/\/www.freimarianne.ch\/wp-content\/uploads\/2014\/09\/IMG_1494_isentahl_500.jpg\" alt=\"IMG_1494_isentahl_500\" width=\"500\" height=\"333\" srcset=\"https:\/\/www.freimarianne.ch\/wp-content\/uploads\/2014\/09\/IMG_1494_isentahl_500.jpg 500w, https:\/\/www.freimarianne.ch\/wp-content\/uploads\/2014\/09\/IMG_1494_isentahl_500-300x199.jpg 300w, https:\/\/www.freimarianne.ch\/wp-content\/uploads\/2014\/09\/IMG_1494_isentahl_500-450x300.jpg 450w\" sizes=\"(max-width: 500px) 100vw, 500px\" \/><br \/>\nNach zwei Wandertagen wollen wir heute  etwas Kleineres machen und einfach den sch\u00f6nen Sonntag geniessen.<br \/>\nWir fahren nach Fl\u00fcelen  und setzen mit dem Schiff hin\u00fcber nach Isleten. Von  hier steigen wir durch den steilen  Wald hinauf zum Saum und dann  geht es flach hinein ins Tal. Schon von weiten sieht man den Kirchturm von Isenthal 770m.  Als wir dort ankommen ist schon einiges los im Dorf &#8211; Handwerkermarkt. Es gibt viele Besucher &#8211; gut, sind wir  zu Fuss gekommen!<br \/>\nAuf dem Hinweg sind wir an einem bemalten  alten Bauernhauss vorbeigekommen und haben in Dorf noch ein \u00e4hnliches Haus, das Lusshaus  gesehen.Die bemalten Balken sind mit dem rot-weissen Johanniterkreuz bemalt.<br \/>\nWir flanieren etwas herum, essen eine Bratwurst vom Rost und warten auf den Alpabzug, der aber eher gestellt ist! Die K\u00fche sind wegen des schlechten Wetters ohnehin schon im Tal.  Bald  werden die Schafe und die geschm\u00fcckten K\u00fche mit grossem Gebimmel durch das Dorf getrieben. Nach diesem Spektakel machen wir uns wieder auf den Weg nach Isleten, wo wir  noch Zeit haben, die milde Nachmittagssonne am Strand  zu geniessen.<br \/>\nMit sehr vielen Leuten dr\u00e4ngen wir uns dann aufs Dampfschiff, um auf einer sch\u00f6nen Fahrt nach Luzern zu fahren. Vielleicht ist  das die letzte Fahrt in diesem Jahr bei so wunderbaren Wetter!<br \/>\nLaut Swissmap:<br \/>\nVon Isleten nach Isenhal:<br \/>\nDistanz: 3.26km; Aufstieg: 397m; Abstieg: 62m; Marschzeit: 1.32 h<br \/>\nVon Isenthal nach Isleten:<br \/>\nDistanz: 3.26 km; Abstieg: 397m; Aufstieg: 62 m; Marschzeit: 1  h 8 min<br \/>\n Total: Distanz: 6.52km; Aufstieg: 459m; Abstieg: 459m; Marschzeit:  2.4 h<\/p>\n<p><!-- index.php -->\n<div\n\tclass=\"ngg-galleryoverview ngg-ajax-pagination-none\"\n\tid=\"ngg-gallery-7620-1\">\n\n    \t<div class=\"slideshowlink\">\n        <a href='https:\/\/www.freimarianne.ch\/index.php\/nggallery\/slideshow?page_id=7255'>[Show as slideshow]<\/a>\n\t\t\n\t<\/div>\n\t\t\t<!-- Thumbnails -->\n\t\t\t\t<div id=\"ngg-image-0\" class=\"ngg-gallery-thumbnail-box\" >\n\t\t\t\t        <div class=\"ngg-gallery-thumbnail\">\n            <a href=\"https:\/\/www.freimarianne.ch\/wp-content\/gallery\/isenthal-28-9-2014\/IMG_1450.jpg\"\n               title=\"\"\n               data-src=\"https:\/\/www.freimarianne.ch\/wp-content\/gallery\/isenthal-28-9-2014\/IMG_1450.jpg\"\n               data-thumbnail=\"https:\/\/www.freimarianne.ch\/wp-content\/gallery\/isenthal-28-9-2014\/thumbs\/thumbs_IMG_1450.jpg\"\n               data-image-id=\"9554\"\n               data-title=\"IMG_1450\"\n               data-description=\"\"\n               data-image-slug=\"img_1450-1\"\n               class=\"shutterset_7620\">\n                <img\n                    title=\"IMG_1450\"\n                    alt=\"IMG_1450\"\n                    src=\"https:\/\/www.freimarianne.ch\/wp-content\/gallery\/isenthal-28-9-2014\/thumbs\/thumbs_IMG_1450.jpg\"\n                    width=\"100\"\n                    height=\"75\"\n                    style=\"max-width:100%;\"\n                \/>\n            <\/a>\n        <\/div>\n\t\t\t\t\t\t\t<\/div> \n\t\t\t\n        \n\t\t\t\t<div id=\"ngg-image-1\" class=\"ngg-gallery-thumbnail-box\" >\n\t\t\t\t        <div class=\"ngg-gallery-thumbnail\">\n            <a href=\"https:\/\/www.freimarianne.ch\/wp-content\/gallery\/isenthal-28-9-2014\/IMG_1455.jpg\"\n               title=\"\"\n               data-src=\"https:\/\/www.freimarianne.ch\/wp-content\/gallery\/isenthal-28-9-2014\/IMG_1455.jpg\"\n               data-thumbnail=\"https:\/\/www.freimarianne.ch\/wp-content\/gallery\/isenthal-28-9-2014\/thumbs\/thumbs_IMG_1455.jpg\"\n               data-image-id=\"9555\"\n               data-title=\"IMG_1455\"\n               data-description=\"\"\n               data-image-slug=\"img_1455\"\n               class=\"shutterset_7620\">\n                <img\n                    title=\"IMG_1455\"\n                    alt=\"IMG_1455\"\n                    src=\"https:\/\/www.freimarianne.ch\/wp-content\/gallery\/isenthal-28-9-2014\/thumbs\/thumbs_IMG_1455.jpg\"\n                    width=\"100\"\n                    height=\"75\"\n                    style=\"max-width:100%;\"\n                \/>\n            <\/a>\n        <\/div>\n\t\t\t\t\t\t\t<\/div> \n\t\t\t\n        \n\t\t\t\t<div id=\"ngg-image-2\" class=\"ngg-gallery-thumbnail-box\" >\n\t\t\t\t        <div class=\"ngg-gallery-thumbnail\">\n            <a href=\"https:\/\/www.freimarianne.ch\/wp-content\/gallery\/isenthal-28-9-2014\/IMG_1463.jpg\"\n               title=\"\"\n               data-src=\"https:\/\/www.freimarianne.ch\/wp-content\/gallery\/isenthal-28-9-2014\/IMG_1463.jpg\"\n               data-thumbnail=\"https:\/\/www.freimarianne.ch\/wp-content\/gallery\/isenthal-28-9-2014\/thumbs\/thumbs_IMG_1463.jpg\"\n               data-image-id=\"9556\"\n               data-title=\"IMG_1463\"\n               data-description=\"\"\n               data-image-slug=\"img_1463-1\"\n               class=\"shutterset_7620\">\n                <img\n                    title=\"IMG_1463\"\n                    alt=\"IMG_1463\"\n                    src=\"https:\/\/www.freimarianne.ch\/wp-content\/gallery\/isenthal-28-9-2014\/thumbs\/thumbs_IMG_1463.jpg\"\n                    width=\"100\"\n                    height=\"75\"\n                    style=\"max-width:100%;\"\n                \/>\n            <\/a>\n        <\/div>\n\t\t\t\t\t\t\t<\/div> \n\t\t\t\n        \n\t\t\t\t<div id=\"ngg-image-3\" class=\"ngg-gallery-thumbnail-box\" >\n\t\t\t\t        <div class=\"ngg-gallery-thumbnail\">\n            <a href=\"https:\/\/www.freimarianne.ch\/wp-content\/gallery\/isenthal-28-9-2014\/IMG_1466.jpg\"\n               title=\"\"\n               data-src=\"https:\/\/www.freimarianne.ch\/wp-content\/gallery\/isenthal-28-9-2014\/IMG_1466.jpg\"\n               data-thumbnail=\"https:\/\/www.freimarianne.ch\/wp-content\/gallery\/isenthal-28-9-2014\/thumbs\/thumbs_IMG_1466.jpg\"\n               data-image-id=\"9557\"\n               data-title=\"IMG_1466\"\n               data-description=\"\"\n               data-image-slug=\"img_1466\"\n               class=\"shutterset_7620\">\n                <img\n                    title=\"IMG_1466\"\n                    alt=\"IMG_1466\"\n                    src=\"https:\/\/www.freimarianne.ch\/wp-content\/gallery\/isenthal-28-9-2014\/thumbs\/thumbs_IMG_1466.jpg\"\n                    width=\"100\"\n                    height=\"75\"\n                    style=\"max-width:100%;\"\n                \/>\n            <\/a>\n        <\/div>\n\t\t\t\t\t\t\t<\/div> \n\t\t\t\n        \n\t\t\t\t<div id=\"ngg-image-4\" class=\"ngg-gallery-thumbnail-box\" >\n\t\t\t\t        <div class=\"ngg-gallery-thumbnail\">\n            <a href=\"https:\/\/www.freimarianne.ch\/wp-content\/gallery\/isenthal-28-9-2014\/IMG_1469.jpg\"\n               title=\"\"\n               data-src=\"https:\/\/www.freimarianne.ch\/wp-content\/gallery\/isenthal-28-9-2014\/IMG_1469.jpg\"\n               data-thumbnail=\"https:\/\/www.freimarianne.ch\/wp-content\/gallery\/isenthal-28-9-2014\/thumbs\/thumbs_IMG_1469.jpg\"\n               data-image-id=\"9558\"\n               data-title=\"IMG_1469\"\n               data-description=\"\"\n               data-image-slug=\"img_1469-4\"\n               class=\"shutterset_7620\">\n                <img\n                    title=\"IMG_1469\"\n                    alt=\"IMG_1469\"\n                    src=\"https:\/\/www.freimarianne.ch\/wp-content\/gallery\/isenthal-28-9-2014\/thumbs\/thumbs_IMG_1469.jpg\"\n                    width=\"100\"\n                    height=\"75\"\n                    style=\"max-width:100%;\"\n                \/>\n            <\/a>\n        <\/div>\n\t\t\t\t\t\t\t<\/div> \n\t\t\t\n        \n\t\t\t\t<div id=\"ngg-image-5\" class=\"ngg-gallery-thumbnail-box\" >\n\t\t\t\t        <div class=\"ngg-gallery-thumbnail\">\n            <a href=\"https:\/\/www.freimarianne.ch\/wp-content\/gallery\/isenthal-28-9-2014\/IMG_1477.jpg\"\n               title=\"\"\n               data-src=\"https:\/\/www.freimarianne.ch\/wp-content\/gallery\/isenthal-28-9-2014\/IMG_1477.jpg\"\n               data-thumbnail=\"https:\/\/www.freimarianne.ch\/wp-content\/gallery\/isenthal-28-9-2014\/thumbs\/thumbs_IMG_1477.jpg\"\n               data-image-id=\"9559\"\n               data-title=\"IMG_1477\"\n               data-description=\"\"\n               data-image-slug=\"img_1477\"\n               class=\"shutterset_7620\">\n                <img\n                    title=\"IMG_1477\"\n                    alt=\"IMG_1477\"\n                    src=\"https:\/\/www.freimarianne.ch\/wp-content\/gallery\/isenthal-28-9-2014\/thumbs\/thumbs_IMG_1477.jpg\"\n                    width=\"100\"\n                    height=\"75\"\n                    style=\"max-width:100%;\"\n                \/>\n            <\/a>\n        <\/div>\n\t\t\t\t\t\t\t<\/div> \n\t\t\t\n        \n\t\t\t\t<div id=\"ngg-image-6\" class=\"ngg-gallery-thumbnail-box\" >\n\t\t\t\t        <div class=\"ngg-gallery-thumbnail\">\n            <a href=\"https:\/\/www.freimarianne.ch\/wp-content\/gallery\/isenthal-28-9-2014\/IMG_1484.jpg\"\n               title=\"\"\n               data-src=\"https:\/\/www.freimarianne.ch\/wp-content\/gallery\/isenthal-28-9-2014\/IMG_1484.jpg\"\n               data-thumbnail=\"https:\/\/www.freimarianne.ch\/wp-content\/gallery\/isenthal-28-9-2014\/thumbs\/thumbs_IMG_1484.jpg\"\n               data-image-id=\"9560\"\n               data-title=\"IMG_1484\"\n               data-description=\"\"\n               data-image-slug=\"img_1484-1\"\n               class=\"shutterset_7620\">\n                <img\n                    title=\"IMG_1484\"\n                    alt=\"IMG_1484\"\n                    src=\"https:\/\/www.freimarianne.ch\/wp-content\/gallery\/isenthal-28-9-2014\/thumbs\/thumbs_IMG_1484.jpg\"\n                    width=\"100\"\n                    height=\"75\"\n                    style=\"max-width:100%;\"\n                \/>\n            <\/a>\n        <\/div>\n\t\t\t\t\t\t\t<\/div> \n\t\t\t\n        \n\t\t\t\t<div id=\"ngg-image-7\" class=\"ngg-gallery-thumbnail-box\" >\n\t\t\t\t        <div class=\"ngg-gallery-thumbnail\">\n            <a href=\"https:\/\/www.freimarianne.ch\/wp-content\/gallery\/isenthal-28-9-2014\/IMG_1486.jpg\"\n               title=\"\"\n               data-src=\"https:\/\/www.freimarianne.ch\/wp-content\/gallery\/isenthal-28-9-2014\/IMG_1486.jpg\"\n               data-thumbnail=\"https:\/\/www.freimarianne.ch\/wp-content\/gallery\/isenthal-28-9-2014\/thumbs\/thumbs_IMG_1486.jpg\"\n               data-image-id=\"9561\"\n               data-title=\"IMG_1486\"\n               data-description=\"\"\n               data-image-slug=\"img_1486-1\"\n               class=\"shutterset_7620\">\n                <img\n                    title=\"IMG_1486\"\n                    alt=\"IMG_1486\"\n                    src=\"https:\/\/www.freimarianne.ch\/wp-content\/gallery\/isenthal-28-9-2014\/thumbs\/thumbs_IMG_1486.jpg\"\n                    width=\"100\"\n                    height=\"75\"\n                    style=\"max-width:100%;\"\n                \/>\n            <\/a>\n        <\/div>\n\t\t\t\t\t\t\t<\/div> \n\t\t\t\n        \n\t\t\t\t<div id=\"ngg-image-8\" class=\"ngg-gallery-thumbnail-box\" >\n\t\t\t\t        <div class=\"ngg-gallery-thumbnail\">\n            <a href=\"https:\/\/www.freimarianne.ch\/wp-content\/gallery\/isenthal-28-9-2014\/IMG_1487.jpg\"\n               title=\"\"\n               data-src=\"https:\/\/www.freimarianne.ch\/wp-content\/gallery\/isenthal-28-9-2014\/IMG_1487.jpg\"\n               data-thumbnail=\"https:\/\/www.freimarianne.ch\/wp-content\/gallery\/isenthal-28-9-2014\/thumbs\/thumbs_IMG_1487.jpg\"\n               data-image-id=\"9562\"\n               data-title=\"IMG_1487\"\n               data-description=\"\"\n               data-image-slug=\"img_1487-4\"\n               class=\"shutterset_7620\">\n                <img\n                    title=\"IMG_1487\"\n                    alt=\"IMG_1487\"\n                    src=\"https:\/\/www.freimarianne.ch\/wp-content\/gallery\/isenthal-28-9-2014\/thumbs\/thumbs_IMG_1487.jpg\"\n                    width=\"100\"\n                    height=\"75\"\n                    style=\"max-width:100%;\"\n                \/>\n            <\/a>\n        <\/div>\n\t\t\t\t\t\t\t<\/div> \n\t\t\t\n        \n\t\t\t\t<div id=\"ngg-image-9\" class=\"ngg-gallery-thumbnail-box\" >\n\t\t\t\t        <div class=\"ngg-gallery-thumbnail\">\n            <a href=\"https:\/\/www.freimarianne.ch\/wp-content\/gallery\/isenthal-28-9-2014\/IMG_1491.jpg\"\n               title=\"\"\n               data-src=\"https:\/\/www.freimarianne.ch\/wp-content\/gallery\/isenthal-28-9-2014\/IMG_1491.jpg\"\n               data-thumbnail=\"https:\/\/www.freimarianne.ch\/wp-content\/gallery\/isenthal-28-9-2014\/thumbs\/thumbs_IMG_1491.jpg\"\n               data-image-id=\"9563\"\n               data-title=\"IMG_1491\"\n               data-description=\"\"\n               data-image-slug=\"img_1491\"\n               class=\"shutterset_7620\">\n                <img\n                    title=\"IMG_1491\"\n                    alt=\"IMG_1491\"\n                    src=\"https:\/\/www.freimarianne.ch\/wp-content\/gallery\/isenthal-28-9-2014\/thumbs\/thumbs_IMG_1491.jpg\"\n                    width=\"100\"\n                    height=\"75\"\n                    style=\"max-width:100%;\"\n                \/>\n            <\/a>\n        <\/div>\n\t\t\t\t\t\t\t<\/div> \n\t\t\t\n        \n\t\t\t\t<div id=\"ngg-image-10\" class=\"ngg-gallery-thumbnail-box\" >\n\t\t\t\t        <div class=\"ngg-gallery-thumbnail\">\n            <a href=\"https:\/\/www.freimarianne.ch\/wp-content\/gallery\/isenthal-28-9-2014\/IMG_1493.jpg\"\n               title=\"\"\n               data-src=\"https:\/\/www.freimarianne.ch\/wp-content\/gallery\/isenthal-28-9-2014\/IMG_1493.jpg\"\n               data-thumbnail=\"https:\/\/www.freimarianne.ch\/wp-content\/gallery\/isenthal-28-9-2014\/thumbs\/thumbs_IMG_1493.jpg\"\n               data-image-id=\"9564\"\n               data-title=\"IMG_1493\"\n               data-description=\"\"\n               data-image-slug=\"img_1493-4\"\n               class=\"shutterset_7620\">\n                <img\n                    title=\"IMG_1493\"\n                    alt=\"IMG_1493\"\n                    src=\"https:\/\/www.freimarianne.ch\/wp-content\/gallery\/isenthal-28-9-2014\/thumbs\/thumbs_IMG_1493.jpg\"\n                    width=\"100\"\n                    height=\"75\"\n                    style=\"max-width:100%;\"\n                \/>\n            <\/a>\n        <\/div>\n\t\t\t\t\t\t\t<\/div> \n\t\t\t\n        \n\t\t\t\t<div id=\"ngg-image-11\" class=\"ngg-gallery-thumbnail-box\" >\n\t\t\t\t        <div class=\"ngg-gallery-thumbnail\">\n            <a href=\"https:\/\/www.freimarianne.ch\/wp-content\/gallery\/isenthal-28-9-2014\/IMG_1499.jpg\"\n               title=\"\"\n               data-src=\"https:\/\/www.freimarianne.ch\/wp-content\/gallery\/isenthal-28-9-2014\/IMG_1499.jpg\"\n               data-thumbnail=\"https:\/\/www.freimarianne.ch\/wp-content\/gallery\/isenthal-28-9-2014\/thumbs\/thumbs_IMG_1499.jpg\"\n               data-image-id=\"9565\"\n               data-title=\"IMG_1499\"\n               data-description=\"\"\n               data-image-slug=\"img_1499-3\"\n               class=\"shutterset_7620\">\n                <img\n                    title=\"IMG_1499\"\n                    alt=\"IMG_1499\"\n                    src=\"https:\/\/www.freimarianne.ch\/wp-content\/gallery\/isenthal-28-9-2014\/thumbs\/thumbs_IMG_1499.jpg\"\n                    width=\"100\"\n                    height=\"75\"\n                    style=\"max-width:100%;\"\n                \/>\n            <\/a>\n        <\/div>\n\t\t\t\t\t\t\t<\/div> \n\t\t\t\n        \n\t\t\t\t<div id=\"ngg-image-12\" class=\"ngg-gallery-thumbnail-box\" >\n\t\t\t\t        <div class=\"ngg-gallery-thumbnail\">\n            <a href=\"https:\/\/www.freimarianne.ch\/wp-content\/gallery\/isenthal-28-9-2014\/IMG_1503.jpg\"\n               title=\"\"\n               data-src=\"https:\/\/www.freimarianne.ch\/wp-content\/gallery\/isenthal-28-9-2014\/IMG_1503.jpg\"\n               data-thumbnail=\"https:\/\/www.freimarianne.ch\/wp-content\/gallery\/isenthal-28-9-2014\/thumbs\/thumbs_IMG_1503.jpg\"\n               data-image-id=\"9566\"\n               data-title=\"IMG_1503\"\n               data-description=\"\"\n               data-image-slug=\"img_1503-3\"\n               class=\"shutterset_7620\">\n                <img\n                    title=\"IMG_1503\"\n                    alt=\"IMG_1503\"\n                    src=\"https:\/\/www.freimarianne.ch\/wp-content\/gallery\/isenthal-28-9-2014\/thumbs\/thumbs_IMG_1503.jpg\"\n                    width=\"100\"\n                    height=\"75\"\n                    style=\"max-width:100%;\"\n                \/>\n            <\/a>\n        <\/div>\n\t\t\t\t\t\t\t<\/div> \n\t\t\t\n        \n\t\t\n\t\t<!-- Pagination -->\n\t<div class='ngg-clear'><\/div>\t<\/div>\n<\/p>\n","protected":false},"excerpt":{"rendered":"<p>Wanderung von Isleten nach Isenthal zum Alpabzug Nach zwei Wandertagen wollen wir heute etwas Kleineres machen und einfach den sch\u00f6nen Sonntag geniessen. Wir fahren nach Fl\u00fcelen und setzen mit dem Schiff hin\u00fcber nach Isleten. Von hier steigen wir durch den steilen Wald hinauf zum Saum und dann geht es flach hinein ins Tal. Schon von [&hellip;]<\/p>\n","protected":false},"author":1,"featured_media":0,"parent":6625,"menu_order":11,"comment_status":"closed","ping_status":"closed","template":"","meta":{"ngg_post_thumbnail":0},"_links":{"self":[{"href":"https:\/\/www.freimarianne.ch\/index.php?rest_route=\/wp\/v2\/pages\/7255"}],"collection":[{"href":"https:\/\/www.freimarianne.ch\/index.php?rest_route=\/wp\/v2\/pages"}],"about":[{"href":"https:\/\/www.freimarianne.ch\/index.php?rest_route=\/wp\/v2\/types\/page"}],"author":[{"embeddable":true,"href":"https:\/\/www.freimarianne.ch\/index.php?rest_route=\/wp\/v2\/users\/1"}],"replies":[{"embeddable":true,"href":"https:\/\/www.freimarianne.ch\/index.php?rest_route=%2Fwp%2Fv2%2Fcomments&post=7255"}],"version-history":[{"count":9,"href":"https:\/\/www.freimarianne.ch\/index.php?rest_route=\/wp\/v2\/pages\/7255\/revisions"}],"predecessor-version":[{"id":7634,"href":"https:\/\/www.freimarianne.ch\/index.php?rest_route=\/wp\/v2\/pages\/7255\/revisions\/7634"}],"up":[{"embeddable":true,"href":"https:\/\/www.freimarianne.ch\/index.php?rest_route=\/wp\/v2\/pages\/6625"}],"wp:attachment":[{"href":"https:\/\/www.freimarianne.ch\/index.php?rest_route=%2Fwp%2Fv2%2Fmedia&parent=7255"}],"curies":[{"name":"wp","href":"https:\/\/api.w.org\/{rel}","templated":true}]}}