{"id":7399,"date":"2014-10-05T09:55:51","date_gmt":"2014-10-05T08:55:51","guid":{"rendered":"http:\/\/www.freimarianne.ch\/?page_id=7399"},"modified":"2014-10-08T09:21:21","modified_gmt":"2014-10-08T08:21:21","slug":"jeizinen-faldumalp-ferden","status":"publish","type":"page","link":"https:\/\/www.freimarianne.ch\/?page_id=7399","title":{"rendered":"Jeizinen &#8211; Faldumalp &#8211; Ferden, VS 3.10.2014"},"content":{"rendered":"<p><strong>Bergwanderung &#8211; L\u00f6tschentaler H\u00f6henweg<\/strong><br \/>\nvon Jeizinen 1525m \u00fcber Underi Meiggu 1840m zur Faldumalp 2037m und hinunter nach Ferden 1376m.<br \/>\n<img loading=\"lazy\" class=\"aligncenter size-full wp-image-7395\" src=\"http:\/\/www.freimarianne.ch\/wp-content\/uploads\/2014\/10\/IMG_1628_faldum_500.jpg\" alt=\"IMG_1628_faldum_500\" width=\"500\" height=\"333\" srcset=\"https:\/\/www.freimarianne.ch\/wp-content\/uploads\/2014\/10\/IMG_1628_faldum_500.jpg 500w, https:\/\/www.freimarianne.ch\/wp-content\/uploads\/2014\/10\/IMG_1628_faldum_500-300x199.jpg 300w, https:\/\/www.freimarianne.ch\/wp-content\/uploads\/2014\/10\/IMG_1628_faldum_500-450x300.jpg 450w\" sizes=\"(max-width: 500px) 100vw, 500px\" \/><br \/>\nUm 11 h in Jeizinen angekommen, machen wir uns gleich auf den Weg, der uns auf der rechten Talseite des L\u00f6tschentals dem Hang entlang f\u00fchrt; zuerst durch offenens Gebiet dann durch den sch\u00f6nen Bergwald immer etwas h\u00f6her hinauf bis zur Abzweigung nach Goppenstein, die nicht zu empfehlen ist. Hier nehmen wir den Weg links und steigen weiter im Wald auf. Wir kommen dann in das Gebiet Meiggu und machen Mittagshalt auf der sch\u00f6nen Alp Underi Meiggu 1840m. Bis jetzt sind wir nur auf richtigen Wanderwegen gegangen. Leider \u00e4ndert das nun und wir m\u00fcssen auf einer Alpstrasse gehen, die in einer grosse Kehre hinauf zum Faldumt\u00f6rli 2132m f\u00fchrt . Hier gibt es eine Abzweigung nach Oberi Meiggu.<br \/>\nWir wollen aber auf die Faldumalp, wohin uns die Alpstrasse bringt. Vor der Kapelle Maria zum Schnee steht leider ein weisser Lieferwagen, der ein Foto verunm\u00f6glicht. Die Kapelle wird gerade f\u00fcr eine Hochzeit am Samstag geschm\u00fcckt &#8211; und zwar von Floristen aus Holland! Wir geniessen noch ein wenig den Sonnenschein aber nicht allzu lange. Es wird d\u00fcster und kalt und wir brechen wieder auf. Wir nehmen den Talweg hinunter nach Ferden, der ein richtiger Wanderweg ist. Bald gehen wir wieder in der Sonne und freuen uns an der herbstlichen Landschaft.<br \/>\nUm 16.00 sind wir dann endlich unten im Dorf Ferden, wo wir noch einkehren.<br \/>\nDies war eine interessante Wanderung. Es wird bald noch farbiger werden im L\u00f6tschental! Da m\u00fcssen wir wider kommen!<br \/>\nLaut Swissmap:<br \/>\nDistanz: 12.4km; Aufstieg: 820m; Abstieg: 969m; Marschzeit: 4.35 h<br \/>\nWir waren 5 Stunden unterwegs; Halte eingeschlossen.<\/p>\n<p><!-- index.php -->\n<div\n\tclass=\"ngg-galleryoverview ngg-ajax-pagination-none\"\n\tid=\"ngg-gallery-7624-1\">\n\n    \t<div class=\"slideshowlink\">\n        <a href='https:\/\/www.freimarianne.ch\/index.php\/nggallery\/slideshow?page_id=7399'>[Show as slideshow]<\/a>\n\t\t\n\t<\/div>\n\t\t\t<!-- Thumbnails -->\n\t\t\t\t<div id=\"ngg-image-0\" class=\"ngg-gallery-thumbnail-box\" >\n\t\t\t\t        <div class=\"ngg-gallery-thumbnail\">\n            <a href=\"https:\/\/www.freimarianne.ch\/wp-content\/gallery\/jeizinen-ferden-3-10-2014\/IMG_1623.jpg\"\n               title=\"\"\n               data-src=\"https:\/\/www.freimarianne.ch\/wp-content\/gallery\/jeizinen-ferden-3-10-2014\/IMG_1623.jpg\"\n               data-thumbnail=\"https:\/\/www.freimarianne.ch\/wp-content\/gallery\/jeizinen-ferden-3-10-2014\/thumbs\/thumbs_IMG_1623.jpg\"\n               data-image-id=\"9594\"\n               data-title=\"IMG_1623\"\n               data-description=\"\"\n               data-image-slug=\"img_1623-1\"\n               class=\"shutterset_7624\">\n                <img\n                    title=\"IMG_1623\"\n                    alt=\"IMG_1623\"\n                    src=\"https:\/\/www.freimarianne.ch\/wp-content\/gallery\/jeizinen-ferden-3-10-2014\/thumbs\/thumbs_IMG_1623.jpg\"\n                    width=\"100\"\n                    height=\"75\"\n                    style=\"max-width:100%;\"\n                \/>\n            <\/a>\n        <\/div>\n\t\t\t\t\t\t\t<\/div> \n\t\t\t\n        \n\t\t\t\t<div id=\"ngg-image-1\" class=\"ngg-gallery-thumbnail-box\" >\n\t\t\t\t        <div class=\"ngg-gallery-thumbnail\">\n            <a href=\"https:\/\/www.freimarianne.ch\/wp-content\/gallery\/jeizinen-ferden-3-10-2014\/IMG_1625.jpg\"\n               title=\"\"\n               data-src=\"https:\/\/www.freimarianne.ch\/wp-content\/gallery\/jeizinen-ferden-3-10-2014\/IMG_1625.jpg\"\n               data-thumbnail=\"https:\/\/www.freimarianne.ch\/wp-content\/gallery\/jeizinen-ferden-3-10-2014\/thumbs\/thumbs_IMG_1625.jpg\"\n               data-image-id=\"9595\"\n               data-title=\"IMG_1625\"\n               data-description=\"\"\n               data-image-slug=\"img_1625\"\n               class=\"shutterset_7624\">\n                <img\n                    title=\"IMG_1625\"\n                    alt=\"IMG_1625\"\n                    src=\"https:\/\/www.freimarianne.ch\/wp-content\/gallery\/jeizinen-ferden-3-10-2014\/thumbs\/thumbs_IMG_1625.jpg\"\n                    width=\"100\"\n                    height=\"75\"\n                    style=\"max-width:100%;\"\n                \/>\n            <\/a>\n        <\/div>\n\t\t\t\t\t\t\t<\/div> \n\t\t\t\n        \n\t\t\t\t<div id=\"ngg-image-2\" class=\"ngg-gallery-thumbnail-box\" >\n\t\t\t\t        <div class=\"ngg-gallery-thumbnail\">\n            <a href=\"https:\/\/www.freimarianne.ch\/wp-content\/gallery\/jeizinen-ferden-3-10-2014\/IMG_1626.jpg\"\n               title=\"\"\n               data-src=\"https:\/\/www.freimarianne.ch\/wp-content\/gallery\/jeizinen-ferden-3-10-2014\/IMG_1626.jpg\"\n               data-thumbnail=\"https:\/\/www.freimarianne.ch\/wp-content\/gallery\/jeizinen-ferden-3-10-2014\/thumbs\/thumbs_IMG_1626.jpg\"\n               data-image-id=\"9596\"\n               data-title=\"IMG_1626\"\n               data-description=\"\"\n               data-image-slug=\"img_1626\"\n               class=\"shutterset_7624\">\n                <img\n                    title=\"IMG_1626\"\n                    alt=\"IMG_1626\"\n                    src=\"https:\/\/www.freimarianne.ch\/wp-content\/gallery\/jeizinen-ferden-3-10-2014\/thumbs\/thumbs_IMG_1626.jpg\"\n                    width=\"100\"\n                    height=\"75\"\n                    style=\"max-width:100%;\"\n                \/>\n            <\/a>\n        <\/div>\n\t\t\t\t\t\t\t<\/div> \n\t\t\t\n        \n\t\t\t\t<div id=\"ngg-image-3\" class=\"ngg-gallery-thumbnail-box\" >\n\t\t\t\t        <div class=\"ngg-gallery-thumbnail\">\n            <a href=\"https:\/\/www.freimarianne.ch\/wp-content\/gallery\/jeizinen-ferden-3-10-2014\/IMG_1629.jpg\"\n               title=\"\"\n               data-src=\"https:\/\/www.freimarianne.ch\/wp-content\/gallery\/jeizinen-ferden-3-10-2014\/IMG_1629.jpg\"\n               data-thumbnail=\"https:\/\/www.freimarianne.ch\/wp-content\/gallery\/jeizinen-ferden-3-10-2014\/thumbs\/thumbs_IMG_1629.jpg\"\n               data-image-id=\"9597\"\n               data-title=\"IMG_1629\"\n               data-description=\"\"\n               data-image-slug=\"img_1629\"\n               class=\"shutterset_7624\">\n                <img\n                    title=\"IMG_1629\"\n                    alt=\"IMG_1629\"\n                    src=\"https:\/\/www.freimarianne.ch\/wp-content\/gallery\/jeizinen-ferden-3-10-2014\/thumbs\/thumbs_IMG_1629.jpg\"\n                    width=\"100\"\n                    height=\"75\"\n                    style=\"max-width:100%;\"\n                \/>\n            <\/a>\n        <\/div>\n\t\t\t\t\t\t\t<\/div> \n\t\t\t\n        \n\t\t\t\t<div id=\"ngg-image-4\" class=\"ngg-gallery-thumbnail-box\" >\n\t\t\t\t        <div class=\"ngg-gallery-thumbnail\">\n            <a href=\"https:\/\/www.freimarianne.ch\/wp-content\/gallery\/jeizinen-ferden-3-10-2014\/IMG_1631.jpg\"\n               title=\"\"\n               data-src=\"https:\/\/www.freimarianne.ch\/wp-content\/gallery\/jeizinen-ferden-3-10-2014\/IMG_1631.jpg\"\n               data-thumbnail=\"https:\/\/www.freimarianne.ch\/wp-content\/gallery\/jeizinen-ferden-3-10-2014\/thumbs\/thumbs_IMG_1631.jpg\"\n               data-image-id=\"9598\"\n               data-title=\"IMG_1631\"\n               data-description=\"\"\n               data-image-slug=\"img_1631\"\n               class=\"shutterset_7624\">\n                <img\n                    title=\"IMG_1631\"\n                    alt=\"IMG_1631\"\n                    src=\"https:\/\/www.freimarianne.ch\/wp-content\/gallery\/jeizinen-ferden-3-10-2014\/thumbs\/thumbs_IMG_1631.jpg\"\n                    width=\"100\"\n                    height=\"75\"\n                    style=\"max-width:100%;\"\n                \/>\n            <\/a>\n        <\/div>\n\t\t\t\t\t\t\t<\/div> \n\t\t\t\n        \n\t\t\t\t<div id=\"ngg-image-5\" class=\"ngg-gallery-thumbnail-box\" >\n\t\t\t\t        <div class=\"ngg-gallery-thumbnail\">\n            <a href=\"https:\/\/www.freimarianne.ch\/wp-content\/gallery\/jeizinen-ferden-3-10-2014\/IMG_1637.jpg\"\n               title=\"\"\n               data-src=\"https:\/\/www.freimarianne.ch\/wp-content\/gallery\/jeizinen-ferden-3-10-2014\/IMG_1637.jpg\"\n               data-thumbnail=\"https:\/\/www.freimarianne.ch\/wp-content\/gallery\/jeizinen-ferden-3-10-2014\/thumbs\/thumbs_IMG_1637.jpg\"\n               data-image-id=\"9599\"\n               data-title=\"IMG_1637\"\n               data-description=\"\"\n               data-image-slug=\"img_1637\"\n               class=\"shutterset_7624\">\n                <img\n                    title=\"IMG_1637\"\n                    alt=\"IMG_1637\"\n                    src=\"https:\/\/www.freimarianne.ch\/wp-content\/gallery\/jeizinen-ferden-3-10-2014\/thumbs\/thumbs_IMG_1637.jpg\"\n                    width=\"100\"\n                    height=\"75\"\n                    style=\"max-width:100%;\"\n                \/>\n            <\/a>\n        <\/div>\n\t\t\t\t\t\t\t<\/div> \n\t\t\t\n        \n\t\t\t\t<div id=\"ngg-image-6\" class=\"ngg-gallery-thumbnail-box\" >\n\t\t\t\t        <div class=\"ngg-gallery-thumbnail\">\n            <a href=\"https:\/\/www.freimarianne.ch\/wp-content\/gallery\/jeizinen-ferden-3-10-2014\/IMG_1642.jpg\"\n               title=\"\"\n               data-src=\"https:\/\/www.freimarianne.ch\/wp-content\/gallery\/jeizinen-ferden-3-10-2014\/IMG_1642.jpg\"\n               data-thumbnail=\"https:\/\/www.freimarianne.ch\/wp-content\/gallery\/jeizinen-ferden-3-10-2014\/thumbs\/thumbs_IMG_1642.jpg\"\n               data-image-id=\"9600\"\n               data-title=\"IMG_1642\"\n               data-description=\"\"\n               data-image-slug=\"img_1642-1\"\n               class=\"shutterset_7624\">\n                <img\n                    title=\"IMG_1642\"\n                    alt=\"IMG_1642\"\n                    src=\"https:\/\/www.freimarianne.ch\/wp-content\/gallery\/jeizinen-ferden-3-10-2014\/thumbs\/thumbs_IMG_1642.jpg\"\n                    width=\"100\"\n                    height=\"75\"\n                    style=\"max-width:100%;\"\n                \/>\n            <\/a>\n        <\/div>\n\t\t\t\t\t\t\t<\/div> \n\t\t\t\n        \n\t\t\t\t<div id=\"ngg-image-7\" class=\"ngg-gallery-thumbnail-box\" >\n\t\t\t\t        <div class=\"ngg-gallery-thumbnail\">\n            <a href=\"https:\/\/www.freimarianne.ch\/wp-content\/gallery\/jeizinen-ferden-3-10-2014\/IMG_1643.jpg\"\n               title=\"\"\n               data-src=\"https:\/\/www.freimarianne.ch\/wp-content\/gallery\/jeizinen-ferden-3-10-2014\/IMG_1643.jpg\"\n               data-thumbnail=\"https:\/\/www.freimarianne.ch\/wp-content\/gallery\/jeizinen-ferden-3-10-2014\/thumbs\/thumbs_IMG_1643.jpg\"\n               data-image-id=\"9601\"\n               data-title=\"IMG_1643\"\n               data-description=\"\"\n               data-image-slug=\"img_1643-1\"\n               class=\"shutterset_7624\">\n                <img\n                    title=\"IMG_1643\"\n                    alt=\"IMG_1643\"\n                    src=\"https:\/\/www.freimarianne.ch\/wp-content\/gallery\/jeizinen-ferden-3-10-2014\/thumbs\/thumbs_IMG_1643.jpg\"\n                    width=\"100\"\n                    height=\"75\"\n                    style=\"max-width:100%;\"\n                \/>\n            <\/a>\n        <\/div>\n\t\t\t\t\t\t\t<\/div> \n\t\t\t\n        \n\t\t\t\t<div id=\"ngg-image-8\" class=\"ngg-gallery-thumbnail-box\" >\n\t\t\t\t        <div class=\"ngg-gallery-thumbnail\">\n            <a href=\"https:\/\/www.freimarianne.ch\/wp-content\/gallery\/jeizinen-ferden-3-10-2014\/IMG_1647.jpg\"\n               title=\"\"\n               data-src=\"https:\/\/www.freimarianne.ch\/wp-content\/gallery\/jeizinen-ferden-3-10-2014\/IMG_1647.jpg\"\n               data-thumbnail=\"https:\/\/www.freimarianne.ch\/wp-content\/gallery\/jeizinen-ferden-3-10-2014\/thumbs\/thumbs_IMG_1647.jpg\"\n               data-image-id=\"9602\"\n               data-title=\"IMG_1647\"\n               data-description=\"\"\n               data-image-slug=\"img_1647-1\"\n               class=\"shutterset_7624\">\n                <img\n                    title=\"IMG_1647\"\n                    alt=\"IMG_1647\"\n                    src=\"https:\/\/www.freimarianne.ch\/wp-content\/gallery\/jeizinen-ferden-3-10-2014\/thumbs\/thumbs_IMG_1647.jpg\"\n                    width=\"100\"\n                    height=\"75\"\n                    style=\"max-width:100%;\"\n                \/>\n            <\/a>\n        <\/div>\n\t\t\t\t\t\t\t<\/div> \n\t\t\t\n        \n\t\t\t\t<div id=\"ngg-image-9\" class=\"ngg-gallery-thumbnail-box\" >\n\t\t\t\t        <div class=\"ngg-gallery-thumbnail\">\n            <a href=\"https:\/\/www.freimarianne.ch\/wp-content\/gallery\/jeizinen-ferden-3-10-2014\/IMG_1649.jpg\"\n               title=\"\"\n               data-src=\"https:\/\/www.freimarianne.ch\/wp-content\/gallery\/jeizinen-ferden-3-10-2014\/IMG_1649.jpg\"\n               data-thumbnail=\"https:\/\/www.freimarianne.ch\/wp-content\/gallery\/jeizinen-ferden-3-10-2014\/thumbs\/thumbs_IMG_1649.jpg\"\n               data-image-id=\"9603\"\n               data-title=\"IMG_1649\"\n               data-description=\"\"\n               data-image-slug=\"img_1649-1\"\n               class=\"shutterset_7624\">\n                <img\n                    title=\"IMG_1649\"\n                    alt=\"IMG_1649\"\n                    src=\"https:\/\/www.freimarianne.ch\/wp-content\/gallery\/jeizinen-ferden-3-10-2014\/thumbs\/thumbs_IMG_1649.jpg\"\n                    width=\"100\"\n                    height=\"75\"\n                    style=\"max-width:100%;\"\n                \/>\n            <\/a>\n        <\/div>\n\t\t\t\t\t\t\t<\/div> \n\t\t\t\n        \n\t\t\t\t<div id=\"ngg-image-10\" class=\"ngg-gallery-thumbnail-box\" >\n\t\t\t\t        <div class=\"ngg-gallery-thumbnail\">\n            <a href=\"https:\/\/www.freimarianne.ch\/wp-content\/gallery\/jeizinen-ferden-3-10-2014\/IMG_1651.jpg\"\n               title=\"\"\n               data-src=\"https:\/\/www.freimarianne.ch\/wp-content\/gallery\/jeizinen-ferden-3-10-2014\/IMG_1651.jpg\"\n               data-thumbnail=\"https:\/\/www.freimarianne.ch\/wp-content\/gallery\/jeizinen-ferden-3-10-2014\/thumbs\/thumbs_IMG_1651.jpg\"\n               data-image-id=\"9604\"\n               data-title=\"IMG_1651\"\n               data-description=\"\"\n               data-image-slug=\"img_1651\"\n               class=\"shutterset_7624\">\n                <img\n                    title=\"IMG_1651\"\n                    alt=\"IMG_1651\"\n                    src=\"https:\/\/www.freimarianne.ch\/wp-content\/gallery\/jeizinen-ferden-3-10-2014\/thumbs\/thumbs_IMG_1651.jpg\"\n                    width=\"100\"\n                    height=\"75\"\n                    style=\"max-width:100%;\"\n                \/>\n            <\/a>\n        <\/div>\n\t\t\t\t\t\t\t<\/div> \n\t\t\t\n        \n\t\t\t\t<div id=\"ngg-image-11\" class=\"ngg-gallery-thumbnail-box\" >\n\t\t\t\t        <div class=\"ngg-gallery-thumbnail\">\n            <a href=\"https:\/\/www.freimarianne.ch\/wp-content\/gallery\/jeizinen-ferden-3-10-2014\/IMG_1658.jpg\"\n               title=\"\"\n               data-src=\"https:\/\/www.freimarianne.ch\/wp-content\/gallery\/jeizinen-ferden-3-10-2014\/IMG_1658.jpg\"\n               data-thumbnail=\"https:\/\/www.freimarianne.ch\/wp-content\/gallery\/jeizinen-ferden-3-10-2014\/thumbs\/thumbs_IMG_1658.jpg\"\n               data-image-id=\"9605\"\n               data-title=\"IMG_1658\"\n               data-description=\"\"\n               data-image-slug=\"img_1658\"\n               class=\"shutterset_7624\">\n                <img\n                    title=\"IMG_1658\"\n                    alt=\"IMG_1658\"\n                    src=\"https:\/\/www.freimarianne.ch\/wp-content\/gallery\/jeizinen-ferden-3-10-2014\/thumbs\/thumbs_IMG_1658.jpg\"\n                    width=\"100\"\n                    height=\"75\"\n                    style=\"max-width:100%;\"\n                \/>\n            <\/a>\n        <\/div>\n\t\t\t\t\t\t\t<\/div> \n\t\t\t\n        \n\t\t\n\t\t<!-- Pagination -->\n\t<div class='ngg-clear'><\/div>\t<\/div>\n<\/p>\n","protected":false},"excerpt":{"rendered":"<p>Bergwanderung &#8211; L\u00f6tschentaler H\u00f6henweg von Jeizinen 1525m \u00fcber Underi Meiggu 1840m zur Faldumalp 2037m und hinunter nach Ferden 1376m. Um 11 h in Jeizinen angekommen, machen wir uns gleich auf den Weg, der uns auf der rechten Talseite des L\u00f6tschentals dem Hang entlang f\u00fchrt; zuerst durch offenens Gebiet dann durch den sch\u00f6nen Bergwald immer etwas [&hellip;]<\/p>\n","protected":false},"author":1,"featured_media":0,"parent":6625,"menu_order":13,"comment_status":"closed","ping_status":"closed","template":"","meta":{"ngg_post_thumbnail":0},"_links":{"self":[{"href":"https:\/\/www.freimarianne.ch\/index.php?rest_route=\/wp\/v2\/pages\/7399"}],"collection":[{"href":"https:\/\/www.freimarianne.ch\/index.php?rest_route=\/wp\/v2\/pages"}],"about":[{"href":"https:\/\/www.freimarianne.ch\/index.php?rest_route=\/wp\/v2\/types\/page"}],"author":[{"embeddable":true,"href":"https:\/\/www.freimarianne.ch\/index.php?rest_route=\/wp\/v2\/users\/1"}],"replies":[{"embeddable":true,"href":"https:\/\/www.freimarianne.ch\/index.php?rest_route=%2Fwp%2Fv2%2Fcomments&post=7399"}],"version-history":[{"count":7,"href":"https:\/\/www.freimarianne.ch\/index.php?rest_route=\/wp\/v2\/pages\/7399\/revisions"}],"predecessor-version":[{"id":7629,"href":"https:\/\/www.freimarianne.ch\/index.php?rest_route=\/wp\/v2\/pages\/7399\/revisions\/7629"}],"up":[{"embeddable":true,"href":"https:\/\/www.freimarianne.ch\/index.php?rest_route=\/wp\/v2\/pages\/6625"}],"wp:attachment":[{"href":"https:\/\/www.freimarianne.ch\/index.php?rest_route=%2Fwp%2Fv2%2Fmedia&parent=7399"}],"curies":[{"name":"wp","href":"https:\/\/api.w.org\/{rel}","templated":true}]}}