{"id":7799,"date":"2014-10-22T13:39:30","date_gmt":"2014-10-22T12:39:30","guid":{"rendered":"http:\/\/www.freimarianne.ch\/?page_id=7799"},"modified":"2015-10-06T16:22:54","modified_gmt":"2015-10-06T15:22:54","slug":"interlaken-iseltwald-be-17-10-2014","status":"publish","type":"page","link":"https:\/\/www.freimarianne.ch\/?page_id=7799","title":{"rendered":"Interlaken &#8211; Iseltwald, BE  17.10.2014"},"content":{"rendered":"<p><strong>Wanderung von Interlaken &#8211; Ost \u00fcber B\u00f6nigen nach Iseltwald<\/strong><\/p>\n<p><img loading=\"lazy\" class=\"aligncenter size-full wp-image-7809\" src=\"http:\/\/www.freimarianne.ch\/wp-content\/uploads\/2014\/10\/IMG_6664_iseltwald_500.jpg\" alt=\"IMG_6664_iseltwald_500\" width=\"500\" height=\"375\" srcset=\"https:\/\/www.freimarianne.ch\/wp-content\/uploads\/2014\/10\/IMG_6664_iseltwald_500.jpg 500w, https:\/\/www.freimarianne.ch\/wp-content\/uploads\/2014\/10\/IMG_6664_iseltwald_500-300x225.jpg 300w, https:\/\/www.freimarianne.ch\/wp-content\/uploads\/2014\/10\/IMG_6664_iseltwald_500-400x300.jpg 400w\" sizes=\"(max-width: 500px) 100vw, 500px\" \/><br \/>\nWegen dem unsicheren Wetter planen wir heute einen langen Spaziergang am Brienzersee.<br \/>\nWir wandern von Interlaken Ost nach B\u00f6nigen, wobei wir den Einstieg in den Weg dem See entlang verpassen.<br \/>\nDie Stimmung am See ist wundersch\u00f6n und die Sonne scheint. Nach B\u00f6nigen wollen wir den Wanderweg benutzen, um nicht auf Teer zu gehen. Bei Uf der R\u00fcri zweigen wir auch den Wanderweg ab, der uns durch den Wald immer h\u00f6her hinauff\u00fchrt. Zuerst ist der Weg eine Waldstrasse dann aber wird er eng und ausgesetzt. Tief unter uns h\u00f6ren wir das Rauschen der Autobahn. Es geht dann steil hinunter nach Fura 702m, einem kleinen Weiler. Von dort aus finden wir einen sch\u00f6nen Wanderweg hinunter zum See und hin\u00fcber nach Iseltwald, wo wir den Bus zur\u00fcck nach Interlaken Ost nehmen.<br \/>\nDiese Wanderung ist nicht unbedingt zu empfehlen, aber sie ist die einzige Alternative zum Weg am See entlang, der auf der Strasse verl\u00e4uft.<\/p>\n<p>Interlaken Ost- B\u00f6nigen- Isletwald<br \/>\nLaut Swissmap:<br \/>\nDistanz: 10.7km; Aufstieg:532m; Abstieg: 536m; Marschzeit: 3.34h<\/p>\n<p><!-- index.php -->\n<div\n\tclass=\"ngg-galleryoverview ngg-ajax-pagination-none\"\n\tid=\"ngg-gallery-8028-1\">\n\n    \t<div class=\"slideshowlink\">\n        <a href='https:\/\/www.freimarianne.ch\/index.php\/nggallery\/slideshow?page_id=7799'>[Show as slideshow]<\/a>\n\t\t\n\t<\/div>\n\t\t\t<!-- Thumbnails -->\n\t\t\t\t<div id=\"ngg-image-0\" class=\"ngg-gallery-thumbnail-box\" >\n\t\t\t\t        <div class=\"ngg-gallery-thumbnail\">\n            <a href=\"https:\/\/www.freimarianne.ch\/wp-content\/gallery\/iseltwald-17-10-14\/IMG_6648.jpg\"\n               title=\"\"\n               data-src=\"https:\/\/www.freimarianne.ch\/wp-content\/gallery\/iseltwald-17-10-14\/IMG_6648.jpg\"\n               data-thumbnail=\"https:\/\/www.freimarianne.ch\/wp-content\/gallery\/iseltwald-17-10-14\/thumbs\/thumbs_IMG_6648.jpg\"\n               data-image-id=\"9691\"\n               data-title=\"IMG_6648\"\n               data-description=\"\"\n               data-image-slug=\"img_6648-3\"\n               class=\"shutterset_8028\">\n                <img\n                    title=\"IMG_6648\"\n                    alt=\"IMG_6648\"\n                    src=\"https:\/\/www.freimarianne.ch\/wp-content\/gallery\/iseltwald-17-10-14\/thumbs\/thumbs_IMG_6648.jpg\"\n                    width=\"100\"\n                    height=\"75\"\n                    style=\"max-width:100%;\"\n                \/>\n            <\/a>\n        <\/div>\n\t\t\t\t\t\t\t<\/div> \n\t\t\t\n        \n\t\t\t\t<div id=\"ngg-image-1\" class=\"ngg-gallery-thumbnail-box\" >\n\t\t\t\t        <div class=\"ngg-gallery-thumbnail\">\n            <a href=\"https:\/\/www.freimarianne.ch\/wp-content\/gallery\/iseltwald-17-10-14\/IMG_6649.jpg\"\n               title=\"\"\n               data-src=\"https:\/\/www.freimarianne.ch\/wp-content\/gallery\/iseltwald-17-10-14\/IMG_6649.jpg\"\n               data-thumbnail=\"https:\/\/www.freimarianne.ch\/wp-content\/gallery\/iseltwald-17-10-14\/thumbs\/thumbs_IMG_6649.jpg\"\n               data-image-id=\"9692\"\n               data-title=\"IMG_6649\"\n               data-description=\"\"\n               data-image-slug=\"img_6649\"\n               class=\"shutterset_8028\">\n                <img\n                    title=\"IMG_6649\"\n                    alt=\"IMG_6649\"\n                    src=\"https:\/\/www.freimarianne.ch\/wp-content\/gallery\/iseltwald-17-10-14\/thumbs\/thumbs_IMG_6649.jpg\"\n                    width=\"100\"\n                    height=\"75\"\n                    style=\"max-width:100%;\"\n                \/>\n            <\/a>\n        <\/div>\n\t\t\t\t\t\t\t<\/div> \n\t\t\t\n        \n\t\t\t\t<div id=\"ngg-image-2\" class=\"ngg-gallery-thumbnail-box\" >\n\t\t\t\t        <div class=\"ngg-gallery-thumbnail\">\n            <a href=\"https:\/\/www.freimarianne.ch\/wp-content\/gallery\/iseltwald-17-10-14\/IMG_6651.jpg\"\n               title=\"\"\n               data-src=\"https:\/\/www.freimarianne.ch\/wp-content\/gallery\/iseltwald-17-10-14\/IMG_6651.jpg\"\n               data-thumbnail=\"https:\/\/www.freimarianne.ch\/wp-content\/gallery\/iseltwald-17-10-14\/thumbs\/thumbs_IMG_6651.jpg\"\n               data-image-id=\"9693\"\n               data-title=\"IMG_6651\"\n               data-description=\"\"\n               data-image-slug=\"img_6651-3\"\n               class=\"shutterset_8028\">\n                <img\n                    title=\"IMG_6651\"\n                    alt=\"IMG_6651\"\n                    src=\"https:\/\/www.freimarianne.ch\/wp-content\/gallery\/iseltwald-17-10-14\/thumbs\/thumbs_IMG_6651.jpg\"\n                    width=\"100\"\n                    height=\"75\"\n                    style=\"max-width:100%;\"\n                \/>\n            <\/a>\n        <\/div>\n\t\t\t\t\t\t\t<\/div> \n\t\t\t\n        \n\t\t\t\t<div id=\"ngg-image-3\" class=\"ngg-gallery-thumbnail-box\" >\n\t\t\t\t        <div class=\"ngg-gallery-thumbnail\">\n            <a href=\"https:\/\/www.freimarianne.ch\/wp-content\/gallery\/iseltwald-17-10-14\/IMG_6653.jpg\"\n               title=\"\"\n               data-src=\"https:\/\/www.freimarianne.ch\/wp-content\/gallery\/iseltwald-17-10-14\/IMG_6653.jpg\"\n               data-thumbnail=\"https:\/\/www.freimarianne.ch\/wp-content\/gallery\/iseltwald-17-10-14\/thumbs\/thumbs_IMG_6653.jpg\"\n               data-image-id=\"9694\"\n               data-title=\"IMG_6653\"\n               data-description=\"\"\n               data-image-slug=\"img_6653-1\"\n               class=\"shutterset_8028\">\n                <img\n                    title=\"IMG_6653\"\n                    alt=\"IMG_6653\"\n                    src=\"https:\/\/www.freimarianne.ch\/wp-content\/gallery\/iseltwald-17-10-14\/thumbs\/thumbs_IMG_6653.jpg\"\n                    width=\"100\"\n                    height=\"75\"\n                    style=\"max-width:100%;\"\n                \/>\n            <\/a>\n        <\/div>\n\t\t\t\t\t\t\t<\/div> \n\t\t\t\n        \n\t\t\t\t<div id=\"ngg-image-4\" class=\"ngg-gallery-thumbnail-box\" >\n\t\t\t\t        <div class=\"ngg-gallery-thumbnail\">\n            <a href=\"https:\/\/www.freimarianne.ch\/wp-content\/gallery\/iseltwald-17-10-14\/IMG_6658.jpg\"\n               title=\"\"\n               data-src=\"https:\/\/www.freimarianne.ch\/wp-content\/gallery\/iseltwald-17-10-14\/IMG_6658.jpg\"\n               data-thumbnail=\"https:\/\/www.freimarianne.ch\/wp-content\/gallery\/iseltwald-17-10-14\/thumbs\/thumbs_IMG_6658.jpg\"\n               data-image-id=\"9695\"\n               data-title=\"IMG_6658\"\n               data-description=\"\"\n               data-image-slug=\"img_6658-1\"\n               class=\"shutterset_8028\">\n                <img\n                    title=\"IMG_6658\"\n                    alt=\"IMG_6658\"\n                    src=\"https:\/\/www.freimarianne.ch\/wp-content\/gallery\/iseltwald-17-10-14\/thumbs\/thumbs_IMG_6658.jpg\"\n                    width=\"100\"\n                    height=\"75\"\n                    style=\"max-width:100%;\"\n                \/>\n            <\/a>\n        <\/div>\n\t\t\t\t\t\t\t<\/div> \n\t\t\t\n        \n\t\t\t\t<div id=\"ngg-image-5\" class=\"ngg-gallery-thumbnail-box\" >\n\t\t\t\t        <div class=\"ngg-gallery-thumbnail\">\n            <a href=\"https:\/\/www.freimarianne.ch\/wp-content\/gallery\/iseltwald-17-10-14\/IMG_6661.jpg\"\n               title=\"\"\n               data-src=\"https:\/\/www.freimarianne.ch\/wp-content\/gallery\/iseltwald-17-10-14\/IMG_6661.jpg\"\n               data-thumbnail=\"https:\/\/www.freimarianne.ch\/wp-content\/gallery\/iseltwald-17-10-14\/thumbs\/thumbs_IMG_6661.jpg\"\n               data-image-id=\"9696\"\n               data-title=\"IMG_6661\"\n               data-description=\"\"\n               data-image-slug=\"img_6661\"\n               class=\"shutterset_8028\">\n                <img\n                    title=\"IMG_6661\"\n                    alt=\"IMG_6661\"\n                    src=\"https:\/\/www.freimarianne.ch\/wp-content\/gallery\/iseltwald-17-10-14\/thumbs\/thumbs_IMG_6661.jpg\"\n                    width=\"100\"\n                    height=\"75\"\n                    style=\"max-width:100%;\"\n                \/>\n            <\/a>\n        <\/div>\n\t\t\t\t\t\t\t<\/div> \n\t\t\t\n        \n\t\t\t\t<div id=\"ngg-image-6\" class=\"ngg-gallery-thumbnail-box\" >\n\t\t\t\t        <div class=\"ngg-gallery-thumbnail\">\n            <a href=\"https:\/\/www.freimarianne.ch\/wp-content\/gallery\/iseltwald-17-10-14\/IMG_6669.jpg\"\n               title=\"\"\n               data-src=\"https:\/\/www.freimarianne.ch\/wp-content\/gallery\/iseltwald-17-10-14\/IMG_6669.jpg\"\n               data-thumbnail=\"https:\/\/www.freimarianne.ch\/wp-content\/gallery\/iseltwald-17-10-14\/thumbs\/thumbs_IMG_6669.jpg\"\n               data-image-id=\"9697\"\n               data-title=\"IMG_6669\"\n               data-description=\"\"\n               data-image-slug=\"img_6669-1\"\n               class=\"shutterset_8028\">\n                <img\n                    title=\"IMG_6669\"\n                    alt=\"IMG_6669\"\n                    src=\"https:\/\/www.freimarianne.ch\/wp-content\/gallery\/iseltwald-17-10-14\/thumbs\/thumbs_IMG_6669.jpg\"\n                    width=\"100\"\n                    height=\"75\"\n                    style=\"max-width:100%;\"\n                \/>\n            <\/a>\n        <\/div>\n\t\t\t\t\t\t\t<\/div> \n\t\t\t\n        \n\t\t\n\t\t<!-- Pagination -->\n\t<div class='ngg-clear'><\/div>\t<\/div>\n<\/p>\n","protected":false},"excerpt":{"rendered":"<p>Wanderung von Interlaken &#8211; Ost \u00fcber B\u00f6nigen nach Iseltwald Wegen dem unsicheren Wetter planen wir heute einen langen Spaziergang am Brienzersee. Wir wandern von Interlaken Ost nach B\u00f6nigen, wobei wir den Einstieg in den Weg dem See entlang verpassen. Die Stimmung am See ist wundersch\u00f6n und die Sonne scheint. Nach B\u00f6nigen wollen wir den Wanderweg [&hellip;]<\/p>\n","protected":false},"author":1,"featured_media":0,"parent":6625,"menu_order":18,"comment_status":"closed","ping_status":"closed","template":"","meta":{"ngg_post_thumbnail":0},"_links":{"self":[{"href":"https:\/\/www.freimarianne.ch\/index.php?rest_route=\/wp\/v2\/pages\/7799"}],"collection":[{"href":"https:\/\/www.freimarianne.ch\/index.php?rest_route=\/wp\/v2\/pages"}],"about":[{"href":"https:\/\/www.freimarianne.ch\/index.php?rest_route=\/wp\/v2\/types\/page"}],"author":[{"embeddable":true,"href":"https:\/\/www.freimarianne.ch\/index.php?rest_route=\/wp\/v2\/users\/1"}],"replies":[{"embeddable":true,"href":"https:\/\/www.freimarianne.ch\/index.php?rest_route=%2Fwp%2Fv2%2Fcomments&post=7799"}],"version-history":[{"count":9,"href":"https:\/\/www.freimarianne.ch\/index.php?rest_route=\/wp\/v2\/pages\/7799\/revisions"}],"predecessor-version":[{"id":13688,"href":"https:\/\/www.freimarianne.ch\/index.php?rest_route=\/wp\/v2\/pages\/7799\/revisions\/13688"}],"up":[{"embeddable":true,"href":"https:\/\/www.freimarianne.ch\/index.php?rest_route=\/wp\/v2\/pages\/6625"}],"wp:attachment":[{"href":"https:\/\/www.freimarianne.ch\/index.php?rest_route=%2Fwp%2Fv2%2Fmedia&parent=7799"}],"curies":[{"name":"wp","href":"https:\/\/api.w.org\/{rel}","templated":true}]}}