{"id":9158,"date":"2015-01-29T10:11:03","date_gmt":"2015-01-29T09:11:03","guid":{"rendered":"http:\/\/www.freimarianne.ch\/?page_id=9158"},"modified":"2015-01-29T10:22:08","modified_gmt":"2015-01-29T09:22:08","slug":"belalp-vs-27-1-2015","status":"publish","type":"page","link":"https:\/\/www.freimarianne.ch\/?page_id=9158","title":{"rendered":"Belalp, VS 27.1.2015"},"content":{"rendered":"<p><strong>Winterwanderung auf der Belalp<\/strong><br \/>\nVon Alp B\u00e4ll 2047m \u00fcber die &#8220;Weisse Meile&#8221; auf Sch\u00f6nbiel 2300m und hinunter zur Bruchegg 2130m und hin\u00fcber zum Aletschbord und zur\u00fcck zur Gondelstation. Ein Tag mit vielen Wolken und minimaler Sicht.<br \/>\n<img loading=\"lazy\" class=\"alignleft size-full wp-image-9160\" src=\"http:\/\/www.freimarianne.ch\/wp-content\/uploads\/2015\/01\/IMG_3305_belalp_500.jpg\" alt=\"IMG_3305_belalp_500\" width=\"500\" height=\"333\" srcset=\"https:\/\/www.freimarianne.ch\/wp-content\/uploads\/2015\/01\/IMG_3305_belalp_500.jpg 500w, https:\/\/www.freimarianne.ch\/wp-content\/uploads\/2015\/01\/IMG_3305_belalp_500-300x199.jpg 300w, https:\/\/www.freimarianne.ch\/wp-content\/uploads\/2015\/01\/IMG_3305_belalp_500-450x300.jpg 450w\" sizes=\"(max-width: 500px) 100vw, 500px\" \/><\/p>\n<p>Wieder hoffe ich auf Sonnenschein. Die Wetterprognose verspricht Sonne und Wolken. Aber wie am Sonntag h\u00e4ngen die Wolken wieder in der H\u00f6he zwischen 2000m und 3000m.<br \/>\nIch komme um 10.40 h in Blatten an.<br \/>\nMit der Gondelbahn fahre ich hinauf zur Alp B\u00e4ll 2010m und mache dort einen Rundgang durch den Weiler und es gelingen mir einige gute Winterbilder. Ganz zaghaft zeigt sich n\u00e4mlich die Sonne, um dann wieder f\u00fcr Stunden zu verschwinden.<br \/>\nIch beschliesse, den Winterwanderweg &#8220;Weisse Meile&#8221; zu nehmen, der hinter der Sesselbahn beginnt und durch einsames Gel\u00e4nde f\u00fchrt.<br \/>\nDas Gehen auf der planierten Piste ist sehr m\u00fchsam und anstrengend, denn immer wieder sinke ich mit einem Fuss tief in den Schnee ein. Hier w\u00e4re ich besser dran mit Schneeschuhen!<br \/>\nIch sehe fast gar nichts. Nur hin und wieder tauchen kurz Bergspitzen zwischen den Nebelfetzen auf, um dann bald wieder zu verschwinden. Endlich bin ich oben auf Sch\u00f6nbiel 2300m, wo zwei Skilifte zusammen kommen. Nun sehe ich hin\u00fcber zum Aletschbord. Ich folge dem Pfad hinunter zur Brucheegg 2130m und habe dann keine Lust mehr, auf den Pfad vorbei am L\u00fcschersee, da ich genug habe vom tiefen Schnee. So gehe ich auf dem Wanderweg bis zum Aletschbord, wo ich kurz einen Ausblick habe auf einen kleinen besonnten Ausschnitt des Aletschgletscher. Meine Hoffnung heute noch Sonne zu sehen erf\u00fcllt sich erst unten in Blatten 1322m. In Blatten nehme ich den Bus um 14.45h, mit welchen ich einen direkten Zug um 15.20h von Brig nach Base habe.<\/p>\n<p>Laut Swissmap:<br \/>\nDistanz: 8.04km; Aufstieg: 455m; Abstieg: 481m; Marschzeit: 2.42 h.<br \/>\nIch war aber mehr als drei Stunden unterwegs.<\/p>\n<p><strong><!-- index.php -->\n<div\n\tclass=\"ngg-galleryoverview ngg-ajax-pagination-none\"\n\tid=\"ngg-gallery-9191-1\">\n\n    \t<div class=\"slideshowlink\">\n        <a href='https:\/\/www.freimarianne.ch\/index.php\/nggallery\/slideshow?page_id=9158'>[Show as slideshow]<\/a>\n\t\t\n\t<\/div>\n\t\t\t<!-- Thumbnails -->\n\t\t\t\t<div id=\"ngg-image-0\" class=\"ngg-gallery-thumbnail-box\" >\n\t\t\t\t        <div class=\"ngg-gallery-thumbnail\">\n            <a href=\"https:\/\/www.freimarianne.ch\/wp-content\/gallery\/belalp-27-1-15\/IMG_3288.jpg\"\n               title=\"\"\n               data-src=\"https:\/\/www.freimarianne.ch\/wp-content\/gallery\/belalp-27-1-15\/IMG_3288.jpg\"\n               data-thumbnail=\"https:\/\/www.freimarianne.ch\/wp-content\/gallery\/belalp-27-1-15\/thumbs\/thumbs_IMG_3288.jpg\"\n               data-image-id=\"10108\"\n               data-title=\"IMG_3288\"\n               data-description=\"\"\n               data-image-slug=\"img_3288-1\"\n               class=\"shutterset_9191\">\n                <img\n                    title=\"IMG_3288\"\n                    alt=\"IMG_3288\"\n                    src=\"https:\/\/www.freimarianne.ch\/wp-content\/gallery\/belalp-27-1-15\/thumbs\/thumbs_IMG_3288.jpg\"\n                    width=\"100\"\n                    height=\"75\"\n                    style=\"max-width:100%;\"\n                \/>\n            <\/a>\n        <\/div>\n\t\t\t\t\t\t\t<\/div> \n\t\t\t\n        \n\t\t\t\t<div id=\"ngg-image-1\" class=\"ngg-gallery-thumbnail-box\" >\n\t\t\t\t        <div class=\"ngg-gallery-thumbnail\">\n            <a href=\"https:\/\/www.freimarianne.ch\/wp-content\/gallery\/belalp-27-1-15\/IMG_3289.jpg\"\n               title=\"\"\n               data-src=\"https:\/\/www.freimarianne.ch\/wp-content\/gallery\/belalp-27-1-15\/IMG_3289.jpg\"\n               data-thumbnail=\"https:\/\/www.freimarianne.ch\/wp-content\/gallery\/belalp-27-1-15\/thumbs\/thumbs_IMG_3289.jpg\"\n               data-image-id=\"10109\"\n               data-title=\"IMG_3289\"\n               data-description=\"\"\n               data-image-slug=\"img_3289-1\"\n               class=\"shutterset_9191\">\n                <img\n                    title=\"IMG_3289\"\n                    alt=\"IMG_3289\"\n                    src=\"https:\/\/www.freimarianne.ch\/wp-content\/gallery\/belalp-27-1-15\/thumbs\/thumbs_IMG_3289.jpg\"\n                    width=\"100\"\n                    height=\"75\"\n                    style=\"max-width:100%;\"\n                \/>\n            <\/a>\n        <\/div>\n\t\t\t\t\t\t\t<\/div> \n\t\t\t\n        \n\t\t\t\t<div id=\"ngg-image-2\" class=\"ngg-gallery-thumbnail-box\" >\n\t\t\t\t        <div class=\"ngg-gallery-thumbnail\">\n            <a href=\"https:\/\/www.freimarianne.ch\/wp-content\/gallery\/belalp-27-1-15\/IMG_3291.jpg\"\n               title=\"\"\n               data-src=\"https:\/\/www.freimarianne.ch\/wp-content\/gallery\/belalp-27-1-15\/IMG_3291.jpg\"\n               data-thumbnail=\"https:\/\/www.freimarianne.ch\/wp-content\/gallery\/belalp-27-1-15\/thumbs\/thumbs_IMG_3291.jpg\"\n               data-image-id=\"10110\"\n               data-title=\"IMG_3291\"\n               data-description=\"\"\n               data-image-slug=\"img_3291-1\"\n               class=\"shutterset_9191\">\n                <img\n                    title=\"IMG_3291\"\n                    alt=\"IMG_3291\"\n                    src=\"https:\/\/www.freimarianne.ch\/wp-content\/gallery\/belalp-27-1-15\/thumbs\/thumbs_IMG_3291.jpg\"\n                    width=\"100\"\n                    height=\"75\"\n                    style=\"max-width:100%;\"\n                \/>\n            <\/a>\n        <\/div>\n\t\t\t\t\t\t\t<\/div> \n\t\t\t\n        \n\t\t\t\t<div id=\"ngg-image-3\" class=\"ngg-gallery-thumbnail-box\" >\n\t\t\t\t        <div class=\"ngg-gallery-thumbnail\">\n            <a href=\"https:\/\/www.freimarianne.ch\/wp-content\/gallery\/belalp-27-1-15\/IMG_3293.jpg\"\n               title=\"\"\n               data-src=\"https:\/\/www.freimarianne.ch\/wp-content\/gallery\/belalp-27-1-15\/IMG_3293.jpg\"\n               data-thumbnail=\"https:\/\/www.freimarianne.ch\/wp-content\/gallery\/belalp-27-1-15\/thumbs\/thumbs_IMG_3293.jpg\"\n               data-image-id=\"10111\"\n               data-title=\"IMG_3293\"\n               data-description=\"\"\n               data-image-slug=\"img_3293-1\"\n               class=\"shutterset_9191\">\n                <img\n                    title=\"IMG_3293\"\n                    alt=\"IMG_3293\"\n                    src=\"https:\/\/www.freimarianne.ch\/wp-content\/gallery\/belalp-27-1-15\/thumbs\/thumbs_IMG_3293.jpg\"\n                    width=\"100\"\n                    height=\"75\"\n                    style=\"max-width:100%;\"\n                \/>\n            <\/a>\n        <\/div>\n\t\t\t\t\t\t\t<\/div> \n\t\t\t\n        \n\t\t\t\t<div id=\"ngg-image-4\" class=\"ngg-gallery-thumbnail-box\" >\n\t\t\t\t        <div class=\"ngg-gallery-thumbnail\">\n            <a href=\"https:\/\/www.freimarianne.ch\/wp-content\/gallery\/belalp-27-1-15\/IMG_3297.jpg\"\n               title=\"\"\n               data-src=\"https:\/\/www.freimarianne.ch\/wp-content\/gallery\/belalp-27-1-15\/IMG_3297.jpg\"\n               data-thumbnail=\"https:\/\/www.freimarianne.ch\/wp-content\/gallery\/belalp-27-1-15\/thumbs\/thumbs_IMG_3297.jpg\"\n               data-image-id=\"10112\"\n               data-title=\"IMG_3297\"\n               data-description=\"\"\n               data-image-slug=\"img_3297\"\n               class=\"shutterset_9191\">\n                <img\n                    title=\"IMG_3297\"\n                    alt=\"IMG_3297\"\n                    src=\"https:\/\/www.freimarianne.ch\/wp-content\/gallery\/belalp-27-1-15\/thumbs\/thumbs_IMG_3297.jpg\"\n                    width=\"100\"\n                    height=\"75\"\n                    style=\"max-width:100%;\"\n                \/>\n            <\/a>\n        <\/div>\n\t\t\t\t\t\t\t<\/div> \n\t\t\t\n        \n\t\t\t\t<div id=\"ngg-image-5\" class=\"ngg-gallery-thumbnail-box\" >\n\t\t\t\t        <div class=\"ngg-gallery-thumbnail\">\n            <a href=\"https:\/\/www.freimarianne.ch\/wp-content\/gallery\/belalp-27-1-15\/IMG_3301.jpg\"\n               title=\"\"\n               data-src=\"https:\/\/www.freimarianne.ch\/wp-content\/gallery\/belalp-27-1-15\/IMG_3301.jpg\"\n               data-thumbnail=\"https:\/\/www.freimarianne.ch\/wp-content\/gallery\/belalp-27-1-15\/thumbs\/thumbs_IMG_3301.jpg\"\n               data-image-id=\"10113\"\n               data-title=\"IMG_3301\"\n               data-description=\"\"\n               data-image-slug=\"img_3301-1\"\n               class=\"shutterset_9191\">\n                <img\n                    title=\"IMG_3301\"\n                    alt=\"IMG_3301\"\n                    src=\"https:\/\/www.freimarianne.ch\/wp-content\/gallery\/belalp-27-1-15\/thumbs\/thumbs_IMG_3301.jpg\"\n                    width=\"100\"\n                    height=\"75\"\n                    style=\"max-width:100%;\"\n                \/>\n            <\/a>\n        <\/div>\n\t\t\t\t\t\t\t<\/div> \n\t\t\t\n        \n\t\t\t\t<div id=\"ngg-image-6\" class=\"ngg-gallery-thumbnail-box\" >\n\t\t\t\t        <div class=\"ngg-gallery-thumbnail\">\n            <a href=\"https:\/\/www.freimarianne.ch\/wp-content\/gallery\/belalp-27-1-15\/IMG_3309.jpg\"\n               title=\"\"\n               data-src=\"https:\/\/www.freimarianne.ch\/wp-content\/gallery\/belalp-27-1-15\/IMG_3309.jpg\"\n               data-thumbnail=\"https:\/\/www.freimarianne.ch\/wp-content\/gallery\/belalp-27-1-15\/thumbs\/thumbs_IMG_3309.jpg\"\n               data-image-id=\"10114\"\n               data-title=\"IMG_3309\"\n               data-description=\"\"\n               data-image-slug=\"img_3309\"\n               class=\"shutterset_9191\">\n                <img\n                    title=\"IMG_3309\"\n                    alt=\"IMG_3309\"\n                    src=\"https:\/\/www.freimarianne.ch\/wp-content\/gallery\/belalp-27-1-15\/thumbs\/thumbs_IMG_3309.jpg\"\n                    width=\"100\"\n                    height=\"75\"\n                    style=\"max-width:100%;\"\n                \/>\n            <\/a>\n        <\/div>\n\t\t\t\t\t\t\t<\/div> \n\t\t\t\n        \n\t\t\t\t<div id=\"ngg-image-7\" class=\"ngg-gallery-thumbnail-box\" >\n\t\t\t\t        <div class=\"ngg-gallery-thumbnail\">\n            <a href=\"https:\/\/www.freimarianne.ch\/wp-content\/gallery\/belalp-27-1-15\/IMG_3320.jpg\"\n               title=\"\"\n               data-src=\"https:\/\/www.freimarianne.ch\/wp-content\/gallery\/belalp-27-1-15\/IMG_3320.jpg\"\n               data-thumbnail=\"https:\/\/www.freimarianne.ch\/wp-content\/gallery\/belalp-27-1-15\/thumbs\/thumbs_IMG_3320.jpg\"\n               data-image-id=\"10115\"\n               data-title=\"IMG_3320\"\n               data-description=\"\"\n               data-image-slug=\"img_3320\"\n               class=\"shutterset_9191\">\n                <img\n                    title=\"IMG_3320\"\n                    alt=\"IMG_3320\"\n                    src=\"https:\/\/www.freimarianne.ch\/wp-content\/gallery\/belalp-27-1-15\/thumbs\/thumbs_IMG_3320.jpg\"\n                    width=\"100\"\n                    height=\"75\"\n                    style=\"max-width:100%;\"\n                \/>\n            <\/a>\n        <\/div>\n\t\t\t\t\t\t\t<\/div> \n\t\t\t\n        \n\t\t\t\t<div id=\"ngg-image-8\" class=\"ngg-gallery-thumbnail-box\" >\n\t\t\t\t        <div class=\"ngg-gallery-thumbnail\">\n            <a href=\"https:\/\/www.freimarianne.ch\/wp-content\/gallery\/belalp-27-1-15\/IMG_3325.jpg\"\n               title=\"\"\n               data-src=\"https:\/\/www.freimarianne.ch\/wp-content\/gallery\/belalp-27-1-15\/IMG_3325.jpg\"\n               data-thumbnail=\"https:\/\/www.freimarianne.ch\/wp-content\/gallery\/belalp-27-1-15\/thumbs\/thumbs_IMG_3325.jpg\"\n               data-image-id=\"10116\"\n               data-title=\"IMG_3325\"\n               data-description=\"\"\n               data-image-slug=\"img_3325-3\"\n               class=\"shutterset_9191\">\n                <img\n                    title=\"IMG_3325\"\n                    alt=\"IMG_3325\"\n                    src=\"https:\/\/www.freimarianne.ch\/wp-content\/gallery\/belalp-27-1-15\/thumbs\/thumbs_IMG_3325.jpg\"\n                    width=\"100\"\n                    height=\"75\"\n                    style=\"max-width:100%;\"\n                \/>\n            <\/a>\n        <\/div>\n\t\t\t\t\t\t\t<\/div> \n\t\t\t\n        \n\t\t\t\t<div id=\"ngg-image-9\" class=\"ngg-gallery-thumbnail-box\" >\n\t\t\t\t        <div class=\"ngg-gallery-thumbnail\">\n            <a href=\"https:\/\/www.freimarianne.ch\/wp-content\/gallery\/belalp-27-1-15\/IMG_3331.jpg\"\n               title=\"\"\n               data-src=\"https:\/\/www.freimarianne.ch\/wp-content\/gallery\/belalp-27-1-15\/IMG_3331.jpg\"\n               data-thumbnail=\"https:\/\/www.freimarianne.ch\/wp-content\/gallery\/belalp-27-1-15\/thumbs\/thumbs_IMG_3331.jpg\"\n               data-image-id=\"10117\"\n               data-title=\"IMG_3331\"\n               data-description=\"\"\n               data-image-slug=\"img_3331\"\n               class=\"shutterset_9191\">\n                <img\n                    title=\"IMG_3331\"\n                    alt=\"IMG_3331\"\n                    src=\"https:\/\/www.freimarianne.ch\/wp-content\/gallery\/belalp-27-1-15\/thumbs\/thumbs_IMG_3331.jpg\"\n                    width=\"100\"\n                    height=\"75\"\n                    style=\"max-width:100%;\"\n                \/>\n            <\/a>\n        <\/div>\n\t\t\t\t\t\t\t<\/div> \n\t\t\t\n        \n\t\t\t\t<div id=\"ngg-image-10\" class=\"ngg-gallery-thumbnail-box\" >\n\t\t\t\t        <div class=\"ngg-gallery-thumbnail\">\n            <a href=\"https:\/\/www.freimarianne.ch\/wp-content\/gallery\/belalp-27-1-15\/IMG_3332.jpg\"\n               title=\"\"\n               data-src=\"https:\/\/www.freimarianne.ch\/wp-content\/gallery\/belalp-27-1-15\/IMG_3332.jpg\"\n               data-thumbnail=\"https:\/\/www.freimarianne.ch\/wp-content\/gallery\/belalp-27-1-15\/thumbs\/thumbs_IMG_3332.jpg\"\n               data-image-id=\"10118\"\n               data-title=\"IMG_3332\"\n               data-description=\"\"\n               data-image-slug=\"img_3332\"\n               class=\"shutterset_9191\">\n                <img\n                    title=\"IMG_3332\"\n                    alt=\"IMG_3332\"\n                    src=\"https:\/\/www.freimarianne.ch\/wp-content\/gallery\/belalp-27-1-15\/thumbs\/thumbs_IMG_3332.jpg\"\n                    width=\"100\"\n                    height=\"75\"\n                    style=\"max-width:100%;\"\n                \/>\n            <\/a>\n        <\/div>\n\t\t\t\t\t\t\t<\/div> \n\t\t\t\n        \n\t\t\t\t<div id=\"ngg-image-11\" class=\"ngg-gallery-thumbnail-box\" >\n\t\t\t\t        <div class=\"ngg-gallery-thumbnail\">\n            <a href=\"https:\/\/www.freimarianne.ch\/wp-content\/gallery\/belalp-27-1-15\/IMG_3336.jpg\"\n               title=\"\"\n               data-src=\"https:\/\/www.freimarianne.ch\/wp-content\/gallery\/belalp-27-1-15\/IMG_3336.jpg\"\n               data-thumbnail=\"https:\/\/www.freimarianne.ch\/wp-content\/gallery\/belalp-27-1-15\/thumbs\/thumbs_IMG_3336.jpg\"\n               data-image-id=\"10119\"\n               data-title=\"IMG_3336\"\n               data-description=\"\"\n               data-image-slug=\"img_3336\"\n               class=\"shutterset_9191\">\n                <img\n                    title=\"IMG_3336\"\n                    alt=\"IMG_3336\"\n                    src=\"https:\/\/www.freimarianne.ch\/wp-content\/gallery\/belalp-27-1-15\/thumbs\/thumbs_IMG_3336.jpg\"\n                    width=\"100\"\n                    height=\"75\"\n                    style=\"max-width:100%;\"\n                \/>\n            <\/a>\n        <\/div>\n\t\t\t\t\t\t\t<\/div> \n\t\t\t\n        \n\t\t\n\t\t<!-- Pagination -->\n\t<div class='ngg-clear'><\/div>\t<\/div>\n<\/strong><\/p>\n","protected":false},"excerpt":{"rendered":"<p>Winterwanderung auf der Belalp Von Alp B\u00e4ll 2047m \u00fcber die &#8220;Weisse Meile&#8221; auf Sch\u00f6nbiel 2300m und hinunter zur Bruchegg 2130m und hin\u00fcber zum Aletschbord und zur\u00fcck zur Gondelstation. Ein Tag mit vielen Wolken und minimaler Sicht. Wieder hoffe ich auf Sonnenschein. Die Wetterprognose verspricht Sonne und Wolken. Aber wie am Sonntag h\u00e4ngen die Wolken wieder [&hellip;]<\/p>\n","protected":false},"author":1,"featured_media":0,"parent":8619,"menu_order":10,"comment_status":"closed","ping_status":"closed","template":"","meta":{"ngg_post_thumbnail":0},"_links":{"self":[{"href":"https:\/\/www.freimarianne.ch\/index.php?rest_route=\/wp\/v2\/pages\/9158"}],"collection":[{"href":"https:\/\/www.freimarianne.ch\/index.php?rest_route=\/wp\/v2\/pages"}],"about":[{"href":"https:\/\/www.freimarianne.ch\/index.php?rest_route=\/wp\/v2\/types\/page"}],"author":[{"embeddable":true,"href":"https:\/\/www.freimarianne.ch\/index.php?rest_route=\/wp\/v2\/users\/1"}],"replies":[{"embeddable":true,"href":"https:\/\/www.freimarianne.ch\/index.php?rest_route=%2Fwp%2Fv2%2Fcomments&post=9158"}],"version-history":[{"count":7,"href":"https:\/\/www.freimarianne.ch\/index.php?rest_route=\/wp\/v2\/pages\/9158\/revisions"}],"predecessor-version":[{"id":9193,"href":"https:\/\/www.freimarianne.ch\/index.php?rest_route=\/wp\/v2\/pages\/9158\/revisions\/9193"}],"up":[{"embeddable":true,"href":"https:\/\/www.freimarianne.ch\/index.php?rest_route=\/wp\/v2\/pages\/8619"}],"wp:attachment":[{"href":"https:\/\/www.freimarianne.ch\/index.php?rest_route=%2Fwp%2Fv2%2Fmedia&parent=9158"}],"curies":[{"name":"wp","href":"https:\/\/api.w.org\/{rel}","templated":true}]}}